-- Started: 2023-09-25 08:55:38
-- -----------------------------------
-- Dumping table arteast_filters
-- -----------------------------------
CREATE TABLE `arteast_filters` (
  `id` int(11) NOT NULL AUTO_INCREMENT,
  `section_id` int(11) NOT NULL,
  `property_type` varchar(255) COLLATE utf8_unicode_ci NOT NULL,
  `property_name` varchar(255) COLLATE utf8_unicode_ci NOT NULL,
  `property_desc` varchar(255) COLLATE utf8_unicode_ci NOT NULL,
  PRIMARY KEY (`id`)
) ENGINE=InnoDB AUTO_INCREMENT=19 DEFAULT CHARSET=utf8 COLLATE=utf8_unicode_ci;

INSERT INTO `arteast_filters` VALUES
(10, 93, 'L,L,L,N,L,L,L', 'CML2_MANUFACTURER,TIP_TEPLOOBMENNIKA,TIP_KOTLA,MOSHCHNOST_KVT,TIP_KAMERY_SGORANIYA,SPOSOB_USTANOVKI,TSVET_7', 'Производитель,Тип теплообменника,Тип котла,Мощность кВт.,Тип камеры сгорания,Способ установки,Цвет'),
(11, 80, '', '', ''),
(12, 117, 'L,N,N,L', 'TIP_ZADVIZHKI_3,DIAMETR_60,DAVLENIE_9,CML2_MANUFACTURER', 'Тип задвижки,Диаметр,Давление,Производитель'),
(13, 118, 'L', 'CML2_MANUFACTURER', 'Производитель'),
(14, 119, 'L,N,N,L', 'TIP_ZADVIZHKI_1,DIAMETR_58,DAVLENIE_7,CML2_MANUFACTURER', 'Производитель,Диаметр,Давление,Производитель'),
(15, 122, 'L,L,L,L', 'TIP_PRISOEDINENIYA,POD_ZADVIZHKU,DAVLENIE_10,PROIZVODITEL_5', 'Тип присоединения,Модель крана,Давление,Производитель'),
(16, 124, 'N,L,L,L,L', 'DIAMETR_74,TIP_PRISOEDINENIYA,POD_ZADVIZHKU,DAVLENIE_10,CML2_MANUFACTURER', 'Диаметр,Тип присоединения,Модель крана,Давление,Производитель'),
(17, 125, 'L,L', 'MODEL,CML2_MANUFACTURER', 'Модель,Производитель'),
(18, 126, 'L,L', 'TIP_KRANA,CML2_MANUFACTURER', 'Тип крана,Производитель');
-- -----------------------------------
-- Dumping table b_admin_notify
-- -----------------------------------
CREATE TABLE `b_admin_notify` (
  `ID` int(18) NOT NULL AUTO_INCREMENT,
  `MODULE_ID` varchar(50) COLLATE utf8_unicode_ci DEFAULT NULL,
  `TAG` varchar(255) COLLATE utf8_unicode_ci DEFAULT NULL,
  `MESSAGE` text COLLATE utf8_unicode_ci,
  `ENABLE_CLOSE` char(1) COLLATE utf8_unicode_ci DEFAULT 'Y',
  `PUBLIC_SECTION` char(1) COLLATE utf8_unicode_ci NOT NULL DEFAULT 'N',
  `NOTIFY_TYPE` char(1) COLLATE utf8_unicode_ci NOT NULL DEFAULT 'M',
  PRIMARY KEY (`ID`),
  KEY `IX_AD_TAG` (`TAG`)
) ENGINE=InnoDB DEFAULT CHARSET=utf8 COLLATE=utf8_unicode_ci;

-- -----------------------------------
-- Dumping table b_admin_notify_lang
-- -----------------------------------
CREATE TABLE `b_admin_notify_lang` (
  `ID` int(18) NOT NULL AUTO_INCREMENT,
  `NOTIFY_ID` int(18) NOT NULL,
  `LID` char(2) COLLATE utf8_unicode_ci NOT NULL,
  `MESSAGE` text COLLATE utf8_unicode_ci,
  PRIMARY KEY (`ID`),
  UNIQUE KEY `IX_ADM_NTFY_LANG` (`NOTIFY_ID`,`LID`),
  KEY `IX_ADM_NTFY_LID` (`LID`)
) ENGINE=InnoDB DEFAULT CHARSET=utf8 COLLATE=utf8_unicode_ci;

-- -----------------------------------
-- Dumping table b_agent
-- -----------------------------------
CREATE TABLE `b_agent` (
  `ID` int(18) NOT NULL AUTO_INCREMENT,
  `MODULE_ID` varchar(50) COLLATE utf8_unicode_ci DEFAULT NULL,
  `SORT` int(18) NOT NULL DEFAULT '100',
  `NAME` text COLLATE utf8_unicode_ci,
  `ACTIVE` char(1) COLLATE utf8_unicode_ci NOT NULL DEFAULT 'Y',
  `LAST_EXEC` datetime DEFAULT NULL,
  `NEXT_EXEC` datetime NOT NULL,
  `DATE_CHECK` datetime DEFAULT NULL,
  `AGENT_INTERVAL` int(18) DEFAULT '86400',
  `IS_PERIOD` char(1) COLLATE utf8_unicode_ci DEFAULT 'Y',
  `USER_ID` int(18) DEFAULT NULL,
  `RUNNING` char(1) COLLATE utf8_unicode_ci NOT NULL DEFAULT 'N',
  `RETRY_COUNT` int(11) DEFAULT NULL,
  PRIMARY KEY (`ID`),
  KEY `ix_act_next_exec` (`ACTIVE`,`NEXT_EXEC`),
  KEY `ix_agent_user_id` (`USER_ID`),
  KEY `ix_agent_name` (`NAME`(100)),
  KEY `ix_agent_act_period_next_exec` (`ACTIVE`,`IS_PERIOD`,`NEXT_EXEC`)
) ENGINE=InnoDB AUTO_INCREMENT=7111 DEFAULT CHARSET=utf8 COLLATE=utf8_unicode_ci;

INSERT INTO `b_agent` VALUES
(1, 'main', 100, 'CEvent::CleanUpAgent();', 'Y', '2023-09-25 00:03:31', '2023-09-26 00:00:00', NULL, 86400, 'Y', NULL, 'N', 0),
(2, 'main', 100, 'CUser::CleanUpHitAuthAgent();', 'Y', '2023-09-25 00:03:31', '2023-09-26 00:00:00', NULL, 86400, 'Y', NULL, 'N', 0),
(3, 'main', 100, 'CCaptchaAgent::DeleteOldCaptcha(3600);', 'Y', '2023-01-19 13:07:02', '2023-01-19 14:07:02', NULL, 3600, 'N', NULL, 'N', 0),
(4, 'main', 100, 'CUndo::CleanUpOld();', 'Y', '2023-09-25 00:03:31', '2023-09-26 00:00:00', NULL, 86400, 'Y', NULL, 'N', 0),
(5, 'main', 100, 'CSiteCheckerTest::CommonTest();', 'Y', '2023-01-19 07:41:02', '2023-01-20 07:41:02', NULL, 86400, 'N', NULL, 'N', 0),
(6, 'main', 100, '\\Bitrix\\Main\\Analytics\\CounterDataTable::submitData();', 'Y', '2023-01-19 13:29:02', '2023-01-19 13:30:02', NULL, 60, 'N', NULL, 'N', 0),
(7, 'catalog', 100, '\\Bitrix\\Catalog\\CatalogViewedProductTable::clearAgent();', 'Y', '2023-01-15 07:29:02', '2023-01-20 07:29:02', NULL, 432000, 'N', NULL, 'N', 0),
(8, 'currency', 100, '\\Bitrix\\Currency\\CurrencyManager::currencyBaseRateAgent();', 'Y', '2023-09-25 00:03:31', '2023-09-26 00:01:00', NULL, 86400, 'Y', NULL, 'N', 0),
(9, 'forum', 100, 'CForumStat::CleanUp();', 'Y', '2023-01-19 07:41:02', '2023-01-20 07:41:02', NULL, 86400, 'N', NULL, 'N', 0),
(10, 'forum', 100, 'CForumFiles::CleanUp();', 'Y', '2023-01-19 07:41:02', '2023-01-20 07:41:02', NULL, 86400, 'N', NULL, 'N', 0),
(14, 'sale', 100, 'CSaleRecurring::AgentCheckRecurring();', 'Y', '2023-01-19 12:57:02', '2023-01-19 14:57:02', NULL, 7200, 'N', NULL, 'N', 0),
(16, 'sale', 100, 'CSaleViewedProduct::ClearViewed();', 'Y', '2023-01-19 07:41:02', '2023-01-20 07:41:02', NULL, 86400, 'N', NULL, 'N', 0),
(20, 'search', 10, 'CSearchSuggest::CleanUpAgent();', 'Y', '2023-01-19 08:05:02', '2023-01-20 08:05:02', NULL, 86400, 'N', NULL, 'N', 0),
(21, 'search', 10, 'CSearchStatistic::CleanUpAgent();', 'Y', '2023-01-19 08:05:02', '2023-01-20 08:05:02', NULL, 86400, 'N', NULL, 'N', 0),
(24, 'security', 100, 'CSecurityIPRule::CleanUpAgent();', 'Y', '2023-01-19 13:08:02', '2023-01-19 14:08:02', NULL, 3600, 'N', NULL, 'N', 0),
(28, 'seo', 100, 'Bitrix\\Seo\\Engine\\YandexDirect::updateAgent();', 'Y', '2023-01-19 12:30:03', '2023-01-19 13:30:03', NULL, 3600, 'N', NULL, 'N', 0),
(29, 'seo', 100, 'Bitrix\\Seo\\Adv\\LogTable::clean();', 'Y', '2023-01-19 07:57:02', '2023-01-20 07:57:02', NULL, 86400, 'N', NULL, 'N', 0),
(32, 'storeassist', 100, 'CStoreAssist::AgentCountDayOrders();', 'Y', '2023-01-19 08:02:02', '2023-01-20 08:02:02', NULL, 86400, 'N', NULL, 'N', 0),
(34, 'subscribe', 100, 'CSubscription::CleanUp();', 'Y', '2023-09-25 03:04:03', '2023-09-26 03:00:00', NULL, 86400, 'Y', NULL, 'N', 0),
(37, 'pull', 100, 'CPullChannel::CheckExpireAgent();', 'Y', '2023-01-19 08:02:02', '2023-01-19 20:02:02', NULL, 43200, 'N', NULL, 'N', 0),
(39, 'pull', 100, 'CPullWatch::CheckExpireAgent();', 'Y', '2023-01-19 13:19:02', '2023-01-19 13:39:02', NULL, 600, 'N', NULL, 'N', 0),
(41, 'main', 100, 'CEventLog::CleanUpAgent();', 'Y', '2023-01-19 08:02:02', '2023-01-20 08:02:02', NULL, 86400, 'N', NULL, 'N', 0),
(59, 'seo', 100, 'Bitrix\\Seo\\Adv\\Auto::checkQuantityAgent();', 'Y', '2023-01-19 12:30:03', '2023-01-19 13:30:03', NULL, 3600, 'N', NULL, 'N', 0),
(62, 'main', 100, 'CUserCounter::DeleteOld();', 'Y', '2023-01-19 08:02:02', '2023-01-20 08:02:02', NULL, 86400, 'N', NULL, 'N', 0),
(91, 'main', 100, 'CUser::AuthActionsCleanUpAgent();', 'Y', '2023-01-19 08:02:02', '2023-01-20 08:02:02', NULL, 86400, 'N', NULL, 'N', 0),
(443, 'sale', 100, '\\Bitrix\\Sale\\Product2ProductTable::addProductsByAgent(100);', 'Y', '2023-01-19 08:05:02', '2023-01-20 08:05:02', NULL, 86400, 'N', NULL, 'N', 0),
(662, 'rest', 100, 'Bitrix\\Rest\\Marketplace\\Client::getNumUpdates();', 'Y', '2023-01-19 08:05:02', '2023-01-20 08:05:02', NULL, 86400, 'N', NULL, 'N', 0),
(663, 'rest', 100, '\\Bitrix\\Rest\\EventOfflineTable::cleanProcessAgent();', 'Y', '2023-01-19 08:05:02', '2023-01-20 08:05:02', NULL, 86400, 'N', NULL, 'N', 0),
(664, 'main', 100, '\\Bitrix\\Main\\UI\\Viewer\\FilePreviewTable::deleteOldAgent(22, 20);', 'Y', '2023-01-19 08:05:02', '2023-01-20 08:05:02', NULL, 1800, 'N', NULL, 'N', 0),
(670, 'landing', 100, 'Bitrix\\Landing\\Agent::clearRecycle();', 'Y', '2023-01-19 11:33:03', '2023-01-19 13:33:03', NULL, 7200, 'N', NULL, 'N', 0),
(671, 'landing', 100, 'Bitrix\\Landing\\Agent::clearFiles(30);', 'Y', '2023-01-19 12:30:03', '2023-01-19 13:30:03', NULL, 3600, 'N', NULL, 'N', 0),
(681, 'main', 100, '\\Bitrix\\Main\\UI\\Viewer\\FilePreviewTable::deleteOldAgent(22, 20);', 'Y', '2023-01-19 08:05:02', '2023-01-20 08:05:02', NULL, 86400, 'N', NULL, 'N', 0),
(687, 'landing', 100, 'Bitrix\\Landing\\Agent::clearFiles(30);', 'Y', '2023-01-19 12:30:03', '2023-01-19 13:30:03', NULL, 3600, 'N', NULL, 'N', 0),
(1565, 'sale', 100, 'CSaleOrder::RemindPayment();', 'Y', '2022-07-14 12:57:02', '2022-07-15 12:57:02', '2022-07-15 13:38:02', 86400, 'N', NULL, 'Y', 0),
(1566, 'sale', 100, '\\Bitrix\\Sale\\Product2ProductTable::deleteOldProducts(10);', 'Y', '2023-01-10 07:28:02', '2023-01-20 07:28:02', NULL, 864000, 'N', NULL, 'N', 0),
(1626, 'main', 100, '\\Bitrix\\Main\\UI\\Viewer\\FilePreviewTable::deleteOldAgent(22, 20);', 'Y', '2023-01-19 08:02:02', '2023-01-20 08:02:02', NULL, 86400, 'N', NULL, 'N', 0),
(1631, 'rest', 100, '\\Bitrix\\Rest\\StatTable::cleanUpAgent();', 'Y', '2023-01-19 08:02:02', '2023-01-20 08:02:02', NULL, 86400, 'N', NULL, 'N', 0),
(1928, 'main', 100, 'CUser::CleanUpAgent();', 'Y', '2023-01-19 08:02:02', '2023-01-20 08:02:02', NULL, 86400, 'N', NULL, 'N', 0),
(1929, 'main', 100, 'CUser::DeactivateAgent();', 'Y', '2023-01-19 08:02:02', '2023-01-20 08:02:02', NULL, 86400, 'N', NULL, 'N', 0),
(1956, 'clouds', 100, 'CCloudStorage::CleanUp();', 'Y', '2023-01-19 08:05:02', '2023-01-20 08:05:02', NULL, 86400, 'N', NULL, 'N', 0),
(4306, 'security', 100, 'CSecuritySession::CleanUpAgent();', 'Y', '2023-01-19 13:27:02', '2023-01-19 13:57:02', NULL, 1800, 'N', NULL, 'N', 0),
(4328, 'bizproc', 100, '\\CBPDocument::sendB24LimitsNotifyToAdmins();', 'Y', NULL, '2022-07-15 00:00:00', '2023-01-19 13:37:02', 43200, 'N', NULL, 'N', NULL),
(4333, 'calendar', 100, 'Bitrix\\Calendar\\Update\\GoogleDublicatesCleaner::doCheckAndClean();', 'Y', NULL, '2022-07-15 00:00:00', '2023-01-19 13:37:02', 420, 'N', NULL, 'N', NULL),
(4336, 'im', 100, '\\Bitrix\\Im\\Disk\\NoRelationPermission::cleaningAgent();', 'Y', NULL, '2022-07-15 08:49:31', '2023-01-19 13:37:02', 3600, 'N', NULL, 'N', NULL),
(4339, 'im', 100, 'CIMChat::InstallGeneralChat(true);', 'Y', NULL, '2022-07-15 09:04:43', '2023-01-19 13:37:02', 900, 'N', NULL, 'N', NULL),
(4341, 'im', 100, 'Bitrix\\Im\\Update\\MessageIndex::execAgent();', 'Y', NULL, '2022-07-15 08:59:55', '2023-09-25 08:55:37', 1, 'Y', NULL, 'N', NULL),
(4351, 'rest', 100, '\\Bitrix\\Rest\\Configuration\\Helper::sendStatisticAgent();', 'Y', '2023-01-19 08:05:02', '2023-01-20 08:05:02', NULL, 86400, 'N', NULL, 'N', 0),
(4352, 'rest', 100, '\\Bitrix\\Rest\\Configuration\\Structure::clearContentAgent();', 'Y', '2023-01-19 07:41:02', '2023-01-20 07:41:02', NULL, 86400, 'N', NULL, 'N', 0),
(4362, 'rest', 100, '\\Bitrix\\Rest\\UsageStatTable::sendAgent();', 'Y', '2023-01-19 13:07:02', '2023-01-19 14:07:02', NULL, 3600, 'N', NULL, 'N', 0),
(4363, 'rest', 100, '\\Bitrix\\Rest\\UsageStatTable::cleanUpAgent();', 'Y', '2023-01-19 13:07:02', '2023-01-19 14:07:02', NULL, 3600, 'N', NULL, 'N', 0),
(4368, 'landing', 100, 'Bitrix\\Landing\\Agent::sendRestStatistic();', 'Y', '2023-01-19 07:43:02', '2023-01-20 07:43:02', NULL, 86400, 'N', NULL, 'N', 0),
(4372, 'rest', 100, '\\Bitrix\\Rest\\Marketplace\\Immune::load();', 'Y', '2023-01-19 07:57:02', '2023-01-20 07:57:02', NULL, 86400, 'N', NULL, 'N', 0),
(4373, 'rest', 100, '\\Bitrix\\Rest\\Marketplace\\Notification::checkAgent();', 'Y', '2023-01-19 07:57:02', '2023-01-20 07:57:02', NULL, 86400, 'N', NULL, 'N', 0),
(4392, 'im', 100, '\\Bitrix\\Im\\Chat::checkReplicaDeprecatedAgent();', 'Y', NULL, '2022-07-15 10:27:28', '2023-09-25 08:55:37', 3600, 'Y', NULL, 'N', NULL),
(4399, 'landing', 100, 'Bitrix\\Landing\\Agent::clearTempFiles();', 'Y', '2023-01-19 08:02:02', '2023-01-20 08:02:02', NULL, 86400, 'N', NULL, 'N', 0),
(4401, 'im', 100, 'Bitrix\\Im\\Update\\ChatConfigConverter::execAgent();', 'Y', NULL, '2022-07-15 09:36:19', '2023-09-25 08:55:37', 1, 'Y', NULL, 'N', NULL),
(4409, 'calendar', 100, '\\Bitrix\\Calendar\\Update\\InitLocalDataToGoogle::execAgent();', 'Y', NULL, '2022-07-15 13:02:22', '2023-09-25 08:55:37', 1, 'Y', NULL, 'N', NULL),
(4411, 'calendar', 100, '\\Bitrix\\Calendar\\Update\\SectionStructureUpdate::execAgent();', 'Y', NULL, '2022-07-15 09:43:43', '2023-09-25 08:55:37', 1, 'Y', NULL, 'N', NULL),
(4412, 'calendar', 100, '\\Bitrix\\Calendar\\Update\\CorrectEventInGoogle::execAgent();', 'Y', NULL, '2022-07-15 14:38:44', '2023-09-25 08:55:37', 1, 'Y', NULL, 'N', NULL),
(4413, 'calendar', 100, '\\Bitrix\\Calendar\\Update\\EventWithLocationUpdate::execAgent();', 'Y', NULL, '2022-07-15 11:38:44', '2023-09-25 08:55:37', 1, 'Y', NULL, 'N', NULL),
(4416, 'sender', 100, '\\Bitrix\\Sender\\Posting\\SegmentDataBuilder::checkNotCompleted();', 'Y', '2023-01-19 13:29:02', '2023-01-19 13:30:02', NULL, 60, 'N', NULL, 'N', 0),
(4424, 'sale', 100, '\\Bitrix\\Sale\\Internals\\Analytics\\Storage::cleanUpAgent();', 'Y', '2023-09-24 10:44:27', '2023-09-25 10:39:48', NULL, 86400, 'Y', NULL, 'N', 0),
(4426, 'rest', 100, '\\Bitrix\\Rest\\Helper::recoveryAgents();', 'Y', '2023-01-16 07:27:02', '2023-01-23 07:27:02', NULL, 604800, 'N', NULL, 'N', 0),
(5505, 'main', 100, 'Bitrix\\Main\\Mail\\EventManager::cleanUpAttachmentAgent();', 'Y', NULL, '2023-01-20 00:00:00', NULL, 60, 'N', NULL, 'N', NULL),
(5551, 'pull', 100, 'CPullChannel::CheckOnlineChannel();', 'Y', NULL, '2023-02-07 09:57:47', NULL, 240, 'N', NULL, 'N', NULL),
(6500, 'messageservice', 100, '\\Bitrix\\MessageService\\Update\\SettingsEncryptor::execAgent();', 'Y', NULL, '2023-06-14 13:26:08', '2023-09-25 08:55:37', 1, 'Y', NULL, 'N', NULL),
(6502, 'ui', 100, '\\Bitrix\\UI\\FileUploader\\TempFileAgent::clearOldRecords();', 'Y', NULL, '2023-06-14 13:26:28', NULL, 1800, 'N', NULL, 'N', NULL),
(6507, 'location', 100, '\\Bitrix\\Location\\Infrastructure\\DataInstaller::installAreasAgent();', 'Y', NULL, '2023-06-14 13:18:16', NULL, 60, 'N', NULL, 'N', NULL),
(6508, 'pull', 100, 'CPullOptions::ClearAgent();', 'Y', NULL, '2023-06-14 13:17:49', NULL, 30, 'N', NULL, 'N', NULL),
(6509, 'location', 100, '\\Bitrix\\Location\\Source\\Osm\\Configurer::configure();', 'Y', NULL, '2023-06-14 13:27:19', NULL, 60, 'N', NULL, 'N', NULL),
(6516, 'calendar', 100, '\\Bitrix\\Calendar\\Sync\\Office365\\SectionManager::updateSectionsAgent();', 'Y', NULL, '2023-06-14 00:00:00', NULL, 3600, 'N', NULL, 'N', NULL),
(6517, 'calendar', 100, '\\Bitrix\\Calendar\\Update\\GoogleToNewSync::execAgent();', 'Y', NULL, '2023-06-14 13:28:31', '2023-09-25 08:55:37', 1, 'Y', NULL, 'N', NULL),
(6518, 'calendar', 100, 'Bitrix\\Calendar\\Core\\Queue\\Agent\\PushDelayedSectionAgent::runAgent();', 'Y', NULL, '2023-06-14 12:18:43', NULL, 3600, 'N', NULL, 'N', NULL),
(6519, 'calendar', 100, 'Bitrix\\Calendar\\Core\\Queue\\Agent\\PushDelayedConnectionAgent::runAgent();', 'Y', NULL, '2023-06-14 12:18:43', NULL, 3600, 'N', NULL, 'N', NULL),
(6521, 'im', 100, '\\Bitrix\\Im\\Update\\ChatConfigConnectionsRestorer::execAgent();', 'Y', NULL, '2023-06-14 13:29:02', '2023-09-25 08:55:37', 1, 'Y', NULL, 'N', NULL),
(6527, 'main', 100, 'CSmile::moveSmilesToUploadAgent();', 'Y', NULL, '2023-06-14 13:21:23', NULL, 60, 'N', NULL, 'N', NULL),
(6528, 'main', 100, 'CFile::DeleteHashAgent();', 'Y', NULL, '2023-06-14 13:30:30', NULL, 60, 'N', NULL, 'N', NULL),
(6529, 'main', 100, 'CSiteCheckerTest::PhpTestAgent();', 'Y', NULL, '2023-06-15 06:00:00', NULL, 86400, 'N', NULL, 'N', NULL),
(6530, 'im', 100, '\\Bitrix\\Im\\Update\\Settings::cleanCacheAgent();', 'Y', NULL, '2023-06-14 13:30:41', NULL, 60, 'N', NULL, 'N', NULL),
(6534, 'sale', 100, '\\Bitrix\\Sale\\Update\\CheckoutWebhookRegistrationAgent::exec();', 'Y', NULL, '2023-06-14 13:31:27', NULL, 60, 'N', NULL, 'N', NULL),
(7110, 'sale', 100, '\\Bitrix\\Sale\\Internals\\Analytics\\Agent::send();', 'Y', NULL, '2023-09-25 20:25:14', NULL, 86400, 'Y', NULL, 'N', NULL);
-- -----------------------------------
-- Dumping table b_app_password
-- -----------------------------------
CREATE TABLE `b_app_password` (
  `ID` int(11) NOT NULL AUTO_INCREMENT,
  `USER_ID` int(11) NOT NULL,
  `APPLICATION_ID` varchar(255) COLLATE utf8_unicode_ci NOT NULL,
  `PASSWORD` varchar(255) COLLATE utf8_unicode_ci NOT NULL,
  `DIGEST_PASSWORD` varchar(255) COLLATE utf8_unicode_ci NOT NULL,
  `DATE_CREATE` datetime DEFAULT NULL,
  `DATE_LOGIN` datetime DEFAULT NULL,
  `LAST_IP` varchar(255) COLLATE utf8_unicode_ci DEFAULT NULL,
  `COMMENT` varchar(255) COLLATE utf8_unicode_ci DEFAULT NULL,
  `SYSCOMMENT` varchar(255) COLLATE utf8_unicode_ci DEFAULT NULL,
  `CODE` varchar(255) COLLATE utf8_unicode_ci DEFAULT NULL,
  PRIMARY KEY (`ID`),
  KEY `ix_app_password_user` (`USER_ID`)
) ENGINE=InnoDB DEFAULT CHARSET=utf8 COLLATE=utf8_unicode_ci;

-- -----------------------------------
-- Dumping table b_avansovyyotchetprisoedinennyefayly
-- -----------------------------------
CREATE TABLE `b_avansovyyotchetprisoedinennyefayly` (
  `ID` int(11) unsigned NOT NULL AUTO_INCREMENT,
  `UF_NAME` text COLLATE utf8_unicode_ci,
  `UF_XML_ID` text COLLATE utf8_unicode_ci,
  `UF_VERSION` text COLLATE utf8_unicode_ci,
  `UF_DESCRIPTION` text COLLATE utf8_unicode_ci,
  PRIMARY KEY (`ID`),
  KEY `IX_HLBLOCK_3_XML_ID` (`UF_XML_ID`(50))
) ENGINE=InnoDB DEFAULT CHARSET=utf8 COLLATE=utf8_unicode_ci;

-- -----------------------------------
-- Dumping table b_b24connector_button_site
-- -----------------------------------
CREATE TABLE `b_b24connector_button_site` (
  `ID` int(11) NOT NULL AUTO_INCREMENT,
  `BUTTON_ID` int(11) NOT NULL,
  `SITE_ID` char(2) COLLATE utf8_unicode_ci NOT NULL,
  PRIMARY KEY (`ID`),
  KEY `IX_BUTTON_ID` (`BUTTON_ID`)
) ENGINE=InnoDB DEFAULT CHARSET=utf8 COLLATE=utf8_unicode_ci;

-- -----------------------------------
-- Dumping table b_b24connector_buttons
-- -----------------------------------
CREATE TABLE `b_b24connector_buttons` (
  `ID` int(11) NOT NULL,
  `APP_ID` int(11) NOT NULL,
  `ADD_DATE` datetime NOT NULL,
  `ADD_BY` int(11) NOT NULL,
  `NAME` varchar(255) COLLATE utf8_unicode_ci DEFAULT NULL,
  `SCRIPT` text COLLATE utf8_unicode_ci,
  PRIMARY KEY (`ID`)
) ENGINE=InnoDB DEFAULT CHARSET=utf8 COLLATE=utf8_unicode_ci;

-- -----------------------------------
-- Dumping table b_bankovskieschetakontragentov
-- -----------------------------------
CREATE TABLE `b_bankovskieschetakontragentov` (
  `ID` int(11) unsigned NOT NULL AUTO_INCREMENT,
  `UF_NAME` text COLLATE utf8_unicode_ci,
  `UF_XML_ID` text COLLATE utf8_unicode_ci,
  `UF_VERSION` text COLLATE utf8_unicode_ci,
  `UF_DESCRIPTION` text COLLATE utf8_unicode_ci,
  PRIMARY KEY (`ID`),
  KEY `IX_HLBLOCK_2_XML_ID` (`UF_XML_ID`(50))
) ENGINE=InnoDB DEFAULT CHARSET=utf8 COLLATE=utf8_unicode_ci;

-- -----------------------------------
-- Dumping table b_bitrixcloud_option
-- -----------------------------------
CREATE TABLE `b_bitrixcloud_option` (
  `ID` int(11) NOT NULL AUTO_INCREMENT,
  `NAME` varchar(50) COLLATE utf8_unicode_ci NOT NULL,
  `SORT` int(11) NOT NULL,
  `PARAM_KEY` varchar(50) COLLATE utf8_unicode_ci DEFAULT NULL,
  `PARAM_VALUE` varchar(200) COLLATE utf8_unicode_ci DEFAULT NULL,
  PRIMARY KEY (`ID`),
  KEY `ix_b_bitrixcloud_option_1` (`NAME`)
) ENGINE=InnoDB AUTO_INCREMENT=183 DEFAULT CHARSET=utf8 COLLATE=utf8_unicode_ci;

INSERT INTO `b_bitrixcloud_option` VALUES
(4, 'monitoring_expire_time', 0, '0', '1695642904'),
(126, 'backup_files', 0, '20230214_220012_66631352.enc', '104857600'),
(127, 'backup_files', 1, '20230214_220012_66631352.enc.1', '27341312'),
(128, 'backup_files', 2, '20230221_220014_46693069.enc', '104857600'),
(129, 'backup_files', 3, '20230221_220014_46693069.enc.1', '28329984'),
(130, 'backup_files', 4, '20230228_220017_39206669.enc', '104857600'),
(131, 'backup_files', 5, '20230228_220017_39206669.enc.1', '30058496'),
(180, 'backup_quota', 0, '0', '10737418240'),
(181, 'backup_total_size', 0, '0', '400302592'),
(182, 'backup_last_backup_time', 0, '0', '1677610817');
-- -----------------------------------
-- Dumping table b_blog
-- -----------------------------------
CREATE TABLE `b_blog` (
  `ID` int(11) NOT NULL AUTO_INCREMENT,
  `NAME` varchar(255) COLLATE utf8_unicode_ci NOT NULL,
  `DESCRIPTION` text COLLATE utf8_unicode_ci,
  `DATE_CREATE` datetime NOT NULL,
  `DATE_UPDATE` datetime NOT NULL,
  `ACTIVE` char(1) COLLATE utf8_unicode_ci NOT NULL DEFAULT 'Y',
  `OWNER_ID` int(11) DEFAULT NULL,
  `SOCNET_GROUP_ID` int(11) DEFAULT NULL,
  `URL` varchar(255) COLLATE utf8_unicode_ci NOT NULL,
  `REAL_URL` varchar(255) COLLATE utf8_unicode_ci DEFAULT NULL,
  `GROUP_ID` int(11) NOT NULL,
  `ENABLE_COMMENTS` char(1) COLLATE utf8_unicode_ci NOT NULL DEFAULT 'Y',
  `ENABLE_IMG_VERIF` char(1) COLLATE utf8_unicode_ci NOT NULL DEFAULT 'N',
  `ENABLE_RSS` char(1) COLLATE utf8_unicode_ci NOT NULL DEFAULT 'Y',
  `LAST_POST_ID` int(11) DEFAULT NULL,
  `LAST_POST_DATE` datetime DEFAULT NULL,
  `AUTO_GROUPS` varchar(255) COLLATE utf8_unicode_ci DEFAULT NULL,
  `EMAIL_NOTIFY` char(1) COLLATE utf8_unicode_ci NOT NULL DEFAULT 'Y',
  `ALLOW_HTML` char(1) COLLATE utf8_unicode_ci NOT NULL DEFAULT 'N',
  `SEARCH_INDEX` char(1) COLLATE utf8_unicode_ci NOT NULL DEFAULT 'Y',
  `USE_SOCNET` char(1) COLLATE utf8_unicode_ci NOT NULL DEFAULT 'N',
  `EDITOR_USE_FONT` char(1) COLLATE utf8_unicode_ci DEFAULT 'N',
  `EDITOR_USE_LINK` char(1) COLLATE utf8_unicode_ci DEFAULT 'N',
  `EDITOR_USE_IMAGE` char(1) COLLATE utf8_unicode_ci DEFAULT 'N',
  `EDITOR_USE_VIDEO` char(1) COLLATE utf8_unicode_ci DEFAULT 'N',
  `EDITOR_USE_FORMAT` char(1) COLLATE utf8_unicode_ci DEFAULT 'N',
  PRIMARY KEY (`ID`),
  UNIQUE KEY `IX_BLOG_BLOG_4` (`URL`),
  KEY `IX_BLOG_BLOG_1` (`GROUP_ID`,`ACTIVE`),
  KEY `IX_BLOG_BLOG_2` (`OWNER_ID`),
  KEY `IX_BLOG_BLOG_5` (`LAST_POST_DATE`),
  KEY `IX_BLOG_BLOG_6` (`SOCNET_GROUP_ID`)
) ENGINE=InnoDB AUTO_INCREMENT=2 DEFAULT CHARSET=utf8 COLLATE=utf8_unicode_ci;

INSERT INTO `b_blog` VALUES
(1, 'Отзывы на товары', 'Здесь хранятся отзывы посетителей магазина на товары магазина', '2018-07-27 10:57:35', '2018-07-27 12:41:57', 'Y', 1, NULL, 'catalog_comments', NULL, 1, 'Y', 'Y', 'N', 2, '2018-07-27 12:41:57', 'N', 'N', 'N', 'N', 'N', 'N', 'N', 'N', 'N', 'N');
-- -----------------------------------
-- Dumping table b_blog_category
-- -----------------------------------
CREATE TABLE `b_blog_category` (
  `ID` int(11) NOT NULL AUTO_INCREMENT,
  `BLOG_ID` int(11) NOT NULL,
  `NAME` varchar(255) COLLATE utf8_unicode_ci NOT NULL,
  PRIMARY KEY (`ID`),
  UNIQUE KEY `IX_BLOG_CAT_1` (`BLOG_ID`,`NAME`)
) ENGINE=InnoDB DEFAULT CHARSET=utf8 COLLATE=utf8_unicode_ci;

-- -----------------------------------
-- Dumping table b_blog_comment
-- -----------------------------------
CREATE TABLE `b_blog_comment` (
  `ID` int(11) NOT NULL AUTO_INCREMENT,
  `BLOG_ID` int(11) NOT NULL,
  `POST_ID` int(11) NOT NULL,
  `PARENT_ID` int(11) DEFAULT NULL,
  `AUTHOR_ID` int(11) DEFAULT NULL,
  `ICON_ID` int(11) DEFAULT NULL,
  `AUTHOR_NAME` varchar(255) COLLATE utf8_unicode_ci DEFAULT NULL,
  `AUTHOR_EMAIL` varchar(255) COLLATE utf8_unicode_ci DEFAULT NULL,
  `AUTHOR_IP` varchar(20) COLLATE utf8_unicode_ci DEFAULT NULL,
  `AUTHOR_IP1` varchar(20) COLLATE utf8_unicode_ci DEFAULT NULL,
  `DATE_CREATE` datetime NOT NULL,
  `TITLE` varchar(255) COLLATE utf8_unicode_ci DEFAULT NULL,
  `POST_TEXT` text COLLATE utf8_unicode_ci NOT NULL,
  `PUBLISH_STATUS` char(1) COLLATE utf8_unicode_ci NOT NULL DEFAULT 'P',
  `HAS_PROPS` varchar(1) COLLATE utf8_unicode_ci DEFAULT NULL,
  `SHARE_DEST` text COLLATE utf8_unicode_ci,
  `PATH` varchar(255) COLLATE utf8_unicode_ci DEFAULT NULL,
  PRIMARY KEY (`ID`),
  KEY `IX_BLOG_COMM_1` (`BLOG_ID`,`POST_ID`),
  KEY `IX_BLOG_COMM_2` (`AUTHOR_ID`),
  KEY `IX_BLOG_COMM_3` (`DATE_CREATE`,`AUTHOR_ID`),
  KEY `IX_BLOG_COMM_4` (`POST_ID`)
) ENGINE=InnoDB AUTO_INCREMENT=2 DEFAULT CHARSET=utf8 COLLATE=utf8_unicode_ci;

INSERT INTO `b_blog_comment` VALUES
(1, 1, 2, NULL, 2, NULL, NULL, NULL, '89.31.32.144', '', '2018-07-27 12:42:09', NULL, '123', 'P', NULL, NULL, 'http://ttepla.com/bitrix/components/bitrix/catalog.comments/templates/.default/bitrix/blog.post.comment/adapt/ajax.php?commentId=#comment_id###comment_id#');
-- -----------------------------------
-- Dumping table b_blog_group
-- -----------------------------------
CREATE TABLE `b_blog_group` (
  `ID` int(11) NOT NULL AUTO_INCREMENT,
  `NAME` varchar(255) COLLATE utf8_unicode_ci NOT NULL,
  `SITE_ID` char(2) COLLATE utf8_unicode_ci NOT NULL,
  PRIMARY KEY (`ID`),
  KEY `IX_BLOG_GROUP_1` (`SITE_ID`)
) ENGINE=InnoDB AUTO_INCREMENT=2 DEFAULT CHARSET=utf8 COLLATE=utf8_unicode_ci;

INSERT INTO `b_blog_group` VALUES
(1, 'Группа отзывов', 's1');
-- -----------------------------------
-- Dumping table b_blog_image
-- -----------------------------------
CREATE TABLE `b_blog_image` (
  `ID` int(11) NOT NULL AUTO_INCREMENT,
  `FILE_ID` int(11) NOT NULL DEFAULT '0',
  `BLOG_ID` int(11) NOT NULL DEFAULT '0',
  `POST_ID` int(11) NOT NULL DEFAULT '0',
  `USER_ID` int(11) NOT NULL DEFAULT '0',
  `TIMESTAMP_X` datetime NOT NULL DEFAULT '1970-01-01 00:00:01',
  `TITLE` varchar(255) COLLATE utf8_unicode_ci DEFAULT NULL,
  `IMAGE_SIZE` int(11) NOT NULL DEFAULT '0',
  `IS_COMMENT` varchar(1) COLLATE utf8_unicode_ci NOT NULL DEFAULT 'N',
  `COMMENT_ID` int(11) DEFAULT NULL,
  PRIMARY KEY (`ID`),
  KEY `IX_BLOG_IMAGE_1` (`POST_ID`,`BLOG_ID`)
) ENGINE=InnoDB DEFAULT CHARSET=utf8 COLLATE=utf8_unicode_ci;

-- -----------------------------------
-- Dumping table b_blog_post
-- -----------------------------------
CREATE TABLE `b_blog_post` (
  `ID` int(11) NOT NULL AUTO_INCREMENT,
  `TITLE` varchar(255) COLLATE utf8_unicode_ci NOT NULL,
  `BLOG_ID` int(11) NOT NULL,
  `AUTHOR_ID` int(11) NOT NULL,
  `PREVIEW_TEXT` text COLLATE utf8_unicode_ci,
  `PREVIEW_TEXT_TYPE` char(4) COLLATE utf8_unicode_ci NOT NULL DEFAULT 'text',
  `DETAIL_TEXT` mediumtext COLLATE utf8_unicode_ci NOT NULL,
  `DETAIL_TEXT_TYPE` char(4) COLLATE utf8_unicode_ci NOT NULL DEFAULT 'text',
  `DATE_CREATE` datetime NOT NULL,
  `DATE_PUBLISH` datetime NOT NULL,
  `KEYWORDS` varchar(255) COLLATE utf8_unicode_ci DEFAULT NULL,
  `PUBLISH_STATUS` char(1) COLLATE utf8_unicode_ci NOT NULL DEFAULT 'P',
  `CATEGORY_ID` varchar(255) COLLATE utf8_unicode_ci DEFAULT NULL,
  `ATRIBUTE` varchar(255) COLLATE utf8_unicode_ci DEFAULT NULL,
  `ENABLE_TRACKBACK` char(1) COLLATE utf8_unicode_ci NOT NULL DEFAULT 'Y',
  `ENABLE_COMMENTS` char(1) COLLATE utf8_unicode_ci NOT NULL DEFAULT 'Y',
  `ATTACH_IMG` int(11) DEFAULT NULL,
  `NUM_COMMENTS` int(11) NOT NULL DEFAULT '0',
  `NUM_TRACKBACKS` int(11) NOT NULL DEFAULT '0',
  `VIEWS` int(11) DEFAULT NULL,
  `FAVORITE_SORT` int(11) DEFAULT NULL,
  `PATH` varchar(255) COLLATE utf8_unicode_ci DEFAULT NULL,
  `CODE` varchar(255) COLLATE utf8_unicode_ci DEFAULT NULL,
  `MICRO` char(1) COLLATE utf8_unicode_ci NOT NULL DEFAULT 'N',
  `HAS_IMAGES` varchar(1) COLLATE utf8_unicode_ci DEFAULT NULL,
  `HAS_PROPS` varchar(1) COLLATE utf8_unicode_ci DEFAULT NULL,
  `HAS_TAGS` varchar(1) COLLATE utf8_unicode_ci DEFAULT NULL,
  `HAS_COMMENT_IMAGES` varchar(1) COLLATE utf8_unicode_ci DEFAULT NULL,
  `HAS_SOCNET_ALL` varchar(1) COLLATE utf8_unicode_ci DEFAULT NULL,
  `SEO_TITLE` varchar(255) COLLATE utf8_unicode_ci DEFAULT NULL,
  `SEO_TAGS` varchar(255) COLLATE utf8_unicode_ci DEFAULT NULL,
  `SEO_DESCRIPTION` text COLLATE utf8_unicode_ci,
  `NUM_COMMENTS_ALL` int(11) NOT NULL DEFAULT '0',
  `BACKGROUND_CODE` varchar(100) COLLATE utf8_unicode_ci DEFAULT NULL,
  PRIMARY KEY (`ID`),
  KEY `IX_BLOG_POST_1` (`BLOG_ID`,`PUBLISH_STATUS`,`DATE_PUBLISH`),
  KEY `IX_BLOG_POST_2` (`BLOG_ID`,`DATE_PUBLISH`,`PUBLISH_STATUS`),
  KEY `IX_BLOG_POST_3` (`BLOG_ID`,`CATEGORY_ID`),
  KEY `IX_BLOG_POST_4` (`PUBLISH_STATUS`,`DATE_PUBLISH`),
  KEY `IX_BLOG_POST_5` (`DATE_PUBLISH`,`AUTHOR_ID`),
  KEY `IX_BLOG_POST_CODE` (`BLOG_ID`,`CODE`),
  KEY `IX_BLOG_POST_6` (`CODE`)
) ENGINE=InnoDB AUTO_INCREMENT=3 DEFAULT CHARSET=utf8 COLLATE=utf8_unicode_ci;

INSERT INTO `b_blog_post` VALUES
(1, 'Автомат горения LANDIS & GYR LOA24 (LOA24.171B27) для жидкотопливные горелки', 1, 2, NULL, 'text', '[URL=http://ttepla.com]Автомат горения LANDIS & GYR LOA24 (LOA24.171B27) для жидкотопливные горелки[/URL]\nАвтомат горения LANDIS & GYR LOA24 (LOA24.171B27)\n', 'text', '2018-07-27 10:57:35', '2018-07-27 10:57:35', NULL, 'P', NULL, NULL, 'N', 'Y', NULL, 0, 0, NULL, NULL, NULL, NULL, 'N', NULL, NULL, NULL, NULL, NULL, NULL, NULL, NULL, 0, NULL),
(2, 'Блок розжига SIT Group 503 EFD (0.503.503) для Beretta, Protherm, Ariston', 1, 2, NULL, 'text', '[URL=http://ttepla.com]Блок розжига SIT Group 503 EFD (0.503.503) для Beretta, Protherm, Ariston[/URL]\nБлок розжига SIT Group 503 EFD (0.503.503)\n', 'text', '2018-07-27 12:41:57', '2018-07-27 12:41:57', NULL, 'P', NULL, NULL, 'N', 'Y', NULL, 1, 0, NULL, NULL, NULL, NULL, 'N', NULL, NULL, NULL, NULL, NULL, NULL, NULL, NULL, 1, NULL);
-- -----------------------------------
-- Dumping table b_blog_post_category
-- -----------------------------------
CREATE TABLE `b_blog_post_category` (
  `ID` int(11) NOT NULL AUTO_INCREMENT,
  `BLOG_ID` int(11) NOT NULL,
  `POST_ID` int(11) NOT NULL,
  `CATEGORY_ID` int(11) NOT NULL,
  PRIMARY KEY (`ID`),
  UNIQUE KEY `IX_BLOG_POST_CATEGORY` (`POST_ID`,`CATEGORY_ID`),
  KEY `IX_BLOG_POST_CATEGORY_CAT_ID` (`CATEGORY_ID`)
) ENGINE=InnoDB DEFAULT CHARSET=utf8 COLLATE=utf8_unicode_ci;

-- -----------------------------------
-- Dumping table b_blog_post_param
-- -----------------------------------
CREATE TABLE `b_blog_post_param` (
  `ID` int(11) NOT NULL AUTO_INCREMENT,
  `POST_ID` int(11) DEFAULT NULL,
  `USER_ID` int(11) DEFAULT NULL,
  `NAME` varchar(50) COLLATE utf8_unicode_ci NOT NULL,
  `VALUE` varchar(255) COLLATE utf8_unicode_ci NOT NULL,
  PRIMARY KEY (`ID`),
  KEY `IX_BLOG_PP_1` (`POST_ID`,`USER_ID`),
  KEY `IX_BLOG_PP_2` (`USER_ID`)
) ENGINE=InnoDB DEFAULT CHARSET=utf8 COLLATE=utf8_unicode_ci;

-- -----------------------------------
-- Dumping table b_blog_site_path
-- -----------------------------------
CREATE TABLE `b_blog_site_path` (
  `ID` int(11) NOT NULL AUTO_INCREMENT,
  `SITE_ID` char(2) COLLATE utf8_unicode_ci NOT NULL,
  `PATH` varchar(255) COLLATE utf8_unicode_ci NOT NULL,
  `TYPE` char(1) COLLATE utf8_unicode_ci DEFAULT NULL,
  PRIMARY KEY (`ID`),
  UNIQUE KEY `IX_BLOG_SITE_PATH_2` (`SITE_ID`,`TYPE`)
) ENGINE=InnoDB DEFAULT CHARSET=utf8 COLLATE=utf8_unicode_ci;

-- -----------------------------------
-- Dumping table b_blog_socnet
-- -----------------------------------
CREATE TABLE `b_blog_socnet` (
  `ID` int(11) NOT NULL AUTO_INCREMENT,
  `BLOG_ID` int(11) NOT NULL,
  PRIMARY KEY (`ID`),
  UNIQUE KEY `IX_BLOG_SOCNET` (`BLOG_ID`)
) ENGINE=InnoDB DEFAULT CHARSET=utf8 COLLATE=utf8_unicode_ci;

-- -----------------------------------
-- Dumping table b_blog_socnet_rights
-- -----------------------------------
CREATE TABLE `b_blog_socnet_rights` (
  `ID` int(11) NOT NULL AUTO_INCREMENT,
  `POST_ID` int(11) NOT NULL,
  `ENTITY_TYPE` varchar(45) COLLATE utf8_unicode_ci NOT NULL,
  `ENTITY_ID` int(11) NOT NULL,
  `ENTITY` varchar(45) COLLATE utf8_unicode_ci NOT NULL,
  PRIMARY KEY (`ID`),
  KEY `IX_BLOG_SR_1` (`POST_ID`),
  KEY `IX_BLOG_SR_2` (`ENTITY`)
) ENGINE=InnoDB DEFAULT CHARSET=utf8 COLLATE=utf8_unicode_ci;

-- -----------------------------------
-- Dumping table b_blog_trackback
-- -----------------------------------
CREATE TABLE `b_blog_trackback` (
  `ID` int(11) NOT NULL AUTO_INCREMENT,
  `TITLE` varchar(255) COLLATE utf8_unicode_ci NOT NULL,
  `URL` varchar(255) COLLATE utf8_unicode_ci NOT NULL,
  `PREVIEW_TEXT` text COLLATE utf8_unicode_ci NOT NULL,
  `BLOG_NAME` varchar(255) COLLATE utf8_unicode_ci DEFAULT NULL,
  `POST_DATE` datetime NOT NULL,
  `BLOG_ID` int(11) NOT NULL,
  `POST_ID` int(11) NOT NULL,
  PRIMARY KEY (`ID`),
  KEY `IX_BLOG_TRBK_1` (`BLOG_ID`,`POST_ID`),
  KEY `IX_BLOG_TRBK_2` (`POST_ID`)
) ENGINE=InnoDB DEFAULT CHARSET=utf8 COLLATE=utf8_unicode_ci;

-- -----------------------------------
-- Dumping table b_blog_user
-- -----------------------------------
CREATE TABLE `b_blog_user` (
  `ID` int(11) NOT NULL AUTO_INCREMENT,
  `USER_ID` int(11) NOT NULL,
  `ALIAS` varchar(255) COLLATE utf8_unicode_ci DEFAULT NULL,
  `DESCRIPTION` text COLLATE utf8_unicode_ci,
  `AVATAR` int(11) DEFAULT NULL,
  `INTERESTS` varchar(255) COLLATE utf8_unicode_ci DEFAULT NULL,
  `LAST_VISIT` datetime DEFAULT NULL,
  `DATE_REG` datetime NOT NULL,
  `ALLOW_POST` char(1) COLLATE utf8_unicode_ci NOT NULL DEFAULT 'Y',
  PRIMARY KEY (`ID`),
  UNIQUE KEY `IX_BLOG_USER_1` (`USER_ID`),
  KEY `IX_BLOG_USER_2` (`ALIAS`)
) ENGINE=InnoDB AUTO_INCREMENT=11 DEFAULT CHARSET=utf8 COLLATE=utf8_unicode_ci;

INSERT INTO `b_blog_user` VALUES
(3, 1, '', '', NULL, '', NULL, '2017-05-24 20:52:37', 'Y'),
(4, 2, '', '', NULL, '', NULL, '2017-06-08 10:14:25', 'Y'),
(5, 3, '', '', NULL, '', NULL, '2018-09-20 06:00:39', 'Y'),
(6, 4, '', '', NULL, '', NULL, '2018-09-24 07:35:37', 'Y'),
(7, 5, '', '', NULL, '', NULL, '2018-11-29 08:08:07', 'Y'),
(8, 6, '', '', NULL, '', NULL, '2018-11-29 08:10:28', 'Y'),
(9, 7, '', '', NULL, '', NULL, '2018-11-29 08:11:02', 'Y'),
(10, 8, '', '', NULL, '', NULL, '2018-12-05 14:23:06', 'Y');
-- -----------------------------------
-- Dumping table b_blog_user2blog
-- -----------------------------------
CREATE TABLE `b_blog_user2blog` (
  `ID` int(11) NOT NULL AUTO_INCREMENT,
  `USER_ID` int(11) NOT NULL,
  `BLOG_ID` int(11) NOT NULL,
  PRIMARY KEY (`ID`),
  UNIQUE KEY `IX_BLOG_USER2GROUP_1` (`BLOG_ID`,`USER_ID`)
) ENGINE=InnoDB DEFAULT CHARSET=utf8 COLLATE=utf8_unicode_ci;

-- -----------------------------------
-- Dumping table b_blog_user2user_group
-- -----------------------------------
CREATE TABLE `b_blog_user2user_group` (
  `ID` int(11) NOT NULL AUTO_INCREMENT,
  `USER_ID` int(11) NOT NULL,
  `BLOG_ID` int(11) NOT NULL,
  `USER_GROUP_ID` int(11) NOT NULL,
  PRIMARY KEY (`ID`),
  UNIQUE KEY `IX_BLOG_USER2GROUP_1` (`USER_ID`,`BLOG_ID`,`USER_GROUP_ID`)
) ENGINE=InnoDB DEFAULT CHARSET=utf8 COLLATE=utf8_unicode_ci;

-- -----------------------------------
-- Dumping table b_blog_user_group
-- -----------------------------------
CREATE TABLE `b_blog_user_group` (
  `ID` int(11) NOT NULL AUTO_INCREMENT,
  `BLOG_ID` int(11) DEFAULT NULL,
  `NAME` varchar(255) COLLATE utf8_unicode_ci NOT NULL,
  PRIMARY KEY (`ID`),
  KEY `IX_BLOG_USER_GROUP_1` (`BLOG_ID`)
) ENGINE=InnoDB AUTO_INCREMENT=3 DEFAULT CHARSET=utf8 COLLATE=utf8_unicode_ci;

INSERT INTO `b_blog_user_group` VALUES
(1, NULL, 'all'),
(2, NULL, 'registered');
-- -----------------------------------
-- Dumping table b_blog_user_group_perms
-- -----------------------------------
CREATE TABLE `b_blog_user_group_perms` (
  `ID` int(11) NOT NULL AUTO_INCREMENT,
  `BLOG_ID` int(11) NOT NULL,
  `USER_GROUP_ID` int(11) NOT NULL,
  `PERMS_TYPE` char(1) COLLATE utf8_unicode_ci NOT NULL DEFAULT 'P',
  `POST_ID` int(11) DEFAULT NULL,
  `PERMS` char(1) COLLATE utf8_unicode_ci NOT NULL DEFAULT 'D',
  `AUTOSET` char(1) COLLATE utf8_unicode_ci NOT NULL DEFAULT 'N',
  PRIMARY KEY (`ID`),
  UNIQUE KEY `IX_BLOG_UG_PERMS_1` (`BLOG_ID`,`USER_GROUP_ID`,`PERMS_TYPE`,`POST_ID`),
  KEY `IX_BLOG_UG_PERMS_2` (`USER_GROUP_ID`,`PERMS_TYPE`,`POST_ID`),
  KEY `IX_BLOG_UG_PERMS_3` (`POST_ID`,`USER_GROUP_ID`,`PERMS_TYPE`)
) ENGINE=InnoDB AUTO_INCREMENT=13 DEFAULT CHARSET=utf8 COLLATE=utf8_unicode_ci;

INSERT INTO `b_blog_user_group_perms` VALUES
(1, 1, 1, 'P', NULL, 'I', 'N'),
(2, 1, 2, 'P', NULL, 'I', 'N'),
(3, 1, 1, 'C', NULL, 'P', 'N'),
(4, 1, 2, 'C', NULL, 'P', 'N'),
(5, 1, 1, 'P', 1, 'I', 'Y'),
(6, 1, 2, 'P', 1, 'I', 'Y'),
(7, 1, 1, 'C', 1, 'P', 'Y'),
(8, 1, 2, 'C', 1, 'P', 'Y'),
(9, 1, 1, 'P', 2, 'I', 'Y'),
(10, 1, 2, 'P', 2, 'I', 'Y'),
(11, 1, 1, 'C', 2, 'P', 'Y'),
(12, 1, 2, 'C', 2, 'P', 'Y');
-- -----------------------------------
-- Dumping table b_cache_tag
-- -----------------------------------
CREATE TABLE `b_cache_tag` (
  `SITE_ID` char(2) COLLATE utf8_unicode_ci DEFAULT NULL,
  `CACHE_SALT` char(4) COLLATE utf8_unicode_ci DEFAULT NULL,
  `RELATIVE_PATH` varchar(255) COLLATE utf8_unicode_ci DEFAULT NULL,
  `TAG` varchar(100) COLLATE utf8_unicode_ci DEFAULT NULL,
  `ID` bigint(20) NOT NULL AUTO_INCREMENT,
  PRIMARY KEY (`ID`),
  KEY `ix_b_cache_tag_0` (`SITE_ID`,`CACHE_SALT`,`RELATIVE_PATH`(50)),
  KEY `ix_b_cache_tag_1` (`TAG`)
) ENGINE=InnoDB AUTO_INCREMENT=7774 DEFAULT CHARSET=utf8 COLLATE=utf8_unicode_ci;

INSERT INTO `b_cache_tag` VALUES
(NULL, NULL, '0:1695576327', '**', 1),
('s1', '/217', '/s1/bitrix/news.list/217', 'iblock_id_7', 6),
('s1', '/fb5', '/s1/bitrix/news.list/fb5', 'iblock_id_7', 9),
('s1', '/fb5', '/s1/bitrix/news.list/fb5', 'iblock_id_25', 10),
('s1', '/fb5', '/s1/bitrix/news.detail/fb5', 'iblock_id_25', 11),
('s1', '/217', '/s1/bitrix/news.detail/217', 'iblock_id_7', 12),
('s1', '/b37', '/s1/bitrix/news.list/b37', 'iblock_id_23', 13),
('s1', '/4b1', '/s1/bitrix/news.list/4b1', 'iblock_id_24', 14),
('s1', '/7dd', '/s1/bitrix/news.list/7dd', 'iblock_id_24', 16),
('s1', '/190', '/s1/bitrix/news.detail/190', 'iblock_id_5', 17),
('s1', '/85b', '/s1/bitrix/news.list/85b', 'iblock_id_1', 23),
('s1', '/85b', '/s1/bitrix/news.detail/85b', 'iblock_id_1', 44),
('s1', '/220', '/s1/bitrix/search.tags.cloud/220', 'bitrix:search.tags.cloud', 48),
('s1', '/190', '/s1/bitrix/news.list/190', 'iblock_id_5', 54),
('ru', '/764', '/sale/location/links', 'sale-location-data', 74),
('ru', '/0c7', '/sale/location/links', 'sale-location-data', 260),
('s1', '/6f8', '/s1/bitrix/menu.sections/6f8', 'iblock_id_11', 7658),
('s1', '/6f8', '/s1/bitrix/main.map/6f8', 'iblock_id_11', 7659),
('s1', '/59d', '/s1/ttepla/catalog.section.list/59d', 'iblock_id_11', 7660),
('s1', '/e25', '/s1/bitrix/news.list/e25', 'iblock_id_6', 7681),
('s1', '/35f', 'landing/blocks', 'landing_blocks', 7690);
-- -----------------------------------
-- Dumping table b_calendar_event_connection
-- -----------------------------------
CREATE TABLE `b_calendar_event_connection` (
  `ID` int(11) NOT NULL AUTO_INCREMENT,
  `EVENT_ID` int(11) NOT NULL,
  `CONNECTION_ID` int(11) NOT NULL,
  `VENDOR_EVENT_ID` varchar(255) COLLATE utf8_unicode_ci DEFAULT NULL,
  `SYNC_STATUS` varchar(20) COLLATE utf8_unicode_ci DEFAULT NULL,
  `ENTITY_TAG` varchar(255) COLLATE utf8_unicode_ci DEFAULT NULL COMMENT 'Version of vendor event',
  `VERSION` varchar(255) COLLATE utf8_unicode_ci DEFAULT NULL COMMENT 'Version of internal event',
  `VENDOR_VERSION_ID` varchar(255) COLLATE utf8_unicode_ci DEFAULT NULL,
  `RECURRENCE_ID` varchar(255) COLLATE utf8_unicode_ci DEFAULT NULL,
  `DATA` text COLLATE utf8_unicode_ci,
  `RETRY_COUNT` int(11) DEFAULT '0',
  PRIMARY KEY (`ID`),
  KEY `ix_cal_event_con_event_id` (`EVENT_ID`),
  KEY `ix_cal_event_con_connection_id` (`CONNECTION_ID`)
) ENGINE=InnoDB DEFAULT CHARSET=utf8 COLLATE=utf8_unicode_ci;

-- -----------------------------------
-- Dumping table b_calendar_section_connection
-- -----------------------------------
CREATE TABLE `b_calendar_section_connection` (
  `ID` int(11) NOT NULL AUTO_INCREMENT,
  `SECTION_ID` int(11) NOT NULL,
  `CONNECTION_ID` int(11) NOT NULL,
  `VENDOR_SECTION_ID` varchar(255) COLLATE utf8_unicode_ci NOT NULL,
  `SYNC_TOKEN` text COLLATE utf8_unicode_ci,
  `PAGE_TOKEN` text COLLATE utf8_unicode_ci,
  `ACTIVE` char(1) COLLATE utf8_unicode_ci DEFAULT 'Y',
  `LAST_SYNC_DATE` datetime DEFAULT NULL,
  `LAST_SYNC_STATUS` varchar(10) COLLATE utf8_unicode_ci DEFAULT NULL,
  `VERSION_ID` varchar(255) COLLATE utf8_unicode_ci DEFAULT NULL,
  `IS_PRIMARY` char(1) COLLATE utf8_unicode_ci DEFAULT 'N',
  PRIMARY KEY (`ID`),
  KEY `ix_cal_section_con_section_id` (`SECTION_ID`),
  KEY `ix_cal_section_con_connection_id` (`CONNECTION_ID`)
) ENGINE=InnoDB DEFAULT CHARSET=utf8 COLLATE=utf8_unicode_ci;

-- -----------------------------------
-- Dumping table b_captcha
-- -----------------------------------
CREATE TABLE `b_captcha` (
  `ID` varchar(32) COLLATE utf8_unicode_ci NOT NULL,
  `CODE` varchar(20) COLLATE utf8_unicode_ci NOT NULL,
  `IP` varchar(15) COLLATE utf8_unicode_ci NOT NULL,
  `DATE_CREATE` datetime NOT NULL,
  UNIQUE KEY `UX_B_CAPTCHA` (`ID`)
) ENGINE=InnoDB DEFAULT CHARSET=utf8 COLLATE=utf8_unicode_ci;

-- -----------------------------------
-- Dumping table b_catalog_contractor
-- -----------------------------------
CREATE TABLE `b_catalog_contractor` (
  `ID` int(11) NOT NULL AUTO_INCREMENT,
  `PERSON_TYPE` char(1) COLLATE utf8_unicode_ci NOT NULL,
  `PERSON_NAME` varchar(100) COLLATE utf8_unicode_ci DEFAULT NULL,
  `PERSON_LASTNAME` varchar(100) COLLATE utf8_unicode_ci DEFAULT NULL,
  `PERSON_MIDDLENAME` varchar(100) COLLATE utf8_unicode_ci DEFAULT NULL,
  `EMAIL` varchar(100) COLLATE utf8_unicode_ci DEFAULT NULL,
  `PHONE` varchar(45) COLLATE utf8_unicode_ci DEFAULT NULL,
  `POST_INDEX` varchar(45) COLLATE utf8_unicode_ci DEFAULT NULL,
  `COUNTRY` varchar(45) COLLATE utf8_unicode_ci DEFAULT NULL,
  `CITY` varchar(45) COLLATE utf8_unicode_ci DEFAULT NULL,
  `COMPANY` varchar(145) COLLATE utf8_unicode_ci DEFAULT NULL,
  `INN` varchar(145) COLLATE utf8_unicode_ci DEFAULT NULL,
  `KPP` varchar(145) COLLATE utf8_unicode_ci DEFAULT NULL,
  `ADDRESS` varchar(255) COLLATE utf8_unicode_ci DEFAULT NULL,
  `DATE_MODIFY` timestamp NOT NULL DEFAULT CURRENT_TIMESTAMP ON UPDATE CURRENT_TIMESTAMP,
  `DATE_CREATE` datetime DEFAULT NULL,
  `CREATED_BY` int(11) DEFAULT NULL,
  `MODIFIED_BY` int(11) DEFAULT NULL,
  PRIMARY KEY (`ID`)
) ENGINE=InnoDB DEFAULT CHARSET=utf8 COLLATE=utf8_unicode_ci;

-- -----------------------------------
-- Dumping table b_catalog_currency
-- -----------------------------------
CREATE TABLE `b_catalog_currency` (
  `CURRENCY` char(3) COLLATE utf8_unicode_ci NOT NULL,
  `AMOUNT_CNT` int(11) NOT NULL DEFAULT '1',
  `AMOUNT` decimal(18,4) DEFAULT NULL,
  `SORT` int(11) NOT NULL DEFAULT '100',
  `DATE_UPDATE` datetime NOT NULL,
  `NUMCODE` char(3) COLLATE utf8_unicode_ci DEFAULT NULL,
  `BASE` char(1) COLLATE utf8_unicode_ci NOT NULL DEFAULT 'N',
  `CREATED_BY` int(18) DEFAULT NULL,
  `DATE_CREATE` datetime DEFAULT NULL,
  `MODIFIED_BY` int(18) DEFAULT NULL,
  `CURRENT_BASE_RATE` decimal(26,12) DEFAULT NULL,
  PRIMARY KEY (`CURRENCY`)
) ENGINE=InnoDB DEFAULT CHARSET=utf8 COLLATE=utf8_unicode_ci;

INSERT INTO `b_catalog_currency` VALUES
('RUB', 1, 1.0000, 100, '2017-07-06 09:45:05', '643', 'Y', NULL, '2015-09-25 13:26:33', 2, 1.000000000000);
-- -----------------------------------
-- Dumping table b_catalog_currency_lang
-- -----------------------------------
CREATE TABLE `b_catalog_currency_lang` (
  `CURRENCY` char(3) COLLATE utf8_unicode_ci NOT NULL,
  `LID` char(2) COLLATE utf8_unicode_ci NOT NULL,
  `FORMAT_STRING` varchar(50) COLLATE utf8_unicode_ci NOT NULL,
  `FULL_NAME` varchar(50) COLLATE utf8_unicode_ci DEFAULT NULL,
  `DEC_POINT` varchar(16) COLLATE utf8_unicode_ci DEFAULT '.',
  `THOUSANDS_SEP` varchar(16) COLLATE utf8_unicode_ci DEFAULT ' ',
  `DECIMALS` tinyint(4) NOT NULL DEFAULT '2',
  `THOUSANDS_VARIANT` char(1) COLLATE utf8_unicode_ci DEFAULT NULL,
  `HIDE_ZERO` char(1) COLLATE utf8_unicode_ci NOT NULL DEFAULT 'N',
  `CREATED_BY` int(18) DEFAULT NULL,
  `DATE_CREATE` datetime DEFAULT NULL,
  `MODIFIED_BY` int(18) DEFAULT NULL,
  `TIMESTAMP_X` datetime DEFAULT NULL,
  PRIMARY KEY (`CURRENCY`,`LID`)
) ENGINE=InnoDB DEFAULT CHARSET=utf8 COLLATE=utf8_unicode_ci;

INSERT INTO `b_catalog_currency_lang` VALUES
('RUB', 'en', '# rub.', 'Ruble', '.', NULL, 2, 'S', 'Y', NULL, '2015-09-25 13:26:33', 2, '2017-07-06 09:45:05'),
('RUB', 'ru', '# руб.', 'Рубль', '.', NULL, 2, 'S', 'Y', NULL, '2015-09-25 13:26:33', 2, '2017-07-06 09:45:05');
-- -----------------------------------
-- Dumping table b_catalog_currency_rate
-- -----------------------------------
CREATE TABLE `b_catalog_currency_rate` (
  `ID` int(11) NOT NULL AUTO_INCREMENT,
  `CURRENCY` char(3) COLLATE utf8_unicode_ci NOT NULL,
  `DATE_RATE` date NOT NULL,
  `RATE_CNT` int(11) NOT NULL DEFAULT '1',
  `RATE` decimal(18,4) NOT NULL DEFAULT '0.0000',
  `CREATED_BY` int(18) DEFAULT NULL,
  `DATE_CREATE` datetime DEFAULT NULL,
  `MODIFIED_BY` int(18) DEFAULT NULL,
  `TIMESTAMP_X` datetime DEFAULT NULL,
  `BASE_CURRENCY` char(3) COLLATE utf8_unicode_ci DEFAULT NULL,
  PRIMARY KEY (`ID`),
  UNIQUE KEY `IX_CURRENCY_RATE` (`CURRENCY`,`DATE_RATE`)
) ENGINE=InnoDB DEFAULT CHARSET=utf8 COLLATE=utf8_unicode_ci;

-- -----------------------------------
-- Dumping table b_catalog_disc_save_group
-- -----------------------------------
CREATE TABLE `b_catalog_disc_save_group` (
  `ID` int(11) NOT NULL AUTO_INCREMENT,
  `DISCOUNT_ID` int(11) NOT NULL,
  `GROUP_ID` int(11) NOT NULL,
  PRIMARY KEY (`ID`),
  KEY `IX_CAT_DSG_DISCOUNT` (`DISCOUNT_ID`),
  KEY `IX_CAT_DSG_GROUP` (`GROUP_ID`)
) ENGINE=InnoDB DEFAULT CHARSET=utf8 COLLATE=utf8_unicode_ci;

-- -----------------------------------
-- Dumping table b_catalog_disc_save_range
-- -----------------------------------
CREATE TABLE `b_catalog_disc_save_range` (
  `ID` int(11) NOT NULL AUTO_INCREMENT,
  `DISCOUNT_ID` int(11) NOT NULL,
  `RANGE_FROM` double NOT NULL,
  `TYPE` char(1) COLLATE utf8_unicode_ci NOT NULL DEFAULT 'P',
  `VALUE` double NOT NULL,
  PRIMARY KEY (`ID`),
  KEY `IX_CAT_DSR_DISCOUNT2` (`DISCOUNT_ID`,`RANGE_FROM`)
) ENGINE=InnoDB DEFAULT CHARSET=utf8 COLLATE=utf8_unicode_ci;

-- -----------------------------------
-- Dumping table b_catalog_disc_save_user
-- -----------------------------------
CREATE TABLE `b_catalog_disc_save_user` (
  `ID` int(11) NOT NULL AUTO_INCREMENT,
  `DISCOUNT_ID` int(11) NOT NULL,
  `USER_ID` int(11) NOT NULL,
  `ACTIVE_FROM` datetime NOT NULL,
  `ACTIVE_TO` datetime NOT NULL,
  `RANGE_FROM` double NOT NULL,
  PRIMARY KEY (`ID`),
  KEY `IX_CAT_DSU_USER` (`DISCOUNT_ID`,`USER_ID`)
) ENGINE=InnoDB DEFAULT CHARSET=utf8 COLLATE=utf8_unicode_ci;

-- -----------------------------------
-- Dumping table b_catalog_discount
-- -----------------------------------
CREATE TABLE `b_catalog_discount` (
  `ID` int(11) NOT NULL AUTO_INCREMENT,
  `XML_ID` varchar(255) COLLATE utf8_unicode_ci DEFAULT NULL,
  `SITE_ID` char(2) COLLATE utf8_unicode_ci NOT NULL,
  `TYPE` int(11) NOT NULL DEFAULT '0',
  `ACTIVE` char(1) COLLATE utf8_unicode_ci NOT NULL DEFAULT 'Y',
  `ACTIVE_FROM` datetime DEFAULT NULL,
  `ACTIVE_TO` datetime DEFAULT NULL,
  `RENEWAL` char(1) COLLATE utf8_unicode_ci NOT NULL DEFAULT 'N',
  `NAME` varchar(255) COLLATE utf8_unicode_ci DEFAULT NULL,
  `MAX_USES` int(11) NOT NULL DEFAULT '0',
  `COUNT_USES` int(11) NOT NULL DEFAULT '0',
  `COUPON` varchar(20) COLLATE utf8_unicode_ci DEFAULT NULL,
  `SORT` int(11) NOT NULL DEFAULT '100',
  `MAX_DISCOUNT` decimal(18,4) DEFAULT NULL,
  `VALUE_TYPE` char(1) COLLATE utf8_unicode_ci NOT NULL DEFAULT 'P',
  `VALUE` decimal(18,4) NOT NULL DEFAULT '0.0000',
  `CURRENCY` char(3) COLLATE utf8_unicode_ci NOT NULL,
  `MIN_ORDER_SUM` decimal(18,4) DEFAULT '0.0000',
  `TIMESTAMP_X` timestamp NOT NULL DEFAULT CURRENT_TIMESTAMP ON UPDATE CURRENT_TIMESTAMP,
  `COUNT_PERIOD` char(1) COLLATE utf8_unicode_ci NOT NULL DEFAULT 'U',
  `COUNT_SIZE` int(11) NOT NULL DEFAULT '0',
  `COUNT_TYPE` char(1) COLLATE utf8_unicode_ci NOT NULL DEFAULT 'Y',
  `COUNT_FROM` datetime DEFAULT NULL,
  `COUNT_TO` datetime DEFAULT NULL,
  `ACTION_SIZE` int(11) NOT NULL DEFAULT '0',
  `ACTION_TYPE` char(1) COLLATE utf8_unicode_ci NOT NULL DEFAULT 'Y',
  `MODIFIED_BY` int(18) DEFAULT NULL,
  `DATE_CREATE` datetime DEFAULT NULL,
  `CREATED_BY` int(18) DEFAULT NULL,
  `PRIORITY` int(18) NOT NULL DEFAULT '1',
  `LAST_DISCOUNT` char(1) COLLATE utf8_unicode_ci NOT NULL DEFAULT 'Y',
  `VERSION` int(11) NOT NULL DEFAULT '1',
  `NOTES` varchar(255) COLLATE utf8_unicode_ci DEFAULT NULL,
  `CONDITIONS` text COLLATE utf8_unicode_ci,
  `UNPACK` text COLLATE utf8_unicode_ci,
  `SALE_ID` int(11) DEFAULT NULL,
  `USE_COUPONS` char(1) COLLATE utf8_unicode_ci NOT NULL DEFAULT 'N',
  PRIMARY KEY (`ID`),
  KEY `IX_C_D_ACT` (`ACTIVE`,`ACTIVE_FROM`,`ACTIVE_TO`),
  KEY `IX_C_D_ACT_B` (`SITE_ID`,`RENEWAL`,`ACTIVE`,`ACTIVE_FROM`,`ACTIVE_TO`),
  KEY `IX_B_CAT_DISCOUNT_COUPON` (`USE_COUPONS`)
) ENGINE=InnoDB DEFAULT CHARSET=utf8 COLLATE=utf8_unicode_ci;

-- -----------------------------------
-- Dumping table b_catalog_discount2cat
-- -----------------------------------
CREATE TABLE `b_catalog_discount2cat` (
  `ID` int(11) NOT NULL AUTO_INCREMENT,
  `DISCOUNT_ID` int(11) NOT NULL,
  `CATALOG_GROUP_ID` int(11) NOT NULL,
  PRIMARY KEY (`ID`),
  UNIQUE KEY `IX_C_D2C_CATDIS` (`CATALOG_GROUP_ID`,`DISCOUNT_ID`),
  UNIQUE KEY `IX_C_D2C_CATDIS_B` (`DISCOUNT_ID`,`CATALOG_GROUP_ID`)
) ENGINE=InnoDB DEFAULT CHARSET=utf8 COLLATE=utf8_unicode_ci;

-- -----------------------------------
-- Dumping table b_catalog_discount2group
-- -----------------------------------
CREATE TABLE `b_catalog_discount2group` (
  `ID` int(11) NOT NULL AUTO_INCREMENT,
  `DISCOUNT_ID` int(11) NOT NULL,
  `GROUP_ID` int(11) NOT NULL,
  PRIMARY KEY (`ID`),
  UNIQUE KEY `IX_C_D2G_GRDIS` (`GROUP_ID`,`DISCOUNT_ID`),
  UNIQUE KEY `IX_C_D2G_GRDIS_B` (`DISCOUNT_ID`,`GROUP_ID`)
) ENGINE=InnoDB DEFAULT CHARSET=utf8 COLLATE=utf8_unicode_ci;

-- -----------------------------------
-- Dumping table b_catalog_discount2iblock
-- -----------------------------------
CREATE TABLE `b_catalog_discount2iblock` (
  `ID` int(11) NOT NULL AUTO_INCREMENT,
  `DISCOUNT_ID` int(11) NOT NULL,
  `IBLOCK_ID` int(11) NOT NULL,
  PRIMARY KEY (`ID`),
  UNIQUE KEY `IX_C_D2I_IBDIS` (`IBLOCK_ID`,`DISCOUNT_ID`),
  UNIQUE KEY `IX_C_D2I_IBDIS_B` (`DISCOUNT_ID`,`IBLOCK_ID`)
) ENGINE=InnoDB DEFAULT CHARSET=utf8 COLLATE=utf8_unicode_ci;

-- -----------------------------------
-- Dumping table b_catalog_discount2product
-- -----------------------------------
CREATE TABLE `b_catalog_discount2product` (
  `ID` int(11) NOT NULL AUTO_INCREMENT,
  `DISCOUNT_ID` int(11) NOT NULL,
  `PRODUCT_ID` int(11) NOT NULL,
  PRIMARY KEY (`ID`),
  UNIQUE KEY `IX_C_D2P_PRODIS` (`PRODUCT_ID`,`DISCOUNT_ID`),
  UNIQUE KEY `IX_C_D2P_PRODIS_B` (`DISCOUNT_ID`,`PRODUCT_ID`)
) ENGINE=InnoDB DEFAULT CHARSET=utf8 COLLATE=utf8_unicode_ci;

-- -----------------------------------
-- Dumping table b_catalog_discount2section
-- -----------------------------------
CREATE TABLE `b_catalog_discount2section` (
  `ID` int(11) NOT NULL AUTO_INCREMENT,
  `DISCOUNT_ID` int(11) NOT NULL,
  `SECTION_ID` int(11) NOT NULL,
  PRIMARY KEY (`ID`),
  UNIQUE KEY `IX_C_D2S_SECDIS` (`SECTION_ID`,`DISCOUNT_ID`),
  UNIQUE KEY `IX_C_D2S_SECDIS_B` (`DISCOUNT_ID`,`SECTION_ID`)
) ENGINE=InnoDB DEFAULT CHARSET=utf8 COLLATE=utf8_unicode_ci;

-- -----------------------------------
-- Dumping table b_catalog_discount_cond
-- -----------------------------------
CREATE TABLE `b_catalog_discount_cond` (
  `ID` int(11) NOT NULL AUTO_INCREMENT,
  `DISCOUNT_ID` int(11) NOT NULL,
  `ACTIVE` char(1) COLLATE utf8_unicode_ci DEFAULT NULL,
  `USER_GROUP_ID` int(11) NOT NULL DEFAULT '-1',
  `PRICE_TYPE_ID` int(11) NOT NULL DEFAULT '-1',
  PRIMARY KEY (`ID`)
) ENGINE=InnoDB DEFAULT CHARSET=utf8 COLLATE=utf8_unicode_ci;

-- -----------------------------------
-- Dumping table b_catalog_discount_coupon
-- -----------------------------------
CREATE TABLE `b_catalog_discount_coupon` (
  `ID` int(11) NOT NULL AUTO_INCREMENT,
  `DISCOUNT_ID` int(11) NOT NULL,
  `ACTIVE` char(1) COLLATE utf8_unicode_ci NOT NULL DEFAULT 'Y',
  `COUPON` varchar(32) COLLATE utf8_unicode_ci NOT NULL,
  `DATE_APPLY` datetime DEFAULT NULL,
  `ONE_TIME` char(1) COLLATE utf8_unicode_ci NOT NULL DEFAULT 'Y',
  `TIMESTAMP_X` datetime DEFAULT NULL,
  `MODIFIED_BY` int(18) DEFAULT NULL,
  `DATE_CREATE` datetime DEFAULT NULL,
  `CREATED_BY` int(18) DEFAULT NULL,
  `DESCRIPTION` text COLLATE utf8_unicode_ci,
  PRIMARY KEY (`ID`),
  UNIQUE KEY `ix_cat_dc_index1` (`DISCOUNT_ID`,`COUPON`),
  KEY `ix_cat_dc_index2` (`COUPON`,`ACTIVE`)
) ENGINE=InnoDB DEFAULT CHARSET=utf8 COLLATE=utf8_unicode_ci;

-- -----------------------------------
-- Dumping table b_catalog_discount_entity
-- -----------------------------------
CREATE TABLE `b_catalog_discount_entity` (
  `ID` int(11) NOT NULL AUTO_INCREMENT,
  `DISCOUNT_ID` int(11) NOT NULL,
  `MODULE_ID` varchar(50) COLLATE utf8_unicode_ci NOT NULL,
  `ENTITY` varchar(255) COLLATE utf8_unicode_ci NOT NULL,
  `ENTITY_ID` int(11) DEFAULT NULL,
  `ENTITY_VALUE` varchar(255) COLLATE utf8_unicode_ci DEFAULT NULL,
  `FIELD_ENTITY` varchar(255) COLLATE utf8_unicode_ci NOT NULL,
  `FIELD_TABLE` varchar(255) COLLATE utf8_unicode_ci NOT NULL,
  PRIMARY KEY (`ID`),
  KEY `IX_CAT_DSC_ENT_SEARCH` (`DISCOUNT_ID`,`MODULE_ID`,`ENTITY`)
) ENGINE=InnoDB DEFAULT CHARSET=utf8 COLLATE=utf8_unicode_ci;

-- -----------------------------------
-- Dumping table b_catalog_discount_module
-- -----------------------------------
CREATE TABLE `b_catalog_discount_module` (
  `ID` int(11) NOT NULL AUTO_INCREMENT,
  `DISCOUNT_ID` int(11) NOT NULL,
  `MODULE_ID` varchar(50) COLLATE utf8_unicode_ci NOT NULL,
  PRIMARY KEY (`ID`),
  KEY `IX_CAT_DSC_MOD` (`DISCOUNT_ID`)
) ENGINE=InnoDB DEFAULT CHARSET=utf8 COLLATE=utf8_unicode_ci;

-- -----------------------------------
-- Dumping table b_catalog_docs_barcode
-- -----------------------------------
CREATE TABLE `b_catalog_docs_barcode` (
  `ID` int(11) NOT NULL AUTO_INCREMENT,
  `DOC_ID` int(11) NOT NULL,
  `DOC_ELEMENT_ID` int(11) NOT NULL,
  `BARCODE` varchar(100) COLLATE utf8_unicode_ci NOT NULL,
  PRIMARY KEY (`ID`),
  KEY `IX_B_CATALOG_DOCS_BARCODE1` (`DOC_ELEMENT_ID`),
  KEY `IX_B_CATALOG_DOCS_BARCODE_OWNER` (`DOC_ID`)
) ENGINE=InnoDB DEFAULT CHARSET=utf8 COLLATE=utf8_unicode_ci;

-- -----------------------------------
-- Dumping table b_catalog_docs_element
-- -----------------------------------
CREATE TABLE `b_catalog_docs_element` (
  `ID` int(11) NOT NULL AUTO_INCREMENT,
  `DOC_ID` int(11) NOT NULL,
  `STORE_FROM` int(11) DEFAULT NULL,
  `STORE_TO` int(11) DEFAULT NULL,
  `ELEMENT_ID` int(11) DEFAULT NULL,
  `AMOUNT` double DEFAULT NULL,
  `PURCHASING_PRICE` double DEFAULT NULL,
  `BASE_PRICE` decimal(18,2) DEFAULT NULL,
  `BASE_PRICE_EXTRA` decimal(18,2) DEFAULT NULL,
  `BASE_PRICE_EXTRA_RATE` int(11) DEFAULT NULL,
  PRIMARY KEY (`ID`),
  KEY `IX_B_CATALOG_DOCS_ELEMENT1` (`DOC_ID`)
) ENGINE=InnoDB DEFAULT CHARSET=utf8 COLLATE=utf8_unicode_ci;

-- -----------------------------------
-- Dumping table b_catalog_export
-- -----------------------------------
CREATE TABLE `b_catalog_export` (
  `ID` int(11) NOT NULL AUTO_INCREMENT,
  `FILE_NAME` varchar(100) COLLATE utf8_unicode_ci NOT NULL,
  `NAME` varchar(250) COLLATE utf8_unicode_ci NOT NULL,
  `DEFAULT_PROFILE` char(1) COLLATE utf8_unicode_ci NOT NULL DEFAULT 'N',
  `IN_MENU` char(1) COLLATE utf8_unicode_ci NOT NULL DEFAULT 'N',
  `IN_AGENT` char(1) COLLATE utf8_unicode_ci NOT NULL DEFAULT 'N',
  `IN_CRON` char(1) COLLATE utf8_unicode_ci NOT NULL DEFAULT 'N',
  `SETUP_VARS` mediumtext COLLATE utf8_unicode_ci,
  `LAST_USE` datetime DEFAULT NULL,
  `IS_EXPORT` char(1) COLLATE utf8_unicode_ci NOT NULL DEFAULT 'Y',
  `NEED_EDIT` char(1) COLLATE utf8_unicode_ci NOT NULL DEFAULT 'N',
  `TIMESTAMP_X` datetime DEFAULT NULL,
  `MODIFIED_BY` int(18) DEFAULT NULL,
  `DATE_CREATE` datetime DEFAULT NULL,
  `CREATED_BY` int(18) DEFAULT NULL,
  PRIMARY KEY (`ID`),
  KEY `BCAT_EX_FILE_NAME` (`FILE_NAME`),
  KEY `IX_CAT_IS_EXPORT` (`IS_EXPORT`)
) ENGINE=InnoDB AUTO_INCREMENT=3 DEFAULT CHARSET=utf8 COLLATE=utf8_unicode_ci;

INSERT INTO `b_catalog_export` VALUES
(1, 'yandex', 'IRR.ru (\"Из рук в руки\")', 'N', 'N', 'N', 'N', NULL, NULL, 'Y', 'Y', NULL, NULL, NULL, NULL),
(2, 'yandex', 'Яндекс.Маркет', 'N', 'N', 'N', 'N', 'V[0]=33&V[1]=34&V[2]=35&V[3]=36&V[4]=37&IBLOCK_ID=11&SITE_ID=s1&SETUP_SERVER_NAME=ttepla.com&COMPANY_NAME=&SETUP_FILE_NAME=%2Fbitrix%2Fcatalog_export%2Fyandex_518305.php&XML_DATA=a%3A6%3A%7Bs%3A4%3A%22TYPE%22%3Bs%3A4%3A%22none%22%3Bs%3A8%3A%22XML_DATA%22%3Ba%3A0%3A%7B%7Ds%3A8%3A%22CURRENCY%22%3Ba%3A1%3A%7Bs%3A3%3A%22RUB%22%3Ba%3A2%3A%7Bs%3A4%3A%22rate%22%3Bs%3A4%3A%22SITE%22%3Bs%3A4%3A%22plus%22%3BN%3B%7D%7Ds%3A5%3A%22PRICE%22%3Bi%3A1%3Bs%3A10%3A%22SKU_EXPORT%22%3Ba%3A2%3A%7Bs%3A15%3A%22SKU_EXPORT_COND%22%3Bs%3A1%3A%221%22%3Bs%3A13%3A%22SKU_PROP_COND%22%3Ba%3A3%3A%7Bs%3A7%3A%22PROP_ID%22%3Bi%3A0%3Bs%3A4%3A%22COND%22%3Bs%3A0%3A%22%22%3Bs%3A6%3A%22VALUES%22%3Ba%3A0%3A%7B%7D%7D%7Ds%3A10%3A%22VAT_EXPORT%22%3Ba%3A2%3A%7Bs%3A6%3A%22ENABLE%22%3Bs%3A1%3A%22N%22%3Bs%3A8%3A%22BASE_VAT%22%3Bs%3A0%3A%22%22%3B%7D%7D&USE_HTTPS=N&FILTER_AVAILABLE=N&DISABLE_REFERERS=N&MAX_EXECUTION_TIME=0&CHECK_PERMISSIONS=N', '2021-10-22 13:33:48', 'Y', 'N', '2018-07-30 14:44:35', 2, '2018-07-30 09:47:33', 2);
-- -----------------------------------
-- Dumping table b_catalog_exported_product
-- -----------------------------------
CREATE TABLE `b_catalog_exported_product` (
  `ID` int(11) NOT NULL AUTO_INCREMENT,
  `PRODUCT_ID` int(11) NOT NULL,
  `SERVICE_ID` varchar(100) COLLATE utf8_unicode_ci NOT NULL,
  `TIMESTAMP_X` timestamp NOT NULL DEFAULT CURRENT_TIMESTAMP ON UPDATE CURRENT_TIMESTAMP,
  `ERROR` text COLLATE utf8_unicode_ci,
  PRIMARY KEY (`ID`),
  KEY `IX_CAT_PR_EXP_PRID_SVID` (`PRODUCT_ID`,`SERVICE_ID`)
) ENGINE=InnoDB DEFAULT CHARSET=utf8 COLLATE=utf8_unicode_ci;

-- -----------------------------------
-- Dumping table b_catalog_exported_product_queue
-- -----------------------------------
CREATE TABLE `b_catalog_exported_product_queue` (
  `QUEUE_ID` int(11) NOT NULL,
  `PRODUCT_IDS` text COLLATE utf8_unicode_ci NOT NULL,
  PRIMARY KEY (`QUEUE_ID`)
) ENGINE=InnoDB DEFAULT CHARSET=utf8 COLLATE=utf8_unicode_ci;

-- -----------------------------------
-- Dumping table b_catalog_extra
-- -----------------------------------
CREATE TABLE `b_catalog_extra` (
  `ID` int(11) NOT NULL AUTO_INCREMENT,
  `NAME` varchar(50) COLLATE utf8_unicode_ci NOT NULL,
  `PERCENTAGE` decimal(18,2) NOT NULL,
  PRIMARY KEY (`ID`)
) ENGINE=InnoDB DEFAULT CHARSET=utf8 COLLATE=utf8_unicode_ci;

-- -----------------------------------
-- Dumping table b_catalog_group
-- -----------------------------------
CREATE TABLE `b_catalog_group` (
  `ID` int(11) NOT NULL AUTO_INCREMENT,
  `NAME` varchar(100) COLLATE utf8_unicode_ci NOT NULL,
  `BASE` char(1) COLLATE utf8_unicode_ci NOT NULL DEFAULT 'N',
  `SORT` int(11) NOT NULL DEFAULT '100',
  `XML_ID` varchar(255) COLLATE utf8_unicode_ci DEFAULT NULL,
  `TIMESTAMP_X` datetime DEFAULT NULL,
  `MODIFIED_BY` int(18) DEFAULT NULL,
  `DATE_CREATE` datetime DEFAULT NULL,
  `CREATED_BY` int(18) DEFAULT NULL,
  PRIMARY KEY (`ID`)
) ENGINE=InnoDB AUTO_INCREMENT=6 DEFAULT CHARSET=utf8 COLLATE=utf8_unicode_ci;

INSERT INTO `b_catalog_group` VALUES
(1, 'УТК_Металлопрокат разовые заказы типовые правила продаж', 'N', 200, '7e6fd8b8-b95d-11e3-814a-d4ae529efca0', '2021-08-13 14:24:58', 2, '2015-10-02 09:49:51', 1),
(2, 'ТТ_ИнтернетМагазин', 'N', 100, '0008f523-c9cd-11eb-81b5-b8ca3aecab4b', '2023-04-06 11:07:02', 3, '2021-06-10 12:20:13', 3),
(3, 'УТК NEW_ИнтернетМагазин', 'N', 300, '1530f272-e879-11eb-81b5-b8ca3aecab4b', '2021-08-13 14:24:52', 2, '2021-07-19 14:30:20', 3),
(4, 'УТК NEW_ИнтернетМагазинРРЦ', 'N', 400, '594b7b65-e879-11eb-81b5-b8ca3aecab4b', '2021-08-13 14:24:43', 2, '2021-07-19 14:30:20', 3),
(5, 'ТТ Интернет', 'Y', 100, '9f0850a8-c9ac-11eb-81b5-b8ca3aecab4b', '2023-04-28 08:25:55', 3, '2023-02-15 07:45:52', 113);
-- -----------------------------------
-- Dumping table b_catalog_group2group
-- -----------------------------------
CREATE TABLE `b_catalog_group2group` (
  `ID` int(11) NOT NULL AUTO_INCREMENT,
  `CATALOG_GROUP_ID` int(11) NOT NULL,
  `GROUP_ID` int(11) NOT NULL,
  `BUY` char(1) COLLATE utf8_unicode_ci NOT NULL DEFAULT 'Y',
  PRIMARY KEY (`ID`),
  UNIQUE KEY `IX_CATG2G_UNI` (`CATALOG_GROUP_ID`,`GROUP_ID`,`BUY`)
) ENGINE=InnoDB AUTO_INCREMENT=61 DEFAULT CHARSET=utf8 COLLATE=utf8_unicode_ci;

INSERT INTO `b_catalog_group2group` VALUES
(49, 2, 1, 'N'),
(50, 2, 2, 'N'),
(51, 2, 1, 'Y'),
(52, 2, 2, 'Y'),
(53, 4, 7, 'N'),
(54, 4, 7, 'Y'),
(55, 3, 7, 'N'),
(56, 3, 7, 'Y'),
(57, 1, 7, 'N'),
(58, 1, 7, 'Y'),
(59, 5, 2, 'N'),
(60, 5, 2, 'Y');
-- -----------------------------------
-- Dumping table b_catalog_group_lang
-- -----------------------------------
CREATE TABLE `b_catalog_group_lang` (
  `ID` int(11) NOT NULL AUTO_INCREMENT,
  `CATALOG_GROUP_ID` int(11) NOT NULL,
  `LANG` char(2) COLLATE utf8_unicode_ci NOT NULL,
  `NAME` varchar(100) COLLATE utf8_unicode_ci DEFAULT NULL,
  PRIMARY KEY (`ID`),
  UNIQUE KEY `IX_CATALOG_GROUP_ID` (`CATALOG_GROUP_ID`,`LANG`)
) ENGINE=InnoDB AUTO_INCREMENT=35 DEFAULT CHARSET=utf8 COLLATE=utf8_unicode_ci;

INSERT INTO `b_catalog_group_lang` VALUES
(27, 2, 'ru', 'ТТ_ИнтернетМагазин'),
(28, 2, 'en', ''),
(29, 4, 'ru', ''),
(30, 4, 'en', ''),
(31, 3, 'ru', ''),
(32, 3, 'en', ''),
(33, 1, 'ru', 'УТК_Металлопрокат разовые заказы типовые правила продаж'),
(34, 1, 'en', '');
-- -----------------------------------
-- Dumping table b_catalog_iblock
-- -----------------------------------
CREATE TABLE `b_catalog_iblock` (
  `IBLOCK_ID` int(11) NOT NULL,
  `YANDEX_EXPORT` char(1) COLLATE utf8_unicode_ci NOT NULL DEFAULT 'N',
  `SUBSCRIPTION` char(1) COLLATE utf8_unicode_ci NOT NULL DEFAULT 'N',
  `VAT_ID` int(11) DEFAULT '0',
  `PRODUCT_IBLOCK_ID` int(11) NOT NULL DEFAULT '0',
  `SKU_PROPERTY_ID` int(11) NOT NULL DEFAULT '0',
  PRIMARY KEY (`IBLOCK_ID`),
  KEY `IXS_CAT_IB_PRODUCT` (`PRODUCT_IBLOCK_ID`),
  KEY `IXS_CAT_IB_SKU_PROP` (`SKU_PROPERTY_ID`)
) ENGINE=InnoDB DEFAULT CHARSET=utf8 COLLATE=utf8_unicode_ci;

INSERT INTO `b_catalog_iblock` VALUES
(10, 'N', 'N', 0, 0, 0),
(11, 'N', 'N', 0, 0, 0),
(12, 'N', 'N', 0, 11, 98),
(29, 'N', 'N', 0, 0, 0),
(30, 'N', 'N', 0, 29, 1473),
(31, 'N', 'N', 0, 11, 1489);
-- -----------------------------------
-- Dumping table b_catalog_load
-- -----------------------------------
CREATE TABLE `b_catalog_load` (
  `NAME` varchar(250) COLLATE utf8_unicode_ci NOT NULL,
  `VALUE` text COLLATE utf8_unicode_ci NOT NULL,
  `TYPE` char(1) COLLATE utf8_unicode_ci NOT NULL DEFAULT 'I',
  `LAST_USED` char(1) COLLATE utf8_unicode_ci NOT NULL DEFAULT 'N',
  PRIMARY KEY (`NAME`,`TYPE`)
) ENGINE=InnoDB DEFAULT CHARSET=utf8 COLLATE=utf8_unicode_ci;

-- -----------------------------------
-- Dumping table b_catalog_measure
-- -----------------------------------
CREATE TABLE `b_catalog_measure` (
  `ID` int(11) NOT NULL AUTO_INCREMENT,
  `CODE` int(11) NOT NULL,
  `MEASURE_TITLE` varchar(500) COLLATE utf8_unicode_ci DEFAULT NULL,
  `SYMBOL_RUS` varchar(20) COLLATE utf8_unicode_ci DEFAULT NULL,
  `SYMBOL_INTL` varchar(20) COLLATE utf8_unicode_ci DEFAULT NULL,
  `SYMBOL_LETTER_INTL` varchar(20) COLLATE utf8_unicode_ci DEFAULT NULL,
  `IS_DEFAULT` char(1) COLLATE utf8_unicode_ci NOT NULL DEFAULT 'N',
  PRIMARY KEY (`ID`),
  UNIQUE KEY `IX_B_CATALOG_MEASURE1` (`CODE`)
) ENGINE=InnoDB AUTO_INCREMENT=33 DEFAULT CHARSET=utf8 COLLATE=utf8_unicode_ci;

INSERT INTO `b_catalog_measure` VALUES
(5, 796, NULL, NULL, 'pc. 1', 'PCE. NMB', 'Y'),
(6, 112, NULL, NULL, 'l', 'LTR', 'N'),
(7, 12, 'Рулон', 'рул', NULL, NULL, 'N'),
(8, 168, 'Тонна', 'т', NULL, 'TNE', 'N'),
(9, 166, 'килограмм', 'кг', NULL, 'кг', 'N'),
(10, 6, NULL, 'м', NULL, NULL, 'N'),
(11, 113, 'Кубический метр', 'м3', NULL, 'MTQ', 'N'),
(12, 3, 'пар', 'пар', NULL, NULL, 'N'),
(13, 798, 'Тысяча штук', 'тыс', NULL, NULL, 'N'),
(14, 358, 'Комплект', 'ком', NULL, NULL, 'N'),
(15, 58, 'Тысяча квадратных метров', '100', NULL, 'DAA', 'N'),
(16, 0, 'баллон', 'бал', NULL, NULL, 'N'),
(17, 9, 'место', 'мес', NULL, NULL, 'N'),
(18, 840, 'Руб.', 'Руб', NULL, NULL, 'N'),
(19, 135, 'мешок', 'меш', NULL, NULL, 'N'),
(20, 794, 'погонный метр', 'п.м', NULL, NULL, 'N'),
(21, 100, 'метр погонный', 'м.п', NULL, NULL, 'N'),
(22, 778, 'Упаковка', 'упа', NULL, 'NMP', 'N'),
(23, 55, 'Квадратный метр', 'м2', NULL, 'MTK', 'N'),
(24, 8, 'Километр', 'км', NULL, NULL, 'N'),
(25, 1, 'Литр', 'л', 'l', 'LTR', 'N'),
(26, 30, 'штука', 'шт', NULL, 'шт', 'N'),
(27, 998, 'м2', 'м2', NULL, 'КК2', 'N'),
(28, 356, 'Час', 'ч', NULL, 'HUR', 'N'),
(29, 162, 'Метрический карат (1 карат = 200 мг = 2*0,0001 кг)', 'кар', NULL, 'CTM', 'N'),
(30, 163, 'Грамм', 'г', NULL, 'GRM', 'N'),
(31, 245, 'Киловатт - час', 'кВт.', NULL, 'KWH', 'N'),
(32, 625, 'Лист', 'л.', NULL, 'LEF', 'N');
-- -----------------------------------
-- Dumping table b_catalog_measure_ratio
-- -----------------------------------
CREATE TABLE `b_catalog_measure_ratio` (
  `ID` int(11) NOT NULL AUTO_INCREMENT,
  `PRODUCT_ID` int(11) NOT NULL,
  `RATIO` double NOT NULL DEFAULT '1',
  `IS_DEFAULT` char(1) COLLATE utf8_unicode_ci NOT NULL DEFAULT 'N',
  PRIMARY KEY (`ID`),
  UNIQUE KEY `IX_B_CATALOG_MEASURE_RATIO` (`PRODUCT_ID`,`RATIO`)
) ENGINE=InnoDB AUTO_INCREMENT=22138 DEFAULT CHARSET=utf8 COLLATE=utf8_unicode_ci;

INSERT INTO `b_catalog_measure_ratio` VALUES
(21895, 24364, 1, 'Y'),
(21896, 24365, 1, 'Y'),
(21897, 24366, 1, 'Y'),
(21898, 24367, 1, 'Y'),
(21899, 24368, 1, 'Y'),
(21900, 24369, 1, 'Y'),
(21901, 24370, 1, 'Y'),
(21902, 24371, 1, 'Y'),
(21903, 24372, 1, 'Y'),
(21904, 24373, 1, 'Y'),
(21905, 24374, 1, 'Y'),
(21906, 24375, 1, 'Y'),
(21907, 24376, 1, 'Y'),
(21908, 24377, 1, 'Y'),
(21909, 24378, 1, 'Y'),
(21910, 24379, 1, 'Y'),
(21911, 24380, 1, 'Y'),
(21912, 24381, 1, 'Y'),
(21913, 24382, 1, 'Y'),
(21914, 24383, 1, 'Y'),
(21915, 24384, 1, 'Y'),
(21916, 24385, 1, 'Y'),
(21917, 24386, 1, 'Y'),
(21918, 24387, 1, 'Y'),
(21919, 24388, 1, 'Y'),
(21920, 24389, 1, 'Y'),
(21921, 24390, 1, 'Y'),
(21922, 24391, 1, 'Y'),
(21923, 24392, 1, 'Y'),
(21924, 24393, 1, 'Y'),
(21925, 24394, 1, 'Y'),
(21926, 24395, 1, 'Y'),
(21927, 24396, 1, 'Y'),
(21928, 24397, 1, 'Y'),
(21929, 24398, 1, 'Y'),
(21930, 24399, 1, 'Y'),
(21931, 24400, 1, 'Y'),
(21932, 24401, 1, 'Y'),
(21933, 24402, 1, 'Y'),
(21934, 24403, 1, 'Y'),
(21935, 24404, 1, 'Y'),
(21936, 24405, 1, 'Y'),
(21937, 24406, 1, 'Y'),
(21938, 24407, 1, 'Y'),
(21939, 24408, 1, 'Y'),
(21940, 24409, 1, 'Y'),
(21941, 24410, 1, 'Y'),
(21942, 24411, 1, 'Y'),
(21943, 24412, 1, 'Y'),
(21944, 24413, 1, 'Y'),
(21945, 24414, 1, 'Y'),
(21946, 24415, 1, 'Y'),
(21947, 24416, 1, 'Y'),
(21948, 24417, 1, 'Y'),
(21949, 24418, 1, 'Y'),
(21950, 24419, 1, 'Y'),
(21951, 24420, 1, 'Y'),
(21952, 24421, 1, 'Y'),
(21953, 24422, 1, 'Y'),
(21954, 24423, 1, 'Y'),
(21955, 24424, 1, 'Y'),
(21956, 24425, 1, 'Y'),
(21957, 24426, 1, 'Y'),
(21958, 24427, 1, 'Y'),
(21959, 24428, 1, 'Y'),
(21960, 24429, 1, 'Y'),
(21961, 24430, 1, 'Y'),
(21962, 24431, 1, 'Y'),
(21963, 24432, 1, 'Y'),
(21964, 24433, 1, 'Y'),
(21965, 24434, 1, 'Y'),
(21966, 24435, 1, 'Y'),
(21967, 24436, 1, 'Y'),
(21968, 24437, 1, 'Y'),
(21969, 24438, 1, 'Y'),
(21970, 24439, 1, 'Y'),
(21971, 24440, 1, 'Y'),
(21972, 24441, 1, 'Y'),
(21973, 24442, 1, 'Y'),
(21974, 24443, 1, 'Y'),
(21975, 24444, 1, 'Y'),
(21976, 24445, 1, 'Y'),
(21977, 24446, 1, 'Y'),
(21978, 24447, 1, 'Y'),
(21979, 24448, 1, 'Y'),
(21980, 24449, 1, 'Y'),
(21981, 24450, 1, 'Y'),
(21982, 24451, 1, 'Y'),
(21983, 24452, 1, 'Y'),
(21984, 24453, 1, 'Y'),
(21985, 24454, 1, 'Y'),
(21986, 24455, 1, 'Y'),
(21987, 24456, 1, 'Y'),
(21988, 24457, 1, 'Y'),
(21989, 24458, 1, 'Y'),
(21990, 24459, 1, 'Y'),
(21991, 24460, 1, 'Y'),
(21992, 24461, 1, 'Y'),
(21993, 24462, 1, 'Y'),
(21994, 24463, 1, 'Y'),
(21995, 24464, 1, 'Y'),
(21996, 24465, 1, 'Y'),
(21997, 24466, 1, 'Y'),
(21998, 24467, 1, 'Y'),
(21999, 24468, 1, 'Y'),
(22000, 24469, 1, 'Y'),
(22001, 24470, 1, 'Y'),
(22002, 24471, 1, 'Y'),
(22003, 24472, 1, 'Y'),
(22004, 24473, 1, 'Y'),
(22005, 24474, 1, 'Y'),
(22006, 24475, 1, 'Y'),
(22007, 24476, 1, 'Y'),
(22008, 24477, 1, 'Y'),
(22009, 24478, 1, 'Y'),
(22010, 24479, 1, 'Y'),
(22011, 24480, 1, 'Y'),
(22012, 24481, 1, 'Y'),
(22013, 24482, 1, 'Y'),
(22014, 24483, 1, 'Y'),
(22015, 24484, 1, 'Y'),
(22016, 24485, 1, 'Y'),
(22017, 24486, 1, 'Y'),
(22018, 24487, 1, 'Y'),
(22019, 24488, 1, 'Y'),
(22020, 24489, 1, 'Y'),
(22021, 24490, 1, 'Y'),
(22022, 24491, 1, 'Y'),
(22023, 24492, 1, 'Y'),
(22024, 24493, 1, 'Y'),
(22025, 24494, 1, 'Y'),
(22026, 24495, 1, 'Y'),
(22027, 24496, 1, 'Y'),
(22028, 24497, 1, 'Y'),
(22029, 24498, 1, 'Y'),
(22030, 24499, 1, 'Y'),
(22031, 24500, 1, 'Y'),
(22032, 24501, 1, 'Y'),
(22033, 24502, 1, 'Y'),
(22034, 24503, 1, 'Y'),
(22035, 24504, 1, 'Y'),
(22036, 24505, 1, 'Y'),
(22037, 24506, 1, 'Y'),
(22038, 24507, 1, 'Y'),
(22039, 24508, 1, 'Y'),
(22040, 24509, 1, 'Y'),
(22041, 24510, 1, 'Y'),
(22042, 24511, 1, 'Y'),
(22043, 24512, 1, 'Y'),
(22044, 24513, 1, 'Y'),
(22045, 24514, 1, 'Y'),
(22046, 24515, 1, 'Y'),
(22047, 24516, 1, 'Y'),
(22048, 24517, 1, 'Y'),
(22049, 24518, 1, 'Y'),
(22050, 24519, 1, 'Y'),
(22051, 24520, 1, 'Y'),
(22052, 24521, 1, 'Y'),
(22053, 24522, 1, 'Y'),
(22054, 24523, 1, 'Y'),
(22055, 24524, 1, 'Y'),
(22056, 24525, 1, 'Y'),
(22057, 24526, 1, 'Y'),
(22058, 24527, 1, 'Y'),
(22059, 24528, 1, 'Y'),
(22060, 24529, 1, 'Y'),
(22061, 24530, 1, 'Y'),
(22062, 24531, 1, 'Y'),
(22063, 24532, 1, 'Y'),
(22064, 24533, 1, 'Y'),
(22065, 24534, 1, 'Y'),
(22066, 24535, 1, 'Y'),
(22067, 24536, 1, 'Y'),
(22068, 24537, 1, 'Y'),
(22069, 24538, 1, 'Y'),
(22070, 24539, 1, 'Y'),
(22071, 24540, 1, 'Y'),
(22072, 24541, 1, 'Y'),
(22073, 24542, 1, 'Y'),
(22074, 24543, 1, 'Y'),
(22075, 24544, 1, 'Y'),
(22076, 24545, 1, 'Y'),
(22077, 24546, 1, 'Y'),
(22078, 24547, 1, 'Y'),
(22079, 24548, 1, 'Y'),
(22080, 24549, 1, 'Y'),
(22081, 24550, 1, 'Y'),
(22082, 24551, 1, 'Y'),
(22083, 24552, 1, 'Y'),
(22084, 24553, 1, 'Y'),
(22085, 24554, 1, 'Y'),
(22086, 24555, 1, 'Y'),
(22087, 24556, 1, 'Y'),
(22088, 24557, 1, 'Y'),
(22089, 24558, 1, 'Y'),
(22090, 24559, 1, 'Y'),
(22091, 24560, 1, 'Y'),
(22092, 24561, 1, 'Y'),
(22093, 24562, 1, 'Y'),
(22094, 24563, 1, 'Y'),
(22095, 24564, 1, 'Y'),
(22096, 24565, 1, 'Y'),
(22097, 24566, 1, 'Y'),
(22098, 24567, 1, 'Y'),
(22099, 24568, 1, 'Y'),
(22100, 24569, 1, 'Y'),
(22101, 24570, 1, 'Y'),
(22102, 24571, 1, 'Y'),
(22103, 24572, 1, 'Y'),
(22104, 24573, 1, 'Y'),
(22105, 24574, 1, 'Y'),
(22106, 24575, 1, 'Y'),
(22107, 24576, 1, 'Y'),
(22108, 24577, 1, 'Y'),
(22109, 24578, 1, 'Y'),
(22110, 24579, 1, 'Y'),
(22111, 24580, 1, 'Y'),
(22112, 24581, 1, 'Y'),
(22113, 24582, 1, 'Y'),
(22114, 24583, 1, 'Y'),
(22115, 24584, 1, 'Y'),
(22116, 24585, 1, 'Y'),
(22117, 24586, 1, 'Y'),
(22118, 24587, 1, 'Y'),
(22119, 24588, 1, 'Y'),
(22120, 24589, 1, 'Y'),
(22121, 24590, 1, 'Y'),
(22122, 24591, 1, 'Y'),
(22123, 24592, 1, 'Y'),
(22124, 24593, 1, 'Y'),
(22125, 24594, 1, 'Y'),
(22126, 24595, 1, 'Y'),
(22127, 24596, 1, 'Y'),
(22128, 24597, 1, 'Y'),
(22129, 24598, 1, 'Y'),
(22130, 24599, 1, 'Y'),
(22131, 24600, 1, 'Y'),
(22132, 24601, 1, 'Y'),
(22133, 24602, 1, 'Y'),
(22134, 24603, 1, 'Y'),
(22135, 24604, 1, 'Y'),
(22136, 24605, 1, 'Y'),
(22137, 24606, 1, 'Y');
-- -----------------------------------
-- Dumping table b_catalog_permission
-- -----------------------------------
CREATE TABLE `b_catalog_permission` (
  `ID` int(10) unsigned NOT NULL AUTO_INCREMENT,
  `ROLE_ID` int(10) unsigned NOT NULL,
  `PERMISSION_ID` varchar(32) COLLATE utf8_unicode_ci NOT NULL DEFAULT '0',
  `VALUE` int(11) NOT NULL DEFAULT '0',
  PRIMARY KEY (`ID`),
  KEY `ROLE_ID` (`ROLE_ID`),
  KEY `PERMISSION_ID` (`PERMISSION_ID`)
) ENGINE=InnoDB DEFAULT CHARSET=utf8 COLLATE=utf8_unicode_ci;

-- -----------------------------------
-- Dumping table b_catalog_price
-- -----------------------------------
CREATE TABLE `b_catalog_price` (
  `ID` int(11) NOT NULL AUTO_INCREMENT,
  `PRODUCT_ID` int(11) NOT NULL,
  `EXTRA_ID` int(11) DEFAULT NULL,
  `CATALOG_GROUP_ID` int(11) NOT NULL,
  `PRICE` decimal(18,2) NOT NULL,
  `CURRENCY` char(3) COLLATE utf8_unicode_ci NOT NULL,
  `TIMESTAMP_X` timestamp NOT NULL DEFAULT CURRENT_TIMESTAMP ON UPDATE CURRENT_TIMESTAMP,
  `QUANTITY_FROM` int(11) DEFAULT NULL,
  `QUANTITY_TO` int(11) DEFAULT NULL,
  `TMP_ID` varchar(40) COLLATE utf8_unicode_ci DEFAULT NULL,
  `PRICE_SCALE` decimal(26,12) DEFAULT NULL,
  PRIMARY KEY (`ID`),
  KEY `IXS_CAT_PRICE_PID` (`PRODUCT_ID`,`CATALOG_GROUP_ID`),
  KEY `IXS_CAT_PRICE_GID` (`CATALOG_GROUP_ID`),
  KEY `IXS_CAT_PRICE_SCALE` (`PRICE_SCALE`)
) ENGINE=InnoDB AUTO_INCREMENT=11767 DEFAULT CHARSET=utf8 COLLATE=utf8_unicode_ci;

INSERT INTO `b_catalog_price` VALUES
(11528, 24364, NULL, 5, 4300.00, 'RUB', '2023-04-05 14:13:51', NULL, NULL, NULL, 4300.000000000000),
(11529, 24365, NULL, 5, 9974.00, 'RUB', '2023-04-05 14:13:51', NULL, NULL, NULL, 9974.000000000000),
(11530, 24366, NULL, 5, 1000.00, 'RUB', '2023-04-05 14:13:51', NULL, NULL, NULL, 1000.000000000000),
(11531, 24367, NULL, 5, 6552.00, 'RUB', '2023-04-05 14:13:51', NULL, NULL, NULL, 6552.000000000000),
(11532, 24368, NULL, 5, 3588.00, 'RUB', '2023-04-05 14:13:51', NULL, NULL, NULL, 3588.000000000000),
(11533, 24369, NULL, 5, 1015.00, 'RUB', '2023-04-05 14:13:51', NULL, NULL, NULL, 1015.000000000000),
(11534, 24370, NULL, 5, 905.00, 'RUB', '2023-04-05 14:13:51', NULL, NULL, NULL, 905.000000000000),
(11535, 24371, NULL, 5, 5150.00, 'RUB', '2023-04-05 14:13:51', NULL, NULL, NULL, 5150.000000000000),
(11536, 24372, NULL, 5, 20760.00, 'RUB', '2023-04-05 14:13:51', NULL, NULL, NULL, 20760.000000000000),
(11537, 24373, NULL, 5, 5930.00, 'RUB', '2023-04-05 14:13:51', NULL, NULL, NULL, 5930.000000000000),
(11538, 24374, NULL, 5, 675.00, 'RUB', '2023-04-05 14:13:51', NULL, NULL, NULL, 675.000000000000),
(11539, 24375, NULL, 5, 2000.00, 'RUB', '2023-04-05 14:13:51', NULL, NULL, NULL, 2000.000000000000),
(11540, 24376, NULL, 5, 3744.00, 'RUB', '2023-04-05 14:13:51', NULL, NULL, NULL, 3744.000000000000),
(11541, 24378, NULL, 5, 500.00, 'RUB', '2023-04-05 14:13:51', NULL, NULL, NULL, 500.000000000000),
(11542, 24379, NULL, 5, 1000.00, 'RUB', '2023-04-05 14:13:51', NULL, NULL, NULL, 1000.000000000000),
(11543, 24380, NULL, 5, 3075.00, 'RUB', '2023-04-05 14:13:51', NULL, NULL, NULL, 3075.000000000000),
(11544, 24381, NULL, 5, 1000.00, 'RUB', '2023-04-05 14:13:51', NULL, NULL, NULL, 1000.000000000000),
(11545, 24382, NULL, 5, 2900.00, 'RUB', '2023-04-05 14:13:51', NULL, NULL, NULL, 2900.000000000000),
(11546, 24383, NULL, 5, 500.00, 'RUB', '2023-04-05 14:13:51', NULL, NULL, NULL, 500.000000000000),
(11547, 24384, NULL, 5, 940.00, 'RUB', '2023-04-05 14:13:51', NULL, NULL, NULL, 940.000000000000),
(11548, 24385, NULL, 5, 940.00, 'RUB', '2023-04-05 14:13:51', NULL, NULL, NULL, 940.000000000000),
(11549, 24386, NULL, 5, 5000.00, 'RUB', '2023-04-05 14:13:51', NULL, NULL, NULL, 5000.000000000000),
(11550, 24387, NULL, 5, 1600.00, 'RUB', '2023-04-05 14:13:51', NULL, NULL, NULL, 1600.000000000000),
(11551, 24388, NULL, 5, 200.00, 'RUB', '2023-04-05 14:13:51', NULL, NULL, NULL, 200.000000000000),
(11552, 24389, NULL, 5, 395.00, 'RUB', '2023-04-05 14:13:51', NULL, NULL, NULL, 395.000000000000),
(11553, 24390, NULL, 5, 595.00, 'RUB', '2023-04-05 14:13:51', NULL, NULL, NULL, 595.000000000000),
(11554, 24391, NULL, 5, 445.00, 'RUB', '2023-04-05 14:13:52', NULL, NULL, NULL, 445.000000000000),
(11555, 24392, NULL, 5, 745.00, 'RUB', '2023-04-05 14:13:52', NULL, NULL, NULL, 745.000000000000),
(11556, 24393, NULL, 5, 1134.00, 'RUB', '2023-04-05 14:13:52', NULL, NULL, NULL, 1134.000000000000),
(11557, 24395, NULL, 5, 1200.00, 'RUB', '2023-04-05 14:13:52', NULL, NULL, NULL, 1200.000000000000),
(11558, 24396, NULL, 5, 2100.00, 'RUB', '2023-04-05 14:13:52', NULL, NULL, NULL, 2100.000000000000),
(11559, 24397, NULL, 5, 5000.00, 'RUB', '2023-04-05 14:13:52', NULL, NULL, NULL, 5000.000000000000),
(11560, 24398, NULL, 5, 9900.00, 'RUB', '2023-04-05 14:13:52', NULL, NULL, NULL, 9900.000000000000),
(11561, 24399, NULL, 5, 2405.00, 'RUB', '2023-04-05 14:13:52', NULL, NULL, NULL, 2405.000000000000),
(11562, 24400, NULL, 5, 1200.00, 'RUB', '2023-04-05 14:13:52', NULL, NULL, NULL, 1200.000000000000),
(11563, 24401, NULL, 5, 24500.00, 'RUB', '2023-04-05 14:13:52', NULL, NULL, NULL, 24500.000000000000),
(11564, 24402, NULL, 5, 450.00, 'RUB', '2023-04-05 14:13:52', NULL, NULL, NULL, 450.000000000000),
(11565, 24403, NULL, 5, 15000.00, 'RUB', '2023-04-05 14:13:52', NULL, NULL, NULL, 15000.000000000000),
(11566, 24404, NULL, 5, 725.00, 'RUB', '2023-04-05 14:13:52', NULL, NULL, NULL, 725.000000000000),
(11567, 24405, NULL, 5, 5000.00, 'RUB', '2023-04-05 14:13:52', NULL, NULL, NULL, 5000.000000000000),
(11568, 24406, NULL, 5, 5000.00, 'RUB', '2023-04-05 14:13:52', NULL, NULL, NULL, 5000.000000000000),
(11569, 24407, NULL, 5, 6000.00, 'RUB', '2023-04-05 14:13:52', NULL, NULL, NULL, 6000.000000000000),
(11570, 24408, NULL, 5, 5000.00, 'RUB', '2023-04-05 14:13:52', NULL, NULL, NULL, 5000.000000000000),
(11571, 24409, NULL, 5, 7650.00, 'RUB', '2023-04-05 14:13:52', NULL, NULL, NULL, 7650.000000000000),
(11572, 24410, NULL, 5, 2000.00, 'RUB', '2023-04-05 14:13:52', NULL, NULL, NULL, 2000.000000000000),
(11573, 24411, NULL, 5, 2000.00, 'RUB', '2023-04-05 14:13:52', NULL, NULL, NULL, 2000.000000000000),
(11574, 24414, NULL, 5, 12350.00, 'RUB', '2023-04-05 14:13:52', NULL, NULL, NULL, 12350.000000000000),
(11575, 24415, NULL, 5, 1000.00, 'RUB', '2023-04-05 14:13:52', NULL, NULL, NULL, 1000.000000000000),
(11576, 24416, NULL, 5, 2000.00, 'RUB', '2023-04-05 14:13:52', NULL, NULL, NULL, 2000.000000000000),
(11577, 24417, NULL, 5, 900.00, 'RUB', '2023-04-05 14:13:52', NULL, NULL, NULL, 900.000000000000),
(11578, 24418, NULL, 5, 1300.00, 'RUB', '2023-04-05 14:13:52', NULL, NULL, NULL, 1300.000000000000),
(11579, 24419, NULL, 5, 1000.00, 'RUB', '2023-04-05 14:13:52', NULL, NULL, NULL, 1000.000000000000),
(11580, 24420, NULL, 5, 785.00, 'RUB', '2023-04-05 14:13:52', NULL, NULL, NULL, 785.000000000000),
(11581, 24421, NULL, 5, 1100.00, 'RUB', '2023-04-05 14:13:52', NULL, NULL, NULL, 1100.000000000000),
(11582, 24422, NULL, 5, 2470.00, 'RUB', '2023-04-05 14:13:52', NULL, NULL, NULL, 2470.000000000000),
(11583, 24423, NULL, 5, 2000.00, 'RUB', '2023-04-05 14:13:52', NULL, NULL, NULL, 2000.000000000000),
(11584, 24424, NULL, 5, 10800.00, 'RUB', '2023-04-05 14:13:52', NULL, NULL, NULL, 10800.000000000000),
(11585, 24425, NULL, 5, 5000.00, 'RUB', '2023-04-05 14:13:52', NULL, NULL, NULL, 5000.000000000000),
(11586, 24426, NULL, 5, 600.00, 'RUB', '2023-04-05 14:13:52', NULL, NULL, NULL, 600.000000000000),
(11587, 24427, NULL, 5, 10000.00, 'RUB', '2023-04-05 14:13:52', NULL, NULL, NULL, 10000.000000000000),
(11588, 24428, NULL, 5, 1650.00, 'RUB', '2023-04-05 14:13:52', NULL, NULL, NULL, 1650.000000000000),
(11589, 24429, NULL, 5, 21684.00, 'RUB', '2023-04-05 14:13:52', NULL, NULL, NULL, 21684.000000000000),
(11590, 24430, NULL, 5, 1500.00, 'RUB', '2023-04-05 14:13:52', NULL, NULL, NULL, 1500.000000000000),
(11591, 24431, NULL, 5, 2000.00, 'RUB', '2023-04-05 14:13:52', NULL, NULL, NULL, 2000.000000000000),
(11592, 24432, NULL, 5, 2000.00, 'RUB', '2023-04-05 14:13:52', NULL, NULL, NULL, 2000.000000000000),
(11593, 24433, NULL, 5, 2000.00, 'RUB', '2023-04-05 14:13:52', NULL, NULL, NULL, 2000.000000000000),
(11594, 24434, NULL, 5, 2000.00, 'RUB', '2023-04-05 14:13:52', NULL, NULL, NULL, 2000.000000000000),
(11595, 24435, NULL, 5, 2000.00, 'RUB', '2023-04-05 14:13:52', NULL, NULL, NULL, 2000.000000000000),
(11596, 24436, NULL, 5, 2445.00, 'RUB', '2023-04-05 14:13:52', NULL, NULL, NULL, 2445.000000000000),
(11597, 24437, NULL, 5, 2900.00, 'RUB', '2023-04-05 14:13:52', NULL, NULL, NULL, 2900.000000000000),
(11598, 24438, NULL, 5, 1500.00, 'RUB', '2023-04-05 14:13:52', NULL, NULL, NULL, 1500.000000000000),
(11599, 24439, NULL, 5, 11388.00, 'RUB', '2023-04-05 14:13:52', NULL, NULL, NULL, 11388.000000000000),
(11600, 24440, NULL, 5, 1500.00, 'RUB', '2023-04-05 14:13:52', NULL, NULL, NULL, 1500.000000000000),
(11601, 24441, NULL, 5, 425.00, 'RUB', '2023-04-05 14:13:52', NULL, NULL, NULL, 425.000000000000),
(11602, 24442, NULL, 5, 1125.00, 'RUB', '2023-04-05 14:13:52', NULL, NULL, NULL, 1125.000000000000),
(11603, 24443, NULL, 5, 700.00, 'RUB', '2023-04-05 14:13:52', NULL, NULL, NULL, 700.000000000000),
(11604, 24444, NULL, 5, 100.00, 'RUB', '2023-04-05 14:13:52', NULL, NULL, NULL, 100.000000000000),
(11605, 24445, NULL, 5, 500.00, 'RUB', '2023-04-05 14:13:52', NULL, NULL, NULL, 500.000000000000),
(11606, 24446, NULL, 5, 500.00, 'RUB', '2023-04-05 14:13:52', NULL, NULL, NULL, 500.000000000000),
(11607, 24447, NULL, 5, 2750.00, 'RUB', '2023-04-05 14:13:52', NULL, NULL, NULL, 2750.000000000000),
(11608, 24448, NULL, 5, 2300.00, 'RUB', '2023-04-05 14:13:52', NULL, NULL, NULL, 2300.000000000000),
(11609, 24449, NULL, 5, 1950.00, 'RUB', '2023-04-05 14:13:52', NULL, NULL, NULL, 1950.000000000000),
(11610, 24450, NULL, 5, 2445.00, 'RUB', '2023-04-05 14:13:52', NULL, NULL, NULL, 2445.000000000000),
(11611, 24451, NULL, 5, 16000.00, 'RUB', '2023-04-05 14:13:52', NULL, NULL, NULL, 16000.000000000000),
(11612, 24452, NULL, 5, 2900.00, 'RUB', '2023-04-05 14:13:52', NULL, NULL, NULL, 2900.000000000000),
(11613, 24453, NULL, 5, 2700.00, 'RUB', '2023-04-05 14:13:52', NULL, NULL, NULL, 2700.000000000000),
(11614, 24454, NULL, 5, 5500.00, 'RUB', '2023-04-05 14:13:52', NULL, NULL, NULL, 5500.000000000000),
(11615, 24455, NULL, 5, 2900.00, 'RUB', '2023-04-05 14:13:52', NULL, NULL, NULL, 2900.000000000000),
(11616, 24456, NULL, 5, 1500.00, 'RUB', '2023-04-05 14:13:52', NULL, NULL, NULL, 1500.000000000000),
(11617, 24457, NULL, 5, 100.00, 'RUB', '2023-04-05 14:13:52', NULL, NULL, NULL, 100.000000000000),
(11618, 24458, NULL, 5, 1500.00, 'RUB', '2023-04-05 14:13:52', NULL, NULL, NULL, 1500.000000000000),
(11619, 24459, NULL, 5, 150.00, 'RUB', '2023-04-05 14:13:52', NULL, NULL, NULL, 150.000000000000),
(11620, 24460, NULL, 5, 150.00, 'RUB', '2023-04-05 14:13:52', NULL, NULL, NULL, 150.000000000000),
(11621, 24461, NULL, 5, 4950.00, 'RUB', '2023-04-05 14:13:52', NULL, NULL, NULL, 4950.000000000000),
(11622, 24462, NULL, 5, 1155.00, 'RUB', '2023-04-05 14:13:52', NULL, NULL, NULL, 1155.000000000000),
(11623, 24463, NULL, 5, 7500.00, 'RUB', '2023-04-05 14:13:52', NULL, NULL, NULL, 7500.000000000000),
(11624, 24464, NULL, 5, 3900.00, 'RUB', '2023-04-05 14:13:52', NULL, NULL, NULL, 3900.000000000000),
(11625, 24465, NULL, 5, 650.00, 'RUB', '2023-04-05 14:13:52', NULL, NULL, NULL, 650.000000000000),
(11626, 24466, NULL, 5, 450.00, 'RUB', '2023-04-05 14:13:52', NULL, NULL, NULL, 450.000000000000),
(11627, 24467, NULL, 5, 1310.00, 'RUB', '2023-04-05 14:13:52', NULL, NULL, NULL, 1310.000000000000),
(11628, 24468, NULL, 5, 20.00, 'RUB', '2023-04-05 14:13:53', NULL, NULL, NULL, 20.000000000000),
(11629, 24469, NULL, 5, 20.00, 'RUB', '2023-04-05 14:13:53', NULL, NULL, NULL, 20.000000000000),
(11630, 24470, NULL, 5, 14285.00, 'RUB', '2023-04-05 14:13:53', NULL, NULL, NULL, 14285.000000000000),
(11631, 24471, NULL, 5, 4000.00, 'RUB', '2023-04-05 14:13:53', NULL, NULL, NULL, 4000.000000000000),
(11632, 24472, NULL, 5, 500.00, 'RUB', '2023-04-05 14:13:53', NULL, NULL, NULL, 500.000000000000),
(11633, 24473, NULL, 5, 1850.00, 'RUB', '2023-04-05 14:13:53', NULL, NULL, NULL, 1850.000000000000),
(11634, 24474, NULL, 5, 1850.00, 'RUB', '2023-04-05 14:13:53', NULL, NULL, NULL, 1850.000000000000),
(11635, 24475, NULL, 5, 1850.00, 'RUB', '2023-04-05 14:13:53', NULL, NULL, NULL, 1850.000000000000),
(11636, 24476, NULL, 5, 5640.00, 'RUB', '2023-04-05 14:13:53', NULL, NULL, NULL, 5640.000000000000),
(11637, 24477, NULL, 5, 2500.00, 'RUB', '2023-04-05 14:13:53', NULL, NULL, NULL, 2500.000000000000),
(11638, 24478, NULL, 5, 2900.00, 'RUB', '2023-04-05 14:13:53', NULL, NULL, NULL, 2900.000000000000),
(11639, 24479, NULL, 5, 3765.00, 'RUB', '2023-04-05 14:13:53', NULL, NULL, NULL, 3765.000000000000),
(11640, 24480, NULL, 5, 3500.00, 'RUB', '2023-04-05 14:13:53', NULL, NULL, NULL, 3500.000000000000),
(11641, 24481, NULL, 5, 1250.00, 'RUB', '2023-04-05 14:13:53', NULL, NULL, NULL, 1250.000000000000),
(11642, 24482, NULL, 5, 450.00, 'RUB', '2023-04-05 14:13:53', NULL, NULL, NULL, 450.000000000000),
(11643, 24483, NULL, 5, 1650.00, 'RUB', '2023-04-05 14:13:53', NULL, NULL, NULL, 1650.000000000000),
(11644, 24484, NULL, 5, 14165.00, 'RUB', '2023-04-05 14:13:53', NULL, NULL, NULL, 14165.000000000000),
(11645, 24485, NULL, 5, 1000.00, 'RUB', '2023-04-05 14:13:53', NULL, NULL, NULL, 1000.000000000000),
(11646, 24486, NULL, 5, 1500.00, 'RUB', '2023-04-05 14:13:53', NULL, NULL, NULL, 1500.000000000000),
(11647, 24487, NULL, 5, 2800.00, 'RUB', '2023-04-05 14:13:53', NULL, NULL, NULL, 2800.000000000000),
(11648, 24488, NULL, 5, 1720.00, 'RUB', '2023-04-05 14:13:53', NULL, NULL, NULL, 1720.000000000000),
(11649, 24489, NULL, 5, 6695.00, 'RUB', '2023-04-05 14:13:53', NULL, NULL, NULL, 6695.000000000000),
(11650, 24490, NULL, 5, 465.00, 'RUB', '2023-04-05 14:13:53', NULL, NULL, NULL, 465.000000000000),
(11651, 24491, NULL, 5, 11725.00, 'RUB', '2023-04-05 14:13:53', NULL, NULL, NULL, 11725.000000000000),
(11652, 24492, NULL, 5, 5460.00, 'RUB', '2023-04-05 14:13:53', NULL, NULL, NULL, 5460.000000000000),
(11653, 24493, NULL, 5, 2265.00, 'RUB', '2023-04-05 14:13:53', NULL, NULL, NULL, 2265.000000000000),
(11654, 24494, NULL, 5, 2700.00, 'RUB', '2023-04-05 14:13:53', NULL, NULL, NULL, 2700.000000000000),
(11655, 24495, NULL, 5, 2355.00, 'RUB', '2023-04-05 14:13:53', NULL, NULL, NULL, 2355.000000000000),
(11656, 24496, NULL, 5, 5755.00, 'RUB', '2023-04-05 14:13:53', NULL, NULL, NULL, 5755.000000000000),
(11657, 24497, NULL, 5, 22776.00, 'RUB', '2023-04-05 14:13:53', NULL, NULL, NULL, 22776.000000000000),
(11658, 24498, NULL, 5, 11232.00, 'RUB', '2023-04-05 14:13:53', NULL, NULL, NULL, 11232.000000000000),
(11659, 24499, NULL, 5, 100.00, 'RUB', '2023-04-05 14:13:53', NULL, NULL, NULL, 100.000000000000),
(11660, 24500, NULL, 5, 13215.00, 'RUB', '2023-04-05 14:13:53', NULL, NULL, NULL, 13215.000000000000),
(11661, 24501, NULL, 5, 1000.00, 'RUB', '2023-04-05 14:13:53', NULL, NULL, NULL, 1000.000000000000),
(11662, 24502, NULL, 5, 1305.00, 'RUB', '2023-04-05 14:13:53', NULL, NULL, NULL, 1305.000000000000),
(11663, 24503, NULL, 5, 14664.00, 'RUB', '2023-04-05 14:13:53', NULL, NULL, NULL, 14664.000000000000),
(11664, 24504, NULL, 5, 5000.00, 'RUB', '2023-04-05 14:13:53', NULL, NULL, NULL, 5000.000000000000),
(11665, 24505, NULL, 5, 1695.00, 'RUB', '2023-04-05 14:13:53', NULL, NULL, NULL, 1695.000000000000),
(11666, 24506, NULL, 5, 2805.00, 'RUB', '2023-04-05 14:13:53', NULL, NULL, NULL, 2805.000000000000),
(11667, 24507, NULL, 5, 2200.00, 'RUB', '2023-04-05 14:13:53', NULL, NULL, NULL, 2200.000000000000),
(11668, 24508, NULL, 5, 2445.00, 'RUB', '2023-04-05 14:13:53', NULL, NULL, NULL, 2445.000000000000),
(11669, 24509, NULL, 5, 2700.00, 'RUB', '2023-04-05 14:13:53', NULL, NULL, NULL, 2700.000000000000),
(11670, 24510, NULL, 5, 34788.00, 'RUB', '2023-04-05 14:13:53', NULL, NULL, NULL, 34788.000000000000),
(11671, 24511, NULL, 5, 1250.00, 'RUB', '2023-04-05 14:13:53', NULL, NULL, NULL, 1250.000000000000),
(11672, 24512, NULL, 5, 6400.00, 'RUB', '2023-04-05 14:13:53', NULL, NULL, NULL, 6400.000000000000),
(11673, 24513, NULL, 5, 1950.00, 'RUB', '2023-04-05 14:13:53', NULL, NULL, NULL, 1950.000000000000),
(11674, 24514, NULL, 5, 7415.00, 'RUB', '2023-04-05 14:13:53', NULL, NULL, NULL, 7415.000000000000),
(11675, 24515, NULL, 5, 7055.00, 'RUB', '2023-04-05 14:13:53', NULL, NULL, NULL, 7055.000000000000),
(11676, 24516, NULL, 5, 2355.00, 'RUB', '2023-04-05 14:13:53', NULL, NULL, NULL, 2355.000000000000),
(11677, 24517, NULL, 5, 6710.00, 'RUB', '2023-04-05 14:13:53', NULL, NULL, NULL, 6710.000000000000),
(11678, 24518, NULL, 5, 1700.00, 'RUB', '2023-04-05 14:13:53', NULL, NULL, NULL, 1700.000000000000),
(11679, 24519, NULL, 5, 300.00, 'RUB', '2023-04-05 14:13:53', NULL, NULL, NULL, 300.000000000000),
(11680, 24520, NULL, 5, 7000.00, 'RUB', '2023-04-05 14:13:53', NULL, NULL, NULL, 7000.000000000000),
(11681, 24521, NULL, 5, 950.00, 'RUB', '2023-04-05 14:13:53', NULL, NULL, NULL, 950.000000000000),
(11682, 24522, NULL, 5, 550.00, 'RUB', '2023-04-05 14:13:53', NULL, NULL, NULL, 550.000000000000),
(11683, 24523, NULL, 5, 400.00, 'RUB', '2023-04-05 14:13:53', NULL, NULL, NULL, 400.000000000000),
(11684, 24524, NULL, 5, 350.00, 'RUB', '2023-04-05 14:13:53', NULL, NULL, NULL, 350.000000000000),
(11685, 24525, NULL, 5, 400.00, 'RUB', '2023-04-05 14:13:53', NULL, NULL, NULL, 400.000000000000),
(11686, 24526, NULL, 5, 500.00, 'RUB', '2023-04-05 14:13:53', NULL, NULL, NULL, 500.000000000000),
(11687, 24527, NULL, 5, 600.00, 'RUB', '2023-04-05 14:13:53', NULL, NULL, NULL, 600.000000000000),
(11688, 24528, NULL, 5, 3000.00, 'RUB', '2023-04-05 14:13:53', NULL, NULL, NULL, 3000.000000000000),
(11689, 24529, NULL, 5, 750.00, 'RUB', '2023-04-05 14:13:53', NULL, NULL, NULL, 750.000000000000),
(11690, 24530, NULL, 5, 1600.00, 'RUB', '2023-04-05 14:13:53', NULL, NULL, NULL, 1600.000000000000),
(11691, 24531, NULL, 5, 1200.00, 'RUB', '2023-04-05 14:13:53', NULL, NULL, NULL, 1200.000000000000),
(11692, 24532, NULL, 5, 300.00, 'RUB', '2023-04-05 14:13:53', NULL, NULL, NULL, 300.000000000000),
(11693, 24533, NULL, 5, 1200.00, 'RUB', '2023-04-05 14:13:53', NULL, NULL, NULL, 1200.000000000000),
(11694, 24534, NULL, 5, 725.00, 'RUB', '2023-04-05 14:13:53', NULL, NULL, NULL, 725.000000000000),
(11695, 24535, NULL, 5, 2005.00, 'RUB', '2023-04-05 14:13:53', NULL, NULL, NULL, 2005.000000000000),
(11696, 24536, NULL, 5, 2800.00, 'RUB', '2023-04-05 14:13:53', NULL, NULL, NULL, 2800.000000000000),
(11697, 24537, NULL, 5, 1855.00, 'RUB', '2023-04-05 14:13:53', NULL, NULL, NULL, 1855.000000000000),
(11698, 24538, NULL, 5, 10000.00, 'RUB', '2023-04-05 14:13:53', NULL, NULL, NULL, 10000.000000000000),
(11699, 24539, NULL, 5, 955.00, 'RUB', '2023-04-05 14:13:53', NULL, NULL, NULL, 955.000000000000),
(11700, 24540, NULL, 5, 925.00, 'RUB', '2023-04-05 14:13:53', NULL, NULL, NULL, 925.000000000000),
(11701, 24541, NULL, 5, 10000.00, 'RUB', '2023-04-05 14:13:53', NULL, NULL, NULL, 10000.000000000000),
(11702, 24542, NULL, 5, 1225.00, 'RUB', '2023-04-05 14:13:54', NULL, NULL, NULL, 1225.000000000000),
(11703, 24543, NULL, 5, 7850.00, 'RUB', '2023-04-05 14:13:54', NULL, NULL, NULL, 7850.000000000000),
(11704, 24544, NULL, 5, 1825.00, 'RUB', '2023-04-05 14:13:54', NULL, NULL, NULL, 1825.000000000000),
(11705, 24545, NULL, 5, 3650.00, 'RUB', '2023-04-05 14:13:54', NULL, NULL, NULL, 3650.000000000000),
(11706, 24546, NULL, 5, 14500.00, 'RUB', '2023-04-05 14:13:54', NULL, NULL, NULL, 14500.000000000000),
(11707, 24547, NULL, 5, 6500.00, 'RUB', '2023-04-05 14:13:54', NULL, NULL, NULL, 6500.000000000000),
(11708, 24548, NULL, 5, 625.00, 'RUB', '2023-04-05 14:13:54', NULL, NULL, NULL, 625.000000000000),
(11709, 24549, NULL, 5, 625.00, 'RUB', '2023-04-05 14:13:54', NULL, NULL, NULL, 625.000000000000),
(11710, 24550, NULL, 5, 625.00, 'RUB', '2023-04-05 14:13:54', NULL, NULL, NULL, 625.000000000000),
(11711, 24551, NULL, 5, 6950.00, 'RUB', '2023-04-05 14:13:54', NULL, NULL, NULL, 6950.000000000000),
(11712, 24552, NULL, 5, 825.00, 'RUB', '2023-04-05 14:13:54', NULL, NULL, NULL, 825.000000000000),
(11713, 24553, NULL, 5, 2005.00, 'RUB', '2023-04-05 14:13:54', NULL, NULL, NULL, 2005.000000000000),
(11714, 24554, NULL, 5, 1600.00, 'RUB', '2023-04-05 14:13:54', NULL, NULL, NULL, 1600.000000000000),
(11715, 24555, NULL, 5, 2000.00, 'RUB', '2023-04-05 14:13:54', NULL, NULL, NULL, 2000.000000000000),
(11716, 24556, NULL, 5, 2000.00, 'RUB', '2023-04-05 14:13:54', NULL, NULL, NULL, 2000.000000000000),
(11717, 24557, NULL, 5, 2000.00, 'RUB', '2023-04-05 14:13:54', NULL, NULL, NULL, 2000.000000000000),
(11718, 24558, NULL, 5, 2000.00, 'RUB', '2023-04-05 14:13:54', NULL, NULL, NULL, 2000.000000000000),
(11719, 24559, NULL, 5, 2000.00, 'RUB', '2023-04-05 14:13:54', NULL, NULL, NULL, 2000.000000000000),
(11720, 24560, NULL, 5, 2565.00, 'RUB', '2023-04-05 14:13:54', NULL, NULL, NULL, 2565.000000000000),
(11721, 24561, NULL, 5, 5850.00, 'RUB', '2023-04-05 14:13:54', NULL, NULL, NULL, 5850.000000000000),
(11722, 24562, NULL, 5, 13850.00, 'RUB', '2023-04-05 14:13:54', NULL, NULL, NULL, 13850.000000000000),
(11723, 24563, NULL, 5, 12350.00, 'RUB', '2023-04-05 14:13:54', NULL, NULL, NULL, 12350.000000000000),
(11724, 24564, NULL, 5, 1550.00, 'RUB', '2023-04-05 14:13:54', NULL, NULL, NULL, 1550.000000000000),
(11725, 24565, NULL, 5, 3350.00, 'RUB', '2023-04-05 14:13:54', NULL, NULL, NULL, 3350.000000000000),
(11726, 24566, NULL, 5, 12850.00, 'RUB', '2023-04-05 14:13:54', NULL, NULL, NULL, 12850.000000000000),
(11727, 24567, NULL, 5, 7550.00, 'RUB', '2023-04-05 14:13:54', NULL, NULL, NULL, 7550.000000000000),
(11728, 24568, NULL, 5, 3250.00, 'RUB', '2023-04-05 14:13:54', NULL, NULL, NULL, 3250.000000000000),
(11729, 24569, NULL, 5, 19950.00, 'RUB', '2023-04-05 14:13:54', NULL, NULL, NULL, 19950.000000000000),
(11730, 24570, NULL, 5, 12750.00, 'RUB', '2023-04-05 14:13:54', NULL, NULL, NULL, 12750.000000000000),
(11731, 24571, NULL, 5, 1750.00, 'RUB', '2023-04-05 14:13:54', NULL, NULL, NULL, 1750.000000000000),
(11732, 24572, NULL, 5, 13000.00, 'RUB', '2023-04-05 14:13:54', NULL, NULL, NULL, 13000.000000000000),
(11733, 24573, NULL, 5, 525.00, 'RUB', '2023-04-05 14:13:54', NULL, NULL, NULL, 525.000000000000),
(11734, 24574, NULL, 5, 12150.00, 'RUB', '2023-04-05 14:13:54', NULL, NULL, NULL, 12150.000000000000),
(11735, 24575, NULL, 5, 3000.00, 'RUB', '2023-04-05 14:13:54', NULL, NULL, NULL, 3000.000000000000),
(11736, 24576, NULL, 5, 5000.00, 'RUB', '2023-04-05 14:13:54', NULL, NULL, NULL, 5000.000000000000),
(11737, 24577, NULL, 5, 1700.00, 'RUB', '2023-04-05 14:13:54', NULL, NULL, NULL, 1700.000000000000),
(11738, 24578, NULL, 5, 1700.00, 'RUB', '2023-04-05 14:13:54', NULL, NULL, NULL, 1700.000000000000),
(11739, 24579, NULL, 5, 2150.00, 'RUB', '2023-04-05 14:13:54', NULL, NULL, NULL, 2150.000000000000),
(11740, 24580, NULL, 5, 1350.00, 'RUB', '2023-04-05 14:13:54', NULL, NULL, NULL, 1350.000000000000),
(11741, 24581, NULL, 5, 1350.00, 'RUB', '2023-04-05 14:13:54', NULL, NULL, NULL, 1350.000000000000),
(11742, 24582, NULL, 5, 3450.00, 'RUB', '2023-04-05 14:13:54', NULL, NULL, NULL, 3450.000000000000),
(11743, 24583, NULL, 5, 3450.00, 'RUB', '2023-04-05 14:13:54', NULL, NULL, NULL, 3450.000000000000),
(11744, 24584, NULL, 5, 2650.00, 'RUB', '2023-04-05 14:13:54', NULL, NULL, NULL, 2650.000000000000),
(11745, 24585, NULL, 5, 2575.00, 'RUB', '2023-06-23 15:03:01', NULL, NULL, NULL, 2575.000000000000),
(11746, 24586, NULL, 5, 2550.00, 'RUB', '2023-04-05 14:13:54', NULL, NULL, NULL, 2550.000000000000),
(11747, 24587, NULL, 5, 4050.00, 'RUB', '2023-04-05 14:13:54', NULL, NULL, NULL, 4050.000000000000),
(11748, 24588, NULL, 5, 2150.00, 'RUB', '2023-04-05 14:13:54', NULL, NULL, NULL, 2150.000000000000),
(11749, 24589, NULL, 5, 7500.00, 'RUB', '2023-04-05 14:13:54', NULL, NULL, NULL, 7500.000000000000),
(11750, 24590, NULL, 5, 4050.00, 'RUB', '2023-04-05 14:13:54', NULL, NULL, NULL, 4050.000000000000),
(11751, 24591, NULL, 5, 450.00, 'RUB', '2023-04-05 14:13:54', NULL, NULL, NULL, 450.000000000000),
(11752, 24592, NULL, 5, 3365.00, 'RUB', '2023-04-05 14:13:54', NULL, NULL, NULL, 3365.000000000000),
(11753, 24593, NULL, 5, 3980.00, 'RUB', '2023-04-05 14:13:54', NULL, NULL, NULL, 3980.000000000000),
(11754, 24594, NULL, 5, 8640.00, 'RUB', '2023-04-05 14:13:54', NULL, NULL, NULL, 8640.000000000000),
(11755, 24595, NULL, 5, 4250.00, 'RUB', '2023-04-05 14:13:54', NULL, NULL, NULL, 4250.000000000000),
(11756, 24596, NULL, 5, 6000.00, 'RUB', '2023-04-28 08:28:48', NULL, NULL, NULL, 6000.000000000000),
(11757, 24597, NULL, 5, 1500.00, 'RUB', '2023-04-28 08:28:48', NULL, NULL, NULL, 1500.000000000000),
(11758, 24598, NULL, 5, 3500.00, 'RUB', '2023-04-28 08:28:48', NULL, NULL, NULL, 3500.000000000000),
(11759, 24600, NULL, 5, 35000.00, 'RUB', '2023-04-28 08:28:48', NULL, NULL, NULL, 35000.000000000000),
(11760, 24601, NULL, 5, 35000.00, 'RUB', '2023-04-28 08:28:48', NULL, NULL, NULL, 35000.000000000000),
(11761, 24602, NULL, 5, 7000.00, 'RUB', '2023-04-28 08:28:48', NULL, NULL, NULL, 7000.000000000000),
(11762, 24603, NULL, 5, 11000.00, 'RUB', '2023-04-28 08:28:48', NULL, NULL, NULL, 11000.000000000000),
(11763, 24604, NULL, 5, 3150.00, 'RUB', '2023-04-05 14:13:54', NULL, NULL, NULL, 3150.000000000000),
(11764, 24605, NULL, 5, 500.00, 'RUB', '2023-04-05 14:13:54', NULL, NULL, NULL, 500.000000000000),
(11765, 24606, NULL, 5, 1450.00, 'RUB', '2023-04-05 14:13:54', NULL, NULL, NULL, 1450.000000000000),
(11766, 24599, NULL, 5, 4500.00, 'RUB', '2023-04-28 08:28:48', NULL, NULL, NULL, 4500.000000000000);
-- -----------------------------------
-- Dumping table b_catalog_product
-- -----------------------------------
CREATE TABLE `b_catalog_product` (
  `ID` int(11) NOT NULL,
  `QUANTITY` double NOT NULL,
  `QUANTITY_TRACE` char(1) COLLATE utf8_unicode_ci NOT NULL DEFAULT 'N',
  `WEIGHT` double NOT NULL DEFAULT '0',
  `TIMESTAMP_X` timestamp NOT NULL DEFAULT CURRENT_TIMESTAMP ON UPDATE CURRENT_TIMESTAMP,
  `PRICE_TYPE` char(1) COLLATE utf8_unicode_ci NOT NULL DEFAULT 'S',
  `RECUR_SCHEME_LENGTH` int(11) DEFAULT NULL,
  `RECUR_SCHEME_TYPE` char(1) COLLATE utf8_unicode_ci NOT NULL DEFAULT 'D',
  `TRIAL_PRICE_ID` int(11) DEFAULT NULL,
  `WITHOUT_ORDER` char(1) COLLATE utf8_unicode_ci NOT NULL DEFAULT 'N',
  `SELECT_BEST_PRICE` char(1) COLLATE utf8_unicode_ci NOT NULL DEFAULT 'Y',
  `VAT_ID` int(11) DEFAULT '0',
  `VAT_INCLUDED` char(1) COLLATE utf8_unicode_ci DEFAULT 'Y',
  `CAN_BUY_ZERO` char(1) COLLATE utf8_unicode_ci NOT NULL DEFAULT 'N',
  `NEGATIVE_AMOUNT_TRACE` char(1) COLLATE utf8_unicode_ci NOT NULL DEFAULT 'D',
  `TMP_ID` varchar(40) COLLATE utf8_unicode_ci DEFAULT NULL,
  `PURCHASING_PRICE` decimal(18,2) DEFAULT NULL,
  `PURCHASING_CURRENCY` char(3) COLLATE utf8_unicode_ci DEFAULT NULL,
  `BARCODE_MULTI` char(1) COLLATE utf8_unicode_ci NOT NULL DEFAULT 'N',
  `QUANTITY_RESERVED` double DEFAULT '0',
  `SUBSCRIBE` char(1) COLLATE utf8_unicode_ci DEFAULT NULL,
  `WIDTH` double DEFAULT NULL,
  `LENGTH` double DEFAULT NULL,
  `HEIGHT` double DEFAULT NULL,
  `MEASURE` int(11) DEFAULT NULL,
  `TYPE` int(11) DEFAULT NULL,
  `AVAILABLE` char(1) COLLATE utf8_unicode_ci DEFAULT NULL,
  `BUNDLE` char(1) COLLATE utf8_unicode_ci DEFAULT NULL,
  PRIMARY KEY (`ID`)
) ENGINE=InnoDB DEFAULT CHARSET=utf8 COLLATE=utf8_unicode_ci;

INSERT INTO `b_catalog_product` VALUES
(24364, 1, 'D', 0, '2023-07-25 06:46:20', 'S', NULL, 'D', NULL, 'N', 'N', 4, 'Y', 'D', 'D', NULL, NULL, NULL, 'N', 0, 'D', NULL, NULL, NULL, 5, 1, 'Y', 'N'),
(24365, 1, 'D', 0, '2023-07-25 06:46:20', 'S', NULL, 'D', NULL, 'N', 'N', 4, 'Y', 'D', 'D', NULL, NULL, NULL, 'N', 0, 'D', NULL, NULL, NULL, 5, 1, 'Y', 'N'),
(24366, 4, 'D', 0, '2023-07-25 06:46:20', 'S', NULL, 'D', NULL, 'N', 'N', 4, 'Y', 'D', 'D', NULL, NULL, NULL, 'N', 0, 'D', NULL, NULL, NULL, 5, 1, 'Y', 'N'),
(24367, 3, 'D', 0, '2023-07-25 06:46:20', 'S', NULL, 'D', NULL, 'N', 'N', 4, 'Y', 'D', 'D', NULL, NULL, NULL, 'N', 0, 'D', NULL, NULL, NULL, 5, 1, 'Y', 'N'),
(24368, 0, 'D', 0, '2023-07-06 07:03:19', 'S', NULL, 'D', NULL, 'N', 'N', 4, 'Y', 'D', 'D', NULL, NULL, NULL, 'N', 0, 'D', NULL, NULL, NULL, 5, 1, 'Y', 'N'),
(24369, 1, 'D', 0, '2023-07-25 06:46:20', 'S', NULL, 'D', NULL, 'N', 'N', 4, 'Y', 'D', 'D', NULL, NULL, NULL, 'N', 0, 'D', NULL, NULL, NULL, 5, 1, 'Y', 'N'),
(24370, 1, 'D', 0, '2023-07-25 06:46:20', 'S', NULL, 'D', NULL, 'N', 'N', 4, 'Y', 'D', 'D', NULL, NULL, NULL, 'N', 0, 'D', NULL, NULL, NULL, 5, 1, 'Y', 'N'),
(24371, 2, 'D', 0, '2023-07-25 06:46:20', 'S', NULL, 'D', NULL, 'N', 'N', 4, 'Y', 'D', 'D', NULL, NULL, NULL, 'N', 0, 'D', NULL, NULL, NULL, 5, 1, 'Y', 'N'),
(24372, 1, 'D', 0, '2023-07-25 06:46:20', 'S', NULL, 'D', NULL, 'N', 'N', 4, 'Y', 'D', 'D', NULL, NULL, NULL, 'N', 0, 'D', NULL, NULL, NULL, 5, 1, 'Y', 'N'),
(24373, 1, 'D', 0, '2023-07-25 06:46:20', 'S', NULL, 'D', NULL, 'N', 'N', 4, 'Y', 'D', 'D', NULL, NULL, NULL, 'N', 0, 'D', NULL, NULL, NULL, 5, 1, 'Y', 'N'),
(24374, 4, 'D', 0, '2023-07-25 06:46:20', 'S', NULL, 'D', NULL, 'N', 'N', 4, 'Y', 'D', 'D', NULL, NULL, NULL, 'N', 0, 'D', NULL, NULL, NULL, 5, 1, 'Y', 'N'),
(24375, 0, 'D', 0, '2023-07-06 07:03:20', 'S', NULL, 'D', NULL, 'N', 'N', 4, 'Y', 'D', 'D', NULL, NULL, NULL, 'N', 0, 'D', NULL, NULL, NULL, 5, 1, 'Y', 'N'),
(24376, 0, 'D', 0, '2023-07-25 06:46:20', 'S', NULL, 'D', NULL, 'N', 'N', 4, 'Y', 'D', 'D', NULL, NULL, NULL, 'N', 0, 'D', NULL, NULL, NULL, 5, 1, 'Y', 'N'),
(24377, 1, 'D', 0, '2023-07-25 06:46:20', 'S', NULL, 'D', NULL, 'N', 'N', NULL, 'N', 'D', 'D', NULL, NULL, NULL, 'N', 0, 'D', NULL, NULL, NULL, 5, 1, 'Y', 'N'),
(24378, 1, 'D', 0, '2023-07-25 06:46:20', 'S', NULL, 'D', NULL, 'N', 'N', 4, 'Y', 'D', 'D', NULL, NULL, NULL, 'N', 0, 'D', NULL, NULL, NULL, 5, 1, 'Y', 'N'),
(24379, 8, 'D', 0, '2023-07-25 06:46:20', 'S', NULL, 'D', NULL, 'N', 'N', 4, 'Y', 'D', 'D', NULL, NULL, NULL, 'N', 0, 'D', NULL, NULL, NULL, 5, 1, 'Y', 'N'),
(24380, 1, 'D', 0, '2023-07-25 06:46:20', 'S', NULL, 'D', NULL, 'N', 'N', 4, 'Y', 'D', 'D', NULL, NULL, NULL, 'N', 0, 'D', NULL, NULL, NULL, 5, 1, 'Y', 'N'),
(24381, 0, 'D', 0, '2023-07-06 07:03:20', 'S', NULL, 'D', NULL, 'N', 'N', 4, 'Y', 'D', 'D', NULL, NULL, NULL, 'N', 0, 'D', NULL, NULL, NULL, 5, 1, 'Y', 'N'),
(24382, 5, 'D', 0, '2023-07-25 06:46:20', 'S', NULL, 'D', NULL, 'N', 'N', 4, 'Y', 'D', 'D', NULL, NULL, NULL, 'N', 0, 'D', NULL, NULL, NULL, 5, 1, 'Y', 'N'),
(24383, 4, 'D', 0, '2023-07-25 06:46:20', 'S', NULL, 'D', NULL, 'N', 'N', 4, 'Y', 'D', 'D', NULL, NULL, NULL, 'N', 0, 'D', NULL, NULL, NULL, 5, 1, 'Y', 'N'),
(24384, 2, 'D', 0, '2023-07-25 06:46:20', 'S', NULL, 'D', NULL, 'N', 'N', 4, 'Y', 'D', 'D', NULL, NULL, NULL, 'N', 0, 'D', NULL, NULL, NULL, 5, 1, 'Y', 'N'),
(24385, 5, 'D', 0, '2023-07-25 06:46:20', 'S', NULL, 'D', NULL, 'N', 'N', 4, 'Y', 'D', 'D', NULL, NULL, NULL, 'N', 0, 'D', NULL, NULL, NULL, 5, 1, 'Y', 'N'),
(24386, 1, 'D', 0, '2023-07-25 06:46:20', 'S', NULL, 'D', NULL, 'N', 'N', 4, 'Y', 'D', 'D', NULL, NULL, NULL, 'N', 0, 'D', NULL, NULL, NULL, 5, 1, 'Y', 'N'),
(24387, 1, 'D', 0, '2023-07-25 06:46:20', 'S', NULL, 'D', NULL, 'N', 'N', 4, 'Y', 'D', 'D', NULL, NULL, NULL, 'N', 0, 'D', NULL, NULL, NULL, 5, 1, 'Y', 'N'),
(24388, 4, 'D', 0, '2023-07-25 06:46:20', 'S', NULL, 'D', NULL, 'N', 'N', 4, 'Y', 'D', 'D', NULL, NULL, NULL, 'N', 0, 'D', NULL, NULL, NULL, 5, 1, 'Y', 'N'),
(24389, 21, 'D', 0, '2023-07-25 06:46:20', 'S', NULL, 'D', NULL, 'N', 'N', 4, 'Y', 'D', 'D', NULL, NULL, NULL, 'N', 0, 'D', NULL, NULL, NULL, 5, 1, 'Y', 'N'),
(24390, 1, 'D', 0, '2023-07-25 06:46:20', 'S', NULL, 'D', NULL, 'N', 'N', 4, 'Y', 'D', 'D', NULL, NULL, NULL, 'N', 0, 'D', NULL, NULL, NULL, 5, 1, 'Y', 'N'),
(24391, 3, 'D', 0, '2023-07-25 06:46:20', 'S', NULL, 'D', NULL, 'N', 'N', 4, 'Y', 'D', 'D', NULL, NULL, NULL, 'N', 0, 'D', NULL, NULL, NULL, 5, 1, 'Y', 'N'),
(24392, 7, 'D', 0, '2023-07-25 06:46:20', 'S', NULL, 'D', NULL, 'N', 'N', 4, 'Y', 'D', 'D', NULL, NULL, NULL, 'N', 0, 'D', NULL, NULL, NULL, 5, 1, 'Y', 'N'),
(24393, 0, 'D', 0, '2023-07-06 07:03:20', 'S', NULL, 'D', NULL, 'N', 'N', 4, 'Y', 'D', 'D', NULL, NULL, NULL, 'N', 0, 'D', NULL, NULL, NULL, 5, 1, 'Y', 'N'),
(24394, 6, 'D', 0, '2023-07-25 06:46:20', 'S', NULL, 'D', NULL, 'N', 'N', NULL, 'N', 'D', 'D', NULL, NULL, NULL, 'N', 0, 'D', NULL, NULL, NULL, 5, 1, 'Y', 'N'),
(24395, 2, 'D', 0, '2023-07-25 06:46:20', 'S', NULL, 'D', NULL, 'N', 'N', 4, 'Y', 'D', 'D', NULL, NULL, NULL, 'N', 0, 'D', NULL, NULL, NULL, 5, 1, 'Y', 'N'),
(24396, 1, 'D', 0, '2023-07-25 06:46:20', 'S', NULL, 'D', NULL, 'N', 'N', 4, 'Y', 'D', 'D', NULL, NULL, NULL, 'N', 0, 'D', NULL, NULL, NULL, 5, 1, 'Y', 'N'),
(24397, 1, 'D', 0, '2023-07-25 06:46:21', 'S', NULL, 'D', NULL, 'N', 'N', 4, 'Y', 'D', 'D', NULL, NULL, NULL, 'N', 0, 'D', NULL, NULL, NULL, 5, 1, 'Y', 'N'),
(24398, 1, 'D', 0, '2023-07-25 06:46:21', 'S', NULL, 'D', NULL, 'N', 'N', 4, 'Y', 'D', 'D', NULL, NULL, NULL, 'N', 0, 'D', NULL, NULL, NULL, 5, 1, 'Y', 'N'),
(24399, 2, 'D', 0, '2023-07-25 06:46:21', 'S', NULL, 'D', NULL, 'N', 'N', 4, 'Y', 'D', 'D', NULL, NULL, NULL, 'N', 0, 'D', NULL, NULL, NULL, 5, 1, 'Y', 'N'),
(24400, 13, 'D', 0, '2023-07-25 06:46:21', 'S', NULL, 'D', NULL, 'N', 'N', 4, 'Y', 'D', 'D', NULL, NULL, NULL, 'N', 0, 'D', NULL, NULL, NULL, 5, 1, 'Y', 'N'),
(24401, 1, 'D', 0, '2023-07-25 06:46:21', 'S', NULL, 'D', NULL, 'N', 'N', 4, 'Y', 'D', 'D', NULL, NULL, NULL, 'N', 0, 'D', NULL, NULL, NULL, 5, 1, 'Y', 'N'),
(24402, 0, 'D', 0, '2023-07-25 06:46:21', 'S', NULL, 'D', NULL, 'N', 'N', 4, 'Y', 'D', 'D', NULL, NULL, NULL, 'N', 0, 'D', NULL, NULL, NULL, 10, 1, 'Y', 'N'),
(24403, 1, 'D', 0, '2023-07-25 06:46:21', 'S', NULL, 'D', NULL, 'N', 'N', 4, 'Y', 'D', 'D', NULL, NULL, NULL, 'N', 0, 'D', NULL, NULL, NULL, 5, 1, 'Y', 'N'),
(24404, 6, 'D', 0, '2023-07-25 06:46:21', 'S', NULL, 'D', NULL, 'N', 'N', 4, 'Y', 'D', 'D', NULL, NULL, NULL, 'N', 0, 'D', NULL, NULL, NULL, 5, 1, 'Y', 'N'),
(24405, 3, 'D', 0, '2023-07-25 06:46:21', 'S', NULL, 'D', NULL, 'N', 'N', 4, 'Y', 'D', 'D', NULL, NULL, NULL, 'N', 0, 'D', NULL, NULL, NULL, 5, 1, 'Y', 'N'),
(24406, 1, 'D', 0, '2023-07-25 06:46:21', 'S', NULL, 'D', NULL, 'N', 'N', 4, 'Y', 'D', 'D', NULL, NULL, NULL, 'N', 0, 'D', NULL, NULL, NULL, 5, 1, 'Y', 'N'),
(24407, 1, 'D', 0, '2023-07-25 06:46:21', 'S', NULL, 'D', NULL, 'N', 'N', 4, 'Y', 'D', 'D', NULL, NULL, NULL, 'N', 0, 'D', NULL, NULL, NULL, 5, 1, 'Y', 'N'),
(24408, 1, 'D', 0, '2023-07-25 06:46:21', 'S', NULL, 'D', NULL, 'N', 'N', 4, 'Y', 'D', 'D', NULL, NULL, NULL, 'N', 0, 'D', NULL, NULL, NULL, 5, 1, 'Y', 'N'),
(24409, 1, 'D', 0, '2023-07-25 06:46:21', 'S', NULL, 'D', NULL, 'N', 'N', 4, 'Y', 'D', 'D', NULL, NULL, NULL, 'N', 0, 'D', NULL, NULL, NULL, 5, 1, 'Y', 'N'),
(24410, 1, 'D', 0, '2023-07-25 06:46:21', 'S', NULL, 'D', NULL, 'N', 'N', 4, 'Y', 'D', 'D', NULL, NULL, NULL, 'N', 0, 'D', NULL, NULL, NULL, 5, 1, 'Y', 'N'),
(24411, 1, 'D', 0, '2023-07-25 06:46:21', 'S', NULL, 'D', NULL, 'N', 'N', 4, 'Y', 'D', 'D', NULL, NULL, NULL, 'N', 0, 'D', NULL, NULL, NULL, 5, 1, 'Y', 'N'),
(24412, 1, 'D', 0, '2023-07-25 06:46:21', 'S', NULL, 'D', NULL, 'N', 'N', NULL, 'N', 'D', 'D', NULL, NULL, NULL, 'N', 0, 'D', NULL, NULL, NULL, 5, 1, 'Y', 'N'),
(24413, 1, 'D', 0, '2023-04-05 14:44:57', 'S', NULL, 'D', NULL, 'N', 'N', NULL, 'N', 'D', 'D', NULL, NULL, NULL, 'N', 0, 'D', NULL, NULL, NULL, 5, 1, 'Y', 'N'),
(24414, 1, 'D', 0, '2023-07-25 06:46:21', 'S', NULL, 'D', NULL, 'N', 'N', 4, 'Y', 'D', 'D', NULL, NULL, NULL, 'N', 0, 'D', NULL, NULL, NULL, 5, 1, 'Y', 'N'),
(24415, 2, 'D', 0, '2023-07-25 06:46:21', 'S', NULL, 'D', NULL, 'N', 'N', 4, 'Y', 'D', 'D', NULL, NULL, NULL, 'N', 0, 'D', NULL, NULL, NULL, 5, 1, 'Y', 'N'),
(24416, 0, 'D', 0, '2023-07-06 07:03:20', 'S', NULL, 'D', NULL, 'N', 'N', 4, 'Y', 'D', 'D', NULL, NULL, NULL, 'N', 0, 'D', NULL, NULL, NULL, 5, 1, 'Y', 'N'),
(24417, 2, 'D', 0, '2023-07-25 06:46:21', 'S', NULL, 'D', NULL, 'N', 'N', 4, 'Y', 'D', 'D', NULL, NULL, NULL, 'N', 0, 'D', NULL, NULL, NULL, 5, 1, 'Y', 'N'),
(24418, 1, 'D', 0, '2023-07-25 06:46:21', 'S', NULL, 'D', NULL, 'N', 'N', 4, 'Y', 'D', 'D', NULL, NULL, NULL, 'N', 0, 'D', NULL, NULL, NULL, 5, 1, 'Y', 'N'),
(24419, 2, 'D', 0, '2023-07-25 06:46:21', 'S', NULL, 'D', NULL, 'N', 'N', 4, 'Y', 'D', 'D', NULL, NULL, NULL, 'N', 0, 'D', NULL, NULL, NULL, 5, 1, 'Y', 'N'),
(24420, 3, 'D', 0, '2023-07-25 06:46:21', 'S', NULL, 'D', NULL, 'N', 'N', 4, 'Y', 'D', 'D', NULL, NULL, NULL, 'N', 0, 'D', NULL, NULL, NULL, 5, 1, 'Y', 'N'),
(24421, 1, 'D', 0, '2023-07-25 06:46:21', 'S', NULL, 'D', NULL, 'N', 'N', 4, 'Y', 'D', 'D', NULL, NULL, NULL, 'N', 0, 'D', NULL, NULL, NULL, 5, 1, 'Y', 'N'),
(24422, 1, 'D', 0, '2023-07-25 06:46:21', 'S', NULL, 'D', NULL, 'N', 'N', 4, 'Y', 'D', 'D', NULL, NULL, NULL, 'N', 0, 'D', NULL, NULL, NULL, 5, 1, 'Y', 'N'),
(24423, 0, 'D', 0, '2023-07-25 06:46:21', 'S', NULL, 'D', NULL, 'N', 'N', 4, 'Y', 'D', 'D', NULL, NULL, NULL, 'N', 0, 'D', NULL, NULL, NULL, 5, 1, 'Y', 'N'),
(24424, 2, 'D', 0, '2023-07-25 06:46:21', 'S', NULL, 'D', NULL, 'N', 'N', 4, 'Y', 'D', 'D', NULL, NULL, NULL, 'N', 0, 'D', NULL, NULL, NULL, 5, 1, 'Y', 'N'),
(24425, 1, 'D', 0, '2023-07-25 06:46:21', 'S', NULL, 'D', NULL, 'N', 'N', 4, 'Y', 'D', 'D', NULL, NULL, NULL, 'N', 0, 'D', NULL, NULL, NULL, 5, 1, 'Y', 'N'),
(24426, 4, 'D', 0, '2023-07-25 06:46:21', 'S', NULL, 'D', NULL, 'N', 'N', 4, 'Y', 'D', 'D', NULL, NULL, NULL, 'N', 0, 'D', NULL, NULL, NULL, 5, 1, 'Y', 'N'),
(24427, 1, 'D', 0, '2023-07-25 06:46:21', 'S', NULL, 'D', NULL, 'N', 'N', 4, 'Y', 'D', 'D', NULL, NULL, NULL, 'N', 0, 'D', NULL, NULL, NULL, 5, 1, 'Y', 'N'),
(24428, 4, 'D', 0, '2023-07-25 06:46:21', 'S', NULL, 'D', NULL, 'N', 'N', 4, 'Y', 'D', 'D', NULL, NULL, NULL, 'N', 0, 'D', NULL, NULL, NULL, 5, 1, 'Y', 'N'),
(24429, 1, 'D', 0, '2023-07-25 06:46:21', 'S', NULL, 'D', NULL, 'N', 'N', 4, 'Y', 'D', 'D', NULL, NULL, NULL, 'N', 0, 'D', NULL, NULL, NULL, 5, 1, 'Y', 'N'),
(24430, 8, 'D', 0, '2023-07-25 06:46:21', 'S', NULL, 'D', NULL, 'N', 'N', 4, 'Y', 'D', 'D', NULL, NULL, NULL, 'N', 0, 'D', NULL, NULL, NULL, 5, 1, 'Y', 'N'),
(24431, 2, 'D', 0, '2023-07-25 06:46:21', 'S', NULL, 'D', NULL, 'N', 'N', 4, 'Y', 'D', 'D', NULL, NULL, NULL, 'N', 0, 'D', NULL, NULL, NULL, 5, 1, 'Y', 'N'),
(24432, 1, 'D', 0, '2023-07-25 06:46:21', 'S', NULL, 'D', NULL, 'N', 'N', 4, 'Y', 'D', 'D', NULL, NULL, NULL, 'N', 0, 'D', NULL, NULL, NULL, 5, 1, 'Y', 'N'),
(24433, 1, 'D', 0, '2023-07-25 06:46:21', 'S', NULL, 'D', NULL, 'N', 'N', 4, 'Y', 'D', 'D', NULL, NULL, NULL, 'N', 0, 'D', NULL, NULL, NULL, 5, 1, 'Y', 'N'),
(24434, 2, 'D', 0, '2023-07-25 06:46:21', 'S', NULL, 'D', NULL, 'N', 'N', 4, 'Y', 'D', 'D', NULL, NULL, NULL, 'N', 0, 'D', NULL, NULL, NULL, 5, 1, 'Y', 'N'),
(24435, 1, 'D', 0, '2023-07-25 06:46:21', 'S', NULL, 'D', NULL, 'N', 'N', 4, 'Y', 'D', 'D', NULL, NULL, NULL, 'N', 0, 'D', NULL, NULL, NULL, 5, 1, 'Y', 'N'),
(24436, 1, 'D', 0, '2023-07-06 07:03:20', 'S', NULL, 'D', NULL, 'N', 'N', NULL, 'Y', 'D', 'D', NULL, NULL, NULL, 'N', 0, 'D', NULL, NULL, NULL, 5, 1, 'Y', 'N'),
(24437, 0, 'D', 0, '2023-07-06 07:03:20', 'S', NULL, 'D', NULL, 'N', 'N', 4, 'Y', 'D', 'D', NULL, NULL, NULL, 'N', 0, 'D', NULL, NULL, NULL, 5, 1, 'Y', 'N'),
(24438, 3, 'D', 0, '2023-07-25 06:46:21', 'S', NULL, 'D', NULL, 'N', 'N', 4, 'Y', 'D', 'D', NULL, NULL, NULL, 'N', 0, 'D', NULL, NULL, NULL, 5, 1, 'Y', 'N'),
(24439, 1, 'D', 0, '2023-04-05 14:44:57', 'S', NULL, 'D', NULL, 'N', 'N', 4, 'Y', 'D', 'D', NULL, NULL, NULL, 'N', 0, 'D', NULL, NULL, NULL, 5, 1, 'Y', 'N'),
(24440, 2, 'D', 0, '2023-07-25 06:46:21', 'S', NULL, 'D', NULL, 'N', 'N', 4, 'Y', 'D', 'D', NULL, NULL, NULL, 'N', 0, 'D', NULL, NULL, NULL, 5, 1, 'Y', 'N'),
(24441, 0, 'D', 0, '2023-07-06 07:03:20', 'S', NULL, 'D', NULL, 'N', 'N', 4, 'Y', 'D', 'D', NULL, NULL, NULL, 'N', 0, 'D', NULL, NULL, NULL, 5, 1, 'Y', 'N'),
(24442, 1, 'D', 0, '2023-07-25 06:46:21', 'S', NULL, 'D', NULL, 'N', 'N', 4, 'Y', 'D', 'D', NULL, NULL, NULL, 'N', 0, 'D', NULL, NULL, NULL, 5, 1, 'Y', 'N'),
(24443, 1, 'D', 0, '2023-07-25 06:46:21', 'S', NULL, 'D', NULL, 'N', 'N', 4, 'Y', 'D', 'D', NULL, NULL, NULL, 'N', 0, 'D', NULL, NULL, NULL, 5, 1, 'Y', 'N'),
(24444, 4, 'D', 0, '2023-07-25 06:46:21', 'S', NULL, 'D', NULL, 'N', 'N', 4, 'Y', 'D', 'D', NULL, NULL, NULL, 'N', 0, 'D', NULL, NULL, NULL, 5, 1, 'Y', 'N'),
(24445, 2, 'D', 0, '2023-07-25 06:46:21', 'S', NULL, 'D', NULL, 'N', 'N', 4, 'Y', 'D', 'D', NULL, NULL, NULL, 'N', 0, 'D', NULL, NULL, NULL, 5, 1, 'Y', 'N'),
(24446, 1, 'D', 0, '2023-07-25 06:46:21', 'S', NULL, 'D', NULL, 'N', 'N', 4, 'Y', 'D', 'D', NULL, NULL, NULL, 'N', 0, 'D', NULL, NULL, NULL, 5, 1, 'Y', 'N'),
(24447, 2, 'D', 0, '2023-07-25 06:46:21', 'S', NULL, 'D', NULL, 'N', 'N', 4, 'Y', 'D', 'D', NULL, NULL, NULL, 'N', 0, 'D', NULL, NULL, NULL, 5, 1, 'Y', 'N'),
(24448, 0, 'D', 0, '2023-07-06 07:03:20', 'S', NULL, 'D', NULL, 'N', 'N', 4, 'Y', 'D', 'D', NULL, NULL, NULL, 'N', 0, 'D', NULL, NULL, NULL, 5, 1, 'Y', 'N'),
(24449, 3, 'D', 0, '2023-07-25 06:46:21', 'S', NULL, 'D', NULL, 'N', 'N', 4, 'Y', 'D', 'D', NULL, NULL, NULL, 'N', 0, 'D', NULL, NULL, NULL, 5, 1, 'Y', 'N'),
(24450, 3, 'D', 0, '2023-07-25 06:46:21', 'S', NULL, 'D', NULL, 'N', 'N', NULL, 'Y', 'D', 'D', NULL, NULL, NULL, 'N', 0, 'D', NULL, NULL, NULL, 5, 1, 'Y', 'N'),
(24451, 1, 'D', 0, '2023-07-25 06:46:21', 'S', NULL, 'D', NULL, 'N', 'N', 4, 'Y', 'D', 'D', NULL, NULL, NULL, 'N', 0, 'D', NULL, NULL, NULL, 5, 1, 'Y', 'N'),
(24452, 2, 'D', 0, '2023-07-25 06:46:21', 'S', NULL, 'D', NULL, 'N', 'N', 4, 'Y', 'D', 'D', NULL, NULL, NULL, 'N', 0, 'D', NULL, NULL, NULL, 5, 1, 'Y', 'N'),
(24453, 0, 'D', 0, '2023-07-06 07:03:20', 'S', NULL, 'D', NULL, 'N', 'N', 4, 'Y', 'D', 'D', NULL, NULL, NULL, 'N', 0, 'D', NULL, NULL, NULL, 5, 1, 'Y', 'N'),
(24454, 2, 'D', 0, '2023-07-25 06:46:21', 'S', NULL, 'D', NULL, 'N', 'N', 4, 'Y', 'D', 'D', NULL, NULL, NULL, 'N', 0, 'D', NULL, NULL, NULL, 5, 1, 'Y', 'N'),
(24455, 3, 'D', 0, '2023-07-25 06:46:21', 'S', NULL, 'D', NULL, 'N', 'N', 4, 'Y', 'D', 'D', NULL, NULL, NULL, 'N', 0, 'D', NULL, NULL, NULL, 5, 1, 'Y', 'N'),
(24456, 5, 'D', 0, '2023-07-25 06:46:21', 'S', NULL, 'D', NULL, 'N', 'N', 4, 'Y', 'D', 'D', NULL, NULL, NULL, 'N', 0, 'D', NULL, NULL, NULL, 5, 1, 'Y', 'N'),
(24457, 3, 'D', 0, '2023-07-25 06:46:21', 'S', NULL, 'D', NULL, 'N', 'N', 4, 'Y', 'D', 'D', NULL, NULL, NULL, 'N', 0, 'D', NULL, NULL, NULL, 5, 1, 'Y', 'N'),
(24458, 0, 'D', 0, '2023-07-06 07:03:20', 'S', NULL, 'D', NULL, 'N', 'N', 4, 'Y', 'D', 'D', NULL, NULL, NULL, 'N', 0, 'D', NULL, NULL, NULL, 5, 1, 'Y', 'N'),
(24459, 2, 'D', 0, '2023-07-25 06:46:21', 'S', NULL, 'D', NULL, 'N', 'N', 4, 'Y', 'D', 'D', NULL, NULL, NULL, 'N', 0, 'D', NULL, NULL, NULL, 5, 1, 'Y', 'N'),
(24460, 2, 'D', 0, '2023-07-25 06:46:21', 'S', NULL, 'D', NULL, 'N', 'N', 4, 'Y', 'D', 'D', NULL, NULL, NULL, 'N', 0, 'D', NULL, NULL, NULL, 5, 1, 'Y', 'N'),
(24461, 0, 'D', 0, '2023-07-06 07:03:20', 'S', NULL, 'D', NULL, 'N', 'N', 4, 'Y', 'D', 'D', NULL, NULL, NULL, 'N', 0, 'D', NULL, NULL, NULL, 5, 1, 'Y', 'N'),
(24462, 11, 'D', 0, '2023-07-25 06:46:21', 'S', NULL, 'D', NULL, 'N', 'N', 4, 'Y', 'D', 'D', NULL, NULL, NULL, 'N', 0, 'D', NULL, NULL, NULL, 5, 1, 'Y', 'N'),
(24463, 2, 'D', 0, '2023-07-25 06:46:21', 'S', NULL, 'D', NULL, 'N', 'N', NULL, 'Y', 'D', 'D', NULL, NULL, NULL, 'N', 0, 'D', NULL, NULL, NULL, 5, 1, 'Y', 'N'),
(24464, 2, 'D', 0, '2023-07-25 06:46:21', 'S', NULL, 'D', NULL, 'N', 'N', 4, 'Y', 'D', 'D', NULL, NULL, NULL, 'N', 0, 'D', NULL, NULL, NULL, 5, 1, 'Y', 'N'),
(24465, 0, 'D', 0, '2023-07-06 07:03:20', 'S', NULL, 'D', NULL, 'N', 'N', 4, 'Y', 'D', 'D', NULL, NULL, NULL, 'N', 0, 'D', NULL, NULL, NULL, 5, 1, 'Y', 'N'),
(24466, 1, 'D', 0, '2023-07-25 06:46:21', 'S', NULL, 'D', NULL, 'N', 'N', 4, 'Y', 'D', 'D', NULL, NULL, NULL, 'N', 0, 'D', NULL, NULL, NULL, 5, 1, 'Y', 'N'),
(24467, 2, 'D', 0, '2023-07-25 06:46:21', 'S', NULL, 'D', NULL, 'N', 'N', 4, 'Y', 'D', 'D', NULL, NULL, NULL, 'N', 0, 'D', NULL, NULL, NULL, 5, 1, 'Y', 'N'),
(24468, 14, 'D', 0, '2023-07-25 06:46:21', 'S', NULL, 'D', NULL, 'N', 'N', 4, 'Y', 'D', 'D', NULL, NULL, NULL, 'N', 0, 'D', NULL, NULL, NULL, 5, 1, 'Y', 'N'),
(24469, 0, 'D', 0, '2023-07-06 07:03:20', 'S', NULL, 'D', NULL, 'N', 'N', 4, 'Y', 'D', 'D', NULL, NULL, NULL, 'N', 0, 'D', NULL, NULL, NULL, 5, 1, 'Y', 'N'),
(24470, 1, 'D', 0, '2023-07-06 07:03:20', 'S', NULL, 'D', NULL, 'N', 'N', 4, 'Y', 'D', 'D', NULL, NULL, NULL, 'N', 0, 'D', NULL, NULL, NULL, 5, 1, 'Y', 'N'),
(24471, 1, 'D', 0, '2023-07-25 06:46:21', 'S', NULL, 'D', NULL, 'N', 'N', 4, 'Y', 'D', 'D', NULL, NULL, NULL, 'N', 0, 'D', NULL, NULL, NULL, 5, 1, 'Y', 'N'),
(24472, 1, 'D', 0, '2023-07-25 06:46:21', 'S', NULL, 'D', NULL, 'N', 'N', 4, 'Y', 'D', 'D', NULL, NULL, NULL, 'N', 0, 'D', NULL, NULL, NULL, 5, 1, 'Y', 'N'),
(24473, 0, 'D', 0, '2023-07-06 07:03:20', 'S', NULL, 'D', NULL, 'N', 'N', 4, 'Y', 'D', 'D', NULL, NULL, NULL, 'N', 0, 'D', NULL, NULL, NULL, 5, 1, 'Y', 'N'),
(24474, 0, 'D', 0, '2023-07-06 07:03:20', 'S', NULL, 'D', NULL, 'N', 'N', 4, 'Y', 'D', 'D', NULL, NULL, NULL, 'N', 0, 'D', NULL, NULL, NULL, 5, 1, 'Y', 'N'),
(24475, 0, 'D', 0, '2023-07-06 07:03:20', 'S', NULL, 'D', NULL, 'N', 'N', 4, 'Y', 'D', 'D', NULL, NULL, NULL, 'N', 0, 'D', NULL, NULL, NULL, 5, 1, 'Y', 'N'),
(24476, 0, 'D', 0, '2023-07-25 06:46:21', 'S', NULL, 'D', NULL, 'N', 'N', 4, 'Y', 'D', 'D', NULL, NULL, NULL, 'N', 0, 'D', NULL, NULL, NULL, 5, 1, 'Y', 'N'),
(24477, 7, 'D', 0, '2023-07-25 06:46:21', 'S', NULL, 'D', NULL, 'N', 'N', 4, 'Y', 'D', 'D', NULL, NULL, NULL, 'N', 0, 'D', NULL, NULL, NULL, 5, 1, 'Y', 'N'),
(24478, 2, 'D', 0, '2023-07-25 06:46:21', 'S', NULL, 'D', NULL, 'N', 'N', 4, 'Y', 'D', 'D', NULL, NULL, NULL, 'N', 0, 'D', NULL, NULL, NULL, 5, 1, 'Y', 'N'),
(24479, 11, 'D', 0, '2023-07-25 06:46:21', 'S', NULL, 'D', NULL, 'N', 'N', 4, 'Y', 'D', 'D', NULL, NULL, NULL, 'N', 0, 'D', NULL, NULL, NULL, 5, 1, 'Y', 'N'),
(24480, 1, 'D', 0, '2023-07-25 06:46:21', 'S', NULL, 'D', NULL, 'N', 'N', 4, 'Y', 'D', 'D', NULL, NULL, NULL, 'N', 0, 'D', NULL, NULL, NULL, 5, 1, 'Y', 'N'),
(24481, 2, 'D', 0, '2023-07-25 06:46:21', 'S', NULL, 'D', NULL, 'N', 'N', 4, 'Y', 'D', 'D', NULL, NULL, NULL, 'N', 0, 'D', NULL, NULL, NULL, 5, 1, 'Y', 'N'),
(24482, 0, 'D', 0, '2023-07-06 07:03:20', 'S', NULL, 'D', NULL, 'N', 'N', 4, 'Y', 'D', 'D', NULL, NULL, NULL, 'N', 0, 'D', NULL, NULL, NULL, 5, 1, 'Y', 'N'),
(24483, 5, 'D', 0, '2023-07-25 06:46:21', 'S', NULL, 'D', NULL, 'N', 'N', 4, 'Y', 'D', 'D', NULL, NULL, NULL, 'N', 0, 'D', NULL, NULL, NULL, 5, 1, 'Y', 'N'),
(24484, 1, 'D', 0, '2023-07-25 06:46:21', 'S', NULL, 'D', NULL, 'N', 'N', 4, 'Y', 'D', 'D', NULL, NULL, NULL, 'N', 0, 'D', NULL, NULL, NULL, 5, 1, 'Y', 'N'),
(24485, 2, 'D', 0, '2023-07-25 06:46:21', 'S', NULL, 'D', NULL, 'N', 'N', 4, 'Y', 'D', 'D', NULL, NULL, NULL, 'N', 0, 'D', NULL, NULL, NULL, 5, 1, 'Y', 'N'),
(24486, 0, 'D', 0, '2023-07-06 07:03:21', 'S', NULL, 'D', NULL, 'N', 'N', 4, 'Y', 'D', 'D', NULL, NULL, NULL, 'N', 0, 'D', NULL, NULL, NULL, 5, 1, 'Y', 'N'),
(24487, 1, 'D', 0, '2023-07-25 06:46:21', 'S', NULL, 'D', NULL, 'N', 'N', 4, 'Y', 'D', 'D', NULL, NULL, NULL, 'N', 0, 'D', NULL, NULL, NULL, 5, 1, 'Y', 'N'),
(24488, 2, 'D', 0, '2023-07-25 06:46:21', 'S', NULL, 'D', NULL, 'N', 'N', 4, 'Y', 'D', 'D', NULL, NULL, NULL, 'N', 0, 'D', NULL, NULL, NULL, 5, 1, 'Y', 'N'),
(24489, 1, 'D', 0, '2023-07-25 06:46:21', 'S', NULL, 'D', NULL, 'N', 'N', 4, 'Y', 'D', 'D', NULL, NULL, NULL, 'N', 0, 'D', NULL, NULL, NULL, 5, 1, 'Y', 'N'),
(24490, 2, 'D', 0, '2023-07-25 06:46:21', 'S', NULL, 'D', NULL, 'N', 'N', 4, 'Y', 'D', 'D', NULL, NULL, NULL, 'N', 0, 'D', NULL, NULL, NULL, 5, 1, 'Y', 'N'),
(24491, 2, 'D', 0, '2023-07-25 06:46:21', 'S', NULL, 'D', NULL, 'N', 'N', 4, 'Y', 'D', 'D', NULL, NULL, NULL, 'N', 0, 'D', NULL, NULL, NULL, 5, 1, 'Y', 'N'),
(24492, 3, 'D', 0, '2023-07-25 06:46:21', 'S', NULL, 'D', NULL, 'N', 'N', 4, 'Y', 'D', 'D', NULL, NULL, NULL, 'N', 0, 'D', NULL, NULL, NULL, 5, 1, 'Y', 'N'),
(24493, 3, 'D', 0, '2023-07-06 07:03:21', 'S', NULL, 'D', NULL, 'N', 'N', 4, 'Y', 'D', 'D', NULL, NULL, NULL, 'N', 0, 'D', NULL, NULL, NULL, 5, 1, 'Y', 'N'),
(24494, 2, 'D', 0, '2023-07-25 06:46:21', 'S', NULL, 'D', NULL, 'N', 'N', 4, 'Y', 'D', 'D', NULL, NULL, NULL, 'N', 0, 'D', NULL, NULL, NULL, 5, 1, 'Y', 'N'),
(24495, 1, 'D', 0, '2023-07-25 06:46:21', 'S', NULL, 'D', NULL, 'N', 'N', 4, 'Y', 'D', 'D', NULL, NULL, NULL, 'N', 0, 'D', NULL, NULL, NULL, 5, 1, 'Y', 'N'),
(24496, 0, 'D', 0, '2023-07-06 07:03:21', 'S', NULL, 'D', NULL, 'N', 'N', 4, 'Y', 'D', 'D', NULL, NULL, NULL, 'N', 0, 'D', NULL, NULL, NULL, 5, 1, 'Y', 'N'),
(24497, 1, 'D', 0, '2023-07-25 06:46:21', 'S', NULL, 'D', NULL, 'N', 'N', 4, 'Y', 'D', 'D', NULL, NULL, NULL, 'N', 0, 'D', NULL, NULL, NULL, 5, 1, 'Y', 'N'),
(24498, 0, 'D', 0, '2023-07-06 07:03:21', 'S', NULL, 'D', NULL, 'N', 'N', 4, 'Y', 'D', 'D', NULL, NULL, NULL, 'N', 0, 'D', NULL, NULL, NULL, 5, 1, 'Y', 'N'),
(24499, 2, 'D', 0, '2023-07-25 06:46:21', 'S', NULL, 'D', NULL, 'N', 'N', 4, 'Y', 'D', 'D', NULL, NULL, NULL, 'N', 0, 'D', NULL, NULL, NULL, 5, 1, 'Y', 'N'),
(24500, 1, 'D', 0, '2023-07-25 06:46:21', 'S', NULL, 'D', NULL, 'N', 'N', 4, 'Y', 'D', 'D', NULL, NULL, NULL, 'N', 0, 'D', NULL, NULL, NULL, 5, 1, 'Y', 'N'),
(24501, 3, 'D', 0, '2023-07-25 06:46:21', 'S', NULL, 'D', NULL, 'N', 'N', 4, 'Y', 'D', 'D', NULL, NULL, NULL, 'N', 0, 'D', NULL, NULL, NULL, 5, 1, 'Y', 'N'),
(24502, 2, 'D', 0, '2023-07-25 06:46:21', 'S', NULL, 'D', NULL, 'N', 'N', 4, 'Y', 'D', 'D', NULL, NULL, NULL, 'N', 0, 'D', NULL, NULL, NULL, 5, 1, 'Y', 'N'),
(24503, 0, 'D', 0, '2023-07-06 07:03:21', 'S', NULL, 'D', NULL, 'N', 'N', NULL, 'Y', 'D', 'D', NULL, NULL, NULL, 'N', 0, 'D', NULL, NULL, NULL, 5, 1, 'Y', 'N'),
(24504, 1, 'D', 0, '2023-07-25 06:46:21', 'S', NULL, 'D', NULL, 'N', 'N', 4, 'Y', 'D', 'D', NULL, NULL, NULL, 'N', 0, 'D', NULL, NULL, NULL, 5, 1, 'Y', 'N'),
(24505, 1, 'D', 0, '2023-07-25 06:46:21', 'S', NULL, 'D', NULL, 'N', 'N', NULL, 'Y', 'D', 'D', NULL, NULL, NULL, 'N', 0, 'D', NULL, NULL, NULL, 5, 1, 'Y', 'N'),
(24506, 2, 'D', 0, '2023-07-25 06:46:21', 'S', NULL, 'D', NULL, 'N', 'N', NULL, 'Y', 'D', 'D', NULL, NULL, NULL, 'N', 0, 'D', NULL, NULL, NULL, 5, 1, 'Y', 'N'),
(24507, 1, 'D', 0, '2023-07-25 06:46:21', 'S', NULL, 'D', NULL, 'N', 'N', NULL, 'Y', 'D', 'D', NULL, NULL, NULL, 'N', 0, 'D', NULL, NULL, NULL, 5, 1, 'Y', 'N'),
(24508, 1, 'D', 0, '2023-07-06 07:03:21', 'S', NULL, 'D', NULL, 'N', 'N', NULL, 'Y', 'D', 'D', NULL, NULL, NULL, 'N', 0, 'D', NULL, NULL, NULL, 5, 1, 'Y', 'N'),
(24509, 1, 'D', 0, '2023-07-25 06:46:21', 'S', NULL, 'D', NULL, 'N', 'N', NULL, 'Y', 'D', 'D', NULL, NULL, NULL, 'N', 0, 'D', NULL, NULL, NULL, 5, 1, 'Y', 'N'),
(24510, 1, 'D', 0, '2023-07-25 06:46:21', 'S', NULL, 'D', NULL, 'N', 'N', NULL, 'Y', 'D', 'D', NULL, NULL, NULL, 'N', 0, 'D', NULL, NULL, NULL, 5, 1, 'Y', 'N'),
(24511, 34.6, 'D', 0, '2023-07-25 06:46:21', 'S', NULL, 'D', NULL, 'N', 'N', 4, 'Y', 'D', 'D', NULL, NULL, NULL, 'N', 0, 'D', NULL, NULL, NULL, 10, 1, 'Y', 'N'),
(24512, 0, 'D', 0, '2023-07-06 07:03:21', 'S', NULL, 'D', NULL, 'N', 'N', NULL, 'Y', 'D', 'D', NULL, NULL, NULL, 'N', 0, 'D', NULL, NULL, NULL, 5, 1, 'Y', 'N'),
(24513, 1, 'D', 0, '2023-07-25 06:46:21', 'S', NULL, 'D', NULL, 'N', 'N', 4, 'Y', 'D', 'D', NULL, NULL, NULL, 'N', 0, 'D', NULL, NULL, NULL, 5, 1, 'Y', 'N'),
(24514, 1, 'D', 0, '2023-07-25 06:46:21', 'S', NULL, 'D', NULL, 'N', 'N', 4, 'Y', 'D', 'D', NULL, NULL, NULL, 'N', 0, 'D', NULL, NULL, NULL, 5, 1, 'Y', 'N'),
(24515, 0, 'D', 0, '2023-07-06 07:03:21', 'S', NULL, 'D', NULL, 'N', 'N', 4, 'Y', 'D', 'D', NULL, NULL, NULL, 'N', 0, 'D', NULL, NULL, NULL, 5, 1, 'Y', 'N'),
(24516, 1, 'D', 0, '2023-07-25 06:46:21', 'S', NULL, 'D', NULL, 'N', 'N', 4, 'Y', 'D', 'D', NULL, NULL, NULL, 'N', 0, 'D', NULL, NULL, NULL, 5, 1, 'Y', 'N'),
(24517, 1, 'D', 0, '2023-07-25 06:46:21', 'S', NULL, 'D', NULL, 'N', 'N', 4, 'Y', 'D', 'D', NULL, NULL, NULL, 'N', 0, 'D', NULL, NULL, NULL, 5, 1, 'Y', 'N'),
(24518, 0, 'D', 0, '2023-07-06 07:03:21', 'S', NULL, 'D', NULL, 'N', 'N', 4, 'Y', 'D', 'D', NULL, NULL, NULL, 'N', 0, 'D', NULL, NULL, NULL, 5, 1, 'Y', 'N'),
(24519, 1, 'D', 0, '2023-07-25 06:46:21', 'S', NULL, 'D', NULL, 'N', 'N', 4, 'Y', 'D', 'D', NULL, NULL, NULL, 'N', 0, 'D', NULL, NULL, NULL, 5, 1, 'Y', 'N'),
(24520, 2, 'D', 0, '2023-07-25 06:46:21', 'S', NULL, 'D', NULL, 'N', 'N', 4, 'Y', 'D', 'D', NULL, NULL, NULL, 'N', 0, 'D', NULL, NULL, NULL, 5, 1, 'Y', 'N'),
(24521, 4, 'D', 0, '2023-07-25 06:46:21', 'S', NULL, 'D', NULL, 'N', 'N', 4, 'Y', 'D', 'D', NULL, NULL, NULL, 'N', 0, 'D', NULL, NULL, NULL, 5, 1, 'Y', 'N'),
(24522, 2, 'D', 0, '2023-07-25 06:46:21', 'S', NULL, 'D', NULL, 'N', 'N', 4, 'Y', 'D', 'D', NULL, NULL, NULL, 'N', 0, 'D', NULL, NULL, NULL, 5, 1, 'Y', 'N'),
(24523, 2, 'D', 0, '2023-07-25 06:46:21', 'S', NULL, 'D', NULL, 'N', 'N', 4, 'Y', 'D', 'D', NULL, NULL, NULL, 'N', 0, 'D', NULL, NULL, NULL, 5, 1, 'Y', 'N'),
(24524, 1, 'D', 0, '2023-07-25 06:46:21', 'S', NULL, 'D', NULL, 'N', 'N', 4, 'Y', 'D', 'D', NULL, NULL, NULL, 'N', 0, 'D', NULL, NULL, NULL, 5, 1, 'Y', 'N'),
(24525, 2, 'D', 0, '2023-07-25 06:46:21', 'S', NULL, 'D', NULL, 'N', 'N', 4, 'Y', 'D', 'D', NULL, NULL, NULL, 'N', 0, 'D', NULL, NULL, NULL, 5, 1, 'Y', 'N'),
(24526, 4, 'D', 0, '2023-07-25 06:46:21', 'S', NULL, 'D', NULL, 'N', 'N', 4, 'Y', 'D', 'D', NULL, NULL, NULL, 'N', 0, 'D', NULL, NULL, NULL, 5, 1, 'Y', 'N'),
(24527, 2, 'D', 0, '2023-07-25 06:46:21', 'S', NULL, 'D', NULL, 'N', 'N', 4, 'Y', 'D', 'D', NULL, NULL, NULL, 'N', 0, 'D', NULL, NULL, NULL, 5, 1, 'Y', 'N'),
(24528, 2, 'D', 0, '2023-07-25 06:46:21', 'S', NULL, 'D', NULL, 'N', 'N', 4, 'Y', 'D', 'D', NULL, NULL, NULL, 'N', 0, 'D', NULL, NULL, NULL, 5, 1, 'Y', 'N'),
(24529, 2, 'D', 0, '2023-07-25 06:46:21', 'S', NULL, 'D', NULL, 'N', 'N', 4, 'Y', 'D', 'D', NULL, NULL, NULL, 'N', 0, 'D', NULL, NULL, NULL, 5, 1, 'Y', 'N'),
(24530, 3, 'D', 0, '2023-07-25 06:46:21', 'S', NULL, 'D', NULL, 'N', 'N', 4, 'Y', 'D', 'D', NULL, NULL, NULL, 'N', 0, 'D', NULL, NULL, NULL, 5, 1, 'Y', 'N'),
(24531, 1, 'D', 0, '2023-07-25 06:46:21', 'S', NULL, 'D', NULL, 'N', 'N', 4, 'Y', 'D', 'D', NULL, NULL, NULL, 'N', 0, 'D', NULL, NULL, NULL, 5, 1, 'Y', 'N'),
(24532, 2, 'D', 0, '2023-07-25 06:46:21', 'S', NULL, 'D', NULL, 'N', 'N', 4, 'Y', 'D', 'D', NULL, NULL, NULL, 'N', 0, 'D', NULL, NULL, NULL, 5, 1, 'Y', 'N'),
(24533, 1, 'D', 0, '2023-07-25 06:46:21', 'S', NULL, 'D', NULL, 'N', 'N', 4, 'Y', 'D', 'D', NULL, NULL, NULL, 'N', 0, 'D', NULL, NULL, NULL, 5, 1, 'Y', 'N'),
(24534, 2, 'D', 0, '2023-07-25 06:46:21', 'S', NULL, 'D', NULL, 'N', 'N', 4, 'Y', 'D', 'D', NULL, NULL, NULL, 'N', 0, 'D', NULL, NULL, NULL, 5, 1, 'Y', 'N'),
(24535, 2, 'D', 0, '2023-07-25 06:46:21', 'S', NULL, 'D', NULL, 'N', 'N', 4, 'Y', 'D', 'D', NULL, NULL, NULL, 'N', 0, 'D', NULL, NULL, NULL, 5, 1, 'Y', 'N'),
(24536, 2, 'D', 0, '2023-07-25 06:46:21', 'S', NULL, 'D', NULL, 'N', 'N', 4, 'Y', 'D', 'D', NULL, NULL, NULL, 'N', 0, 'D', NULL, NULL, NULL, 5, 1, 'Y', 'N'),
(24537, 2, 'D', 0, '2023-07-25 06:46:21', 'S', NULL, 'D', NULL, 'N', 'N', 4, 'Y', 'D', 'D', NULL, NULL, NULL, 'N', 0, 'D', NULL, NULL, NULL, 5, 1, 'Y', 'N'),
(24538, 2, 'D', 0, '2023-07-25 06:46:21', 'S', NULL, 'D', NULL, 'N', 'N', 4, 'Y', 'D', 'D', NULL, NULL, NULL, 'N', 0, 'D', NULL, NULL, NULL, 5, 1, 'Y', 'N'),
(24539, 2, 'D', 0, '2023-07-25 06:46:21', 'S', NULL, 'D', NULL, 'N', 'N', 4, 'Y', 'D', 'D', NULL, NULL, NULL, 'N', 0, 'D', NULL, NULL, NULL, 5, 1, 'Y', 'N'),
(24540, 2, 'D', 0, '2023-07-25 06:46:21', 'S', NULL, 'D', NULL, 'N', 'N', 4, 'Y', 'D', 'D', NULL, NULL, NULL, 'N', 0, 'D', NULL, NULL, NULL, 5, 1, 'Y', 'N'),
(24541, 2, 'D', 0, '2023-07-25 06:46:21', 'S', NULL, 'D', NULL, 'N', 'N', 4, 'Y', 'D', 'D', NULL, NULL, NULL, 'N', 0, 'D', NULL, NULL, NULL, 5, 1, 'Y', 'N'),
(24542, 2, 'D', 0, '2023-07-25 06:46:21', 'S', NULL, 'D', NULL, 'N', 'N', 4, 'Y', 'D', 'D', NULL, NULL, NULL, 'N', 0, 'D', NULL, NULL, NULL, 5, 1, 'Y', 'N'),
(24543, 2, 'D', 0, '2023-07-25 06:46:21', 'S', NULL, 'D', NULL, 'N', 'N', 4, 'Y', 'D', 'D', NULL, NULL, NULL, 'N', 0, 'D', NULL, NULL, NULL, 5, 1, 'Y', 'N'),
(24544, 2, 'D', 0, '2023-07-25 06:46:21', 'S', NULL, 'D', NULL, 'N', 'N', 4, 'Y', 'D', 'D', NULL, NULL, NULL, 'N', 0, 'D', NULL, NULL, NULL, 5, 1, 'Y', 'N'),
(24545, 2, 'D', 0, '2023-07-25 06:46:21', 'S', NULL, 'D', NULL, 'N', 'N', 4, 'Y', 'D', 'D', NULL, NULL, NULL, 'N', 0, 'D', NULL, NULL, NULL, 5, 1, 'Y', 'N'),
(24546, 2, 'D', 0, '2023-07-25 06:46:21', 'S', NULL, 'D', NULL, 'N', 'N', 4, 'Y', 'D', 'D', NULL, NULL, NULL, 'N', 0, 'D', NULL, NULL, NULL, 5, 1, 'Y', 'N'),
(24547, 2, 'D', 0, '2023-07-25 06:46:21', 'S', NULL, 'D', NULL, 'N', 'N', 4, 'Y', 'D', 'D', NULL, NULL, NULL, 'N', 0, 'D', NULL, NULL, NULL, 5, 1, 'Y', 'N'),
(24548, 2, 'D', 0, '2023-07-25 06:46:21', 'S', NULL, 'D', NULL, 'N', 'N', 4, 'Y', 'D', 'D', NULL, NULL, NULL, 'N', 0, 'D', NULL, NULL, NULL, 5, 1, 'Y', 'N'),
(24549, 2, 'D', 0, '2023-07-25 06:46:21', 'S', NULL, 'D', NULL, 'N', 'N', 4, 'Y', 'D', 'D', NULL, NULL, NULL, 'N', 0, 'D', NULL, NULL, NULL, 5, 1, 'Y', 'N'),
(24550, 2, 'D', 0, '2023-07-25 06:46:21', 'S', NULL, 'D', NULL, 'N', 'N', 4, 'Y', 'D', 'D', NULL, NULL, NULL, 'N', 0, 'D', NULL, NULL, NULL, 5, 1, 'Y', 'N'),
(24551, 2, 'D', 0, '2023-07-25 06:46:21', 'S', NULL, 'D', NULL, 'N', 'N', 4, 'Y', 'D', 'D', NULL, NULL, NULL, 'N', 0, 'D', NULL, NULL, NULL, 5, 1, 'Y', 'N'),
(24552, 2, 'D', 0, '2023-07-25 06:46:21', 'S', NULL, 'D', NULL, 'N', 'N', 4, 'Y', 'D', 'D', NULL, NULL, NULL, 'N', 0, 'D', NULL, NULL, NULL, 5, 1, 'Y', 'N'),
(24553, 2, 'D', 0, '2023-07-25 06:46:21', 'S', NULL, 'D', NULL, 'N', 'N', 4, 'Y', 'D', 'D', NULL, NULL, NULL, 'N', 0, 'D', NULL, NULL, NULL, 5, 1, 'Y', 'N'),
(24554, 2, 'D', 0, '2023-07-25 06:46:21', 'S', NULL, 'D', NULL, 'N', 'N', 4, 'Y', 'D', 'D', NULL, NULL, NULL, 'N', 0, 'D', NULL, NULL, NULL, 5, 1, 'Y', 'N'),
(24555, 1, 'D', 0, '2023-07-25 06:46:21', 'S', NULL, 'D', NULL, 'N', 'N', NULL, 'Y', 'D', 'D', NULL, NULL, NULL, 'N', 0, 'D', NULL, NULL, NULL, 5, 1, 'Y', 'N'),
(24556, 2, 'D', 0, '2023-07-25 06:46:21', 'S', NULL, 'D', NULL, 'N', 'N', NULL, 'Y', 'D', 'D', NULL, NULL, NULL, 'N', 0, 'D', NULL, NULL, NULL, 5, 1, 'Y', 'N'),
(24557, 2, 'D', 0, '2023-07-06 07:03:21', 'S', NULL, 'D', NULL, 'N', 'N', NULL, 'Y', 'D', 'D', NULL, NULL, NULL, 'N', 0, 'D', NULL, NULL, NULL, 5, 1, 'Y', 'N'),
(24558, 2, 'D', 0, '2023-07-25 06:46:21', 'S', NULL, 'D', NULL, 'N', 'N', NULL, 'Y', 'D', 'D', NULL, NULL, NULL, 'N', 0, 'D', NULL, NULL, NULL, 5, 1, 'Y', 'N'),
(24559, 2, 'D', 0, '2023-07-25 06:46:21', 'S', NULL, 'D', NULL, 'N', 'N', NULL, 'Y', 'D', 'D', NULL, NULL, NULL, 'N', 0, 'D', NULL, NULL, NULL, 5, 1, 'Y', 'N'),
(24560, 1, 'D', 0, '2023-07-25 06:46:21', 'S', NULL, 'D', NULL, 'N', 'N', 4, 'Y', 'D', 'D', NULL, NULL, NULL, 'N', 0, 'D', NULL, NULL, NULL, 5, 1, 'Y', 'N'),
(24561, 1, 'D', 0, '2023-07-25 06:46:21', 'S', NULL, 'D', NULL, 'N', 'N', 4, 'Y', 'D', 'D', NULL, NULL, NULL, 'N', 0, 'D', NULL, NULL, NULL, 5, 1, 'Y', 'N'),
(24562, 1, 'D', 0, '2023-07-25 06:46:21', 'S', NULL, 'D', NULL, 'N', 'N', 4, 'Y', 'D', 'D', NULL, NULL, NULL, 'N', 0, 'D', NULL, NULL, NULL, 5, 1, 'Y', 'N'),
(24563, 1, 'D', 0, '2023-07-25 06:46:21', 'S', NULL, 'D', NULL, 'N', 'N', 4, 'Y', 'D', 'D', NULL, NULL, NULL, 'N', 0, 'D', NULL, NULL, NULL, 5, 1, 'Y', 'N'),
(24564, 2, 'D', 0, '2023-07-25 06:46:21', 'S', NULL, 'D', NULL, 'N', 'N', 4, 'Y', 'D', 'D', NULL, NULL, NULL, 'N', 0, 'D', NULL, NULL, NULL, 5, 1, 'Y', 'N'),
(24565, 2, 'D', 0, '2023-07-25 06:46:21', 'S', NULL, 'D', NULL, 'N', 'N', 4, 'Y', 'D', 'D', NULL, NULL, NULL, 'N', 0, 'D', NULL, NULL, NULL, 5, 1, 'Y', 'N'),
(24566, 1, 'D', 0, '2023-07-25 06:46:21', 'S', NULL, 'D', NULL, 'N', 'N', 4, 'Y', 'D', 'D', NULL, NULL, NULL, 'N', 0, 'D', NULL, NULL, NULL, 5, 1, 'Y', 'N'),
(24567, 1, 'D', 0, '2023-07-25 06:46:22', 'S', NULL, 'D', NULL, 'N', 'N', 4, 'Y', 'D', 'D', NULL, NULL, NULL, 'N', 0, 'D', NULL, NULL, NULL, 5, 1, 'Y', 'N'),
(24568, 1, 'D', 0, '2023-07-25 06:46:22', 'S', NULL, 'D', NULL, 'N', 'N', 4, 'Y', 'D', 'D', NULL, NULL, NULL, 'N', 0, 'D', NULL, NULL, NULL, 5, 1, 'Y', 'N'),
(24569, 1, 'D', 0, '2023-07-25 06:46:22', 'S', NULL, 'D', NULL, 'N', 'N', 4, 'Y', 'D', 'D', NULL, NULL, NULL, 'N', 0, 'D', NULL, NULL, NULL, 5, 1, 'Y', 'N'),
(24570, 1, 'D', 0, '2023-07-25 06:46:22', 'S', NULL, 'D', NULL, 'N', 'N', 4, 'Y', 'D', 'D', NULL, NULL, NULL, 'N', 0, 'D', NULL, NULL, NULL, 5, 1, 'Y', 'N'),
(24571, 2, 'D', 0, '2023-07-25 06:46:22', 'S', NULL, 'D', NULL, 'N', 'N', 4, 'Y', 'D', 'D', NULL, NULL, NULL, 'N', 0, 'D', NULL, NULL, NULL, 5, 1, 'Y', 'N'),
(24572, 1, 'D', 0, '2023-07-25 06:46:22', 'S', NULL, 'D', NULL, 'N', 'N', 4, 'Y', 'D', 'D', NULL, NULL, NULL, 'N', 0, 'D', NULL, NULL, NULL, 5, 1, 'Y', 'N'),
(24573, 2, 'D', 0, '2023-07-25 06:46:22', 'S', NULL, 'D', NULL, 'N', 'N', 4, 'Y', 'D', 'D', NULL, NULL, NULL, 'N', 0, 'D', NULL, NULL, NULL, 5, 1, 'Y', 'N'),
(24574, 1, 'D', 0, '2023-07-25 06:46:22', 'S', NULL, 'D', NULL, 'N', 'N', 4, 'Y', 'D', 'D', NULL, NULL, NULL, 'N', 0, 'D', NULL, NULL, NULL, 5, 1, 'Y', 'N'),
(24575, 1, 'D', 0, '2023-07-25 06:46:22', 'S', NULL, 'D', NULL, 'N', 'N', 4, 'Y', 'D', 'D', NULL, NULL, NULL, 'N', 0, 'D', NULL, NULL, NULL, 5, 1, 'Y', 'N'),
(24576, 1, 'D', 0, '2023-07-25 06:46:22', 'S', NULL, 'D', NULL, 'N', 'N', 4, 'Y', 'D', 'D', NULL, NULL, NULL, 'N', 0, 'D', NULL, NULL, NULL, 5, 1, 'Y', 'N'),
(24577, 0, 'D', 0, '2023-07-25 06:46:22', 'S', NULL, 'D', NULL, 'N', 'N', 4, 'Y', 'D', 'D', NULL, NULL, NULL, 'N', 0, 'D', NULL, NULL, NULL, 5, 1, 'Y', 'N'),
(24578, 0, 'D', 0, '2023-07-25 06:46:22', 'S', NULL, 'D', NULL, 'N', 'N', 4, 'Y', 'D', 'D', NULL, NULL, NULL, 'N', 0, 'D', NULL, NULL, NULL, 5, 1, 'Y', 'N'),
(24579, 1, 'D', 0, '2023-07-25 06:46:22', 'S', NULL, 'D', NULL, 'N', 'N', 4, 'Y', 'D', 'D', NULL, NULL, NULL, 'N', 0, 'D', NULL, NULL, NULL, 5, 1, 'Y', 'N'),
(24580, 3, 'D', 0, '2023-07-25 06:46:22', 'S', NULL, 'D', NULL, 'N', 'N', 4, 'Y', 'D', 'D', NULL, NULL, NULL, 'N', 0, 'D', NULL, NULL, NULL, 5, 1, 'Y', 'N'),
(24581, 4, 'D', 0, '2023-07-25 06:46:22', 'S', NULL, 'D', NULL, 'N', 'N', 4, 'Y', 'D', 'D', NULL, NULL, NULL, 'N', 0, 'D', NULL, NULL, NULL, 5, 1, 'Y', 'N'),
(24582, 0, 'D', 0, '2023-07-06 07:03:21', 'S', NULL, 'D', NULL, 'N', 'N', 4, 'Y', 'D', 'D', NULL, NULL, NULL, 'N', 0, 'D', NULL, NULL, NULL, 5, 1, 'Y', 'N'),
(24583, 3, 'D', 0, '2023-07-25 06:46:22', 'S', NULL, 'D', NULL, 'N', 'N', 4, 'Y', 'D', 'D', NULL, NULL, NULL, 'N', 0, 'D', NULL, NULL, NULL, 5, 1, 'Y', 'N'),
(24584, 2, 'D', 0, '2023-07-25 06:46:22', 'S', NULL, 'D', NULL, 'N', 'N', 4, 'Y', 'D', 'D', NULL, NULL, NULL, 'N', 0, 'D', NULL, NULL, NULL, 5, 1, 'Y', 'N'),
(24585, 2, 'D', 0, '2023-07-25 06:46:22', 'S', NULL, 'D', NULL, 'N', 'N', 4, 'Y', 'D', 'D', NULL, NULL, NULL, 'N', 0, 'D', NULL, NULL, NULL, 5, 1, 'Y', 'N'),
(24586, 3, 'D', 0, '2023-07-25 06:46:22', 'S', NULL, 'D', NULL, 'N', 'N', 4, 'Y', 'D', 'D', NULL, NULL, NULL, 'N', 0, 'D', NULL, NULL, NULL, 5, 1, 'Y', 'N'),
(24587, 0, 'D', 0, '2023-07-25 06:46:22', 'S', NULL, 'D', NULL, 'N', 'N', 4, 'Y', 'D', 'D', NULL, NULL, NULL, 'N', 0, 'D', NULL, NULL, NULL, 5, 1, 'Y', 'N'),
(24588, 2, 'D', 0, '2023-07-25 06:46:22', 'S', NULL, 'D', NULL, 'N', 'N', 4, 'Y', 'D', 'D', NULL, NULL, NULL, 'N', 0, 'D', NULL, NULL, NULL, 5, 1, 'Y', 'N'),
(24589, 0, 'D', 0, '2023-07-25 06:46:22', 'S', NULL, 'D', NULL, 'N', 'N', 4, 'Y', 'D', 'D', NULL, NULL, NULL, 'N', 0, 'D', NULL, NULL, NULL, 5, 1, 'Y', 'N'),
(24590, 1, 'D', 0, '2023-07-25 06:46:22', 'S', NULL, 'D', NULL, 'N', 'N', 4, 'Y', 'D', 'D', NULL, NULL, NULL, 'N', 0, 'D', NULL, NULL, NULL, 5, 1, 'Y', 'N'),
(24591, 6, 'D', 0, '2023-07-25 06:46:22', 'S', NULL, 'D', NULL, 'N', 'N', 4, 'Y', 'D', 'D', NULL, NULL, NULL, 'N', 0, 'D', NULL, NULL, NULL, 5, 1, 'Y', 'N'),
(24592, 1, 'D', 0, '2023-07-25 06:46:22', 'S', NULL, 'D', NULL, 'N', 'N', 4, 'Y', 'D', 'D', NULL, NULL, NULL, 'N', 0, 'D', NULL, NULL, NULL, 5, 1, 'Y', 'N'),
(24593, 1, 'D', 0, '2023-07-25 06:46:22', 'S', NULL, 'D', NULL, 'N', 'N', 4, 'Y', 'D', 'D', NULL, NULL, NULL, 'N', 0, 'D', NULL, NULL, NULL, 5, 1, 'Y', 'N'),
(24594, 1, 'D', 0, '2023-07-25 06:46:22', 'S', NULL, 'D', NULL, 'N', 'N', 4, 'Y', 'D', 'D', NULL, NULL, NULL, 'N', 0, 'D', NULL, NULL, NULL, 5, 1, 'Y', 'N'),
(24595, 1, 'D', 0, '2023-07-25 06:46:22', 'S', NULL, 'D', NULL, 'N', 'N', NULL, 'Y', 'D', 'D', NULL, NULL, NULL, 'N', 0, 'D', NULL, NULL, NULL, 5, 1, 'Y', 'N'),
(24596, 1, 'D', 0, '2023-07-25 06:46:22', 'S', NULL, 'D', NULL, 'N', 'N', NULL, 'Y', 'D', 'D', NULL, NULL, NULL, 'N', 0, 'D', NULL, NULL, NULL, 5, 1, 'Y', 'N'),
(24597, 1, 'D', 0, '2023-07-25 06:46:22', 'S', NULL, 'D', NULL, 'N', 'N', NULL, 'Y', 'D', 'D', NULL, NULL, NULL, 'N', 0, 'D', NULL, NULL, NULL, 5, 1, 'Y', 'N'),
(24598, 1, 'D', 0, '2023-07-25 06:46:22', 'S', NULL, 'D', NULL, 'N', 'N', NULL, 'Y', 'D', 'D', NULL, NULL, NULL, 'N', 0, 'D', NULL, NULL, NULL, 5, 1, 'Y', 'N'),
(24599, 0, 'D', 0, '2023-07-25 06:46:22', 'S', NULL, 'D', NULL, 'N', 'N', NULL, 'Y', 'D', 'D', NULL, NULL, NULL, 'N', 0, 'D', NULL, NULL, NULL, 5, 1, 'Y', 'N'),
(24600, 1, 'D', 0, '2023-07-25 06:46:22', 'S', NULL, 'D', NULL, 'N', 'N', NULL, 'Y', 'D', 'D', NULL, NULL, NULL, 'N', 0, 'D', NULL, NULL, NULL, 5, 1, 'Y', 'N'),
(24601, 1, 'D', 0, '2023-07-25 06:46:22', 'S', NULL, 'D', NULL, 'N', 'N', NULL, 'Y', 'D', 'D', NULL, NULL, NULL, 'N', 0, 'D', NULL, NULL, NULL, 5, 1, 'Y', 'N'),
(24602, 1, 'D', 0, '2023-07-25 06:46:22', 'S', NULL, 'D', NULL, 'N', 'N', NULL, 'Y', 'D', 'D', NULL, NULL, NULL, 'N', 0, 'D', NULL, NULL, NULL, 5, 1, 'Y', 'N'),
(24603, 1, 'D', 0, '2023-07-25 06:46:22', 'S', NULL, 'D', NULL, 'N', 'N', NULL, 'Y', 'D', 'D', NULL, NULL, NULL, 'N', 0, 'D', NULL, NULL, NULL, 5, 1, 'Y', 'N'),
(24604, 1, 'D', 0, '2023-07-25 06:46:22', 'S', NULL, 'D', NULL, 'N', 'N', 4, 'Y', 'D', 'D', NULL, NULL, NULL, 'N', 0, 'D', NULL, NULL, NULL, 5, 1, 'Y', 'N'),
(24605, 8, 'D', 0, '2023-07-25 06:46:22', 'S', NULL, 'D', NULL, 'N', 'N', 4, 'Y', 'D', 'D', NULL, NULL, NULL, 'N', 0, 'D', NULL, NULL, NULL, 5, 1, 'Y', 'N'),
(24606, 14, 'D', 0, '2023-07-25 06:46:22', 'S', NULL, 'D', NULL, 'N', 'N', 4, 'Y', 'D', 'D', NULL, NULL, NULL, 'N', 0, 'D', NULL, NULL, NULL, 10, 1, 'Y', 'N');
-- -----------------------------------
-- Dumping table b_catalog_product2group
-- -----------------------------------
CREATE TABLE `b_catalog_product2group` (
  `ID` int(11) NOT NULL AUTO_INCREMENT,
  `PRODUCT_ID` int(11) NOT NULL,
  `GROUP_ID` int(11) NOT NULL,
  `ACCESS_LENGTH` int(11) NOT NULL,
  `ACCESS_LENGTH_TYPE` char(1) COLLATE utf8_unicode_ci NOT NULL DEFAULT 'D',
  PRIMARY KEY (`ID`),
  UNIQUE KEY `IX_C_P2G_PROD_GROUP` (`PRODUCT_ID`,`GROUP_ID`)
) ENGINE=InnoDB DEFAULT CHARSET=utf8 COLLATE=utf8_unicode_ci;

-- -----------------------------------
-- Dumping table b_catalog_product_compilation
-- -----------------------------------
CREATE TABLE `b_catalog_product_compilation` (
  `ID` int(11) NOT NULL AUTO_INCREMENT,
  `DEAL_ID` int(11) NOT NULL,
  `PRODUCT_IDS` text COLLATE utf8_unicode_ci NOT NULL,
  `CREATION_DATE` datetime NOT NULL,
  `CHAT_ID` int(11) DEFAULT NULL,
  `QUEUE_ID` int(11) DEFAULT NULL,
  PRIMARY KEY (`ID`),
  KEY `IX_CAT_COMPILATION_DEAL_ID` (`DEAL_ID`)
) ENGINE=InnoDB DEFAULT CHARSET=utf8 COLLATE=utf8_unicode_ci;

-- -----------------------------------
-- Dumping table b_catalog_product_sets
-- -----------------------------------
CREATE TABLE `b_catalog_product_sets` (
  `ID` int(11) NOT NULL AUTO_INCREMENT,
  `TYPE` int(11) NOT NULL,
  `SET_ID` int(11) NOT NULL,
  `ACTIVE` char(1) COLLATE utf8_unicode_ci NOT NULL,
  `OWNER_ID` int(11) NOT NULL,
  `ITEM_ID` int(11) NOT NULL,
  `QUANTITY` double DEFAULT NULL,
  `MEASURE` int(11) DEFAULT NULL,
  `DISCOUNT_PERCENT` double DEFAULT NULL,
  `SORT` int(11) NOT NULL DEFAULT '100',
  `CREATED_BY` int(18) DEFAULT NULL,
  `DATE_CREATE` datetime DEFAULT NULL,
  `MODIFIED_BY` int(18) DEFAULT NULL,
  `TIMESTAMP_X` datetime DEFAULT NULL,
  `XML_ID` varchar(255) COLLATE utf8_unicode_ci DEFAULT NULL,
  PRIMARY KEY (`ID`),
  KEY `IX_CAT_PR_SET_TYPE` (`TYPE`),
  KEY `IX_CAT_PR_SET_OWNER_ID` (`OWNER_ID`),
  KEY `IX_CAT_PR_SET_SET_ID` (`SET_ID`),
  KEY `IX_CAT_PR_SET_ITEM_ID` (`ITEM_ID`)
) ENGINE=InnoDB DEFAULT CHARSET=utf8 COLLATE=utf8_unicode_ci;

-- -----------------------------------
-- Dumping table b_catalog_role
-- -----------------------------------
CREATE TABLE `b_catalog_role` (
  `ID` int(10) unsigned NOT NULL AUTO_INCREMENT,
  `NAME` varchar(250) COLLATE utf8_unicode_ci NOT NULL,
  PRIMARY KEY (`ID`)
) ENGINE=InnoDB DEFAULT CHARSET=utf8 COLLATE=utf8_unicode_ci;

-- -----------------------------------
-- Dumping table b_catalog_role_relation
-- -----------------------------------
CREATE TABLE `b_catalog_role_relation` (
  `ID` int(10) unsigned NOT NULL AUTO_INCREMENT,
  `ROLE_ID` int(10) unsigned NOT NULL,
  `RELATION` varchar(8) COLLATE utf8_unicode_ci NOT NULL DEFAULT '',
  PRIMARY KEY (`ID`),
  KEY `ROLE_ID` (`ROLE_ID`),
  KEY `RELATION` (`RELATION`)
) ENGINE=InnoDB DEFAULT CHARSET=utf8 COLLATE=utf8_unicode_ci;

-- -----------------------------------
-- Dumping table b_catalog_rounding
-- -----------------------------------
CREATE TABLE `b_catalog_rounding` (
  `ID` int(11) NOT NULL AUTO_INCREMENT,
  `CATALOG_GROUP_ID` int(11) NOT NULL,
  `PRICE` decimal(18,4) NOT NULL,
  `ROUND_TYPE` int(11) NOT NULL,
  `ROUND_PRECISION` decimal(18,4) NOT NULL,
  `CREATED_BY` int(18) DEFAULT NULL,
  `DATE_CREATE` datetime DEFAULT NULL,
  `MODIFIED_BY` int(18) DEFAULT NULL,
  `DATE_MODIFY` datetime DEFAULT NULL,
  PRIMARY KEY (`ID`),
  KEY `IX_CAT_RND_CATALOG_GROUP` (`CATALOG_GROUP_ID`)
) ENGINE=InnoDB DEFAULT CHARSET=utf8 COLLATE=utf8_unicode_ci;

-- -----------------------------------
-- Dumping table b_catalog_store
-- -----------------------------------
CREATE TABLE `b_catalog_store` (
  `ID` int(11) NOT NULL AUTO_INCREMENT,
  `TITLE` varchar(75) COLLATE utf8_unicode_ci DEFAULT NULL,
  `ACTIVE` char(1) COLLATE utf8_unicode_ci NOT NULL DEFAULT 'Y',
  `ADDRESS` varchar(245) COLLATE utf8_unicode_ci NOT NULL,
  `DESCRIPTION` text COLLATE utf8_unicode_ci,
  `GPS_N` varchar(15) COLLATE utf8_unicode_ci DEFAULT '0',
  `GPS_S` varchar(15) COLLATE utf8_unicode_ci DEFAULT '0',
  `IMAGE_ID` varchar(45) COLLATE utf8_unicode_ci DEFAULT NULL,
  `LOCATION_ID` int(11) DEFAULT NULL,
  `DATE_MODIFY` timestamp NOT NULL DEFAULT CURRENT_TIMESTAMP ON UPDATE CURRENT_TIMESTAMP,
  `DATE_CREATE` datetime DEFAULT NULL,
  `USER_ID` int(11) DEFAULT NULL,
  `MODIFIED_BY` int(11) DEFAULT NULL,
  `PHONE` varchar(45) COLLATE utf8_unicode_ci DEFAULT NULL,
  `SCHEDULE` varchar(255) COLLATE utf8_unicode_ci DEFAULT NULL,
  `XML_ID` varchar(255) COLLATE utf8_unicode_ci DEFAULT NULL,
  `SORT` int(11) NOT NULL DEFAULT '100',
  `EMAIL` varchar(255) COLLATE utf8_unicode_ci DEFAULT NULL,
  `ISSUING_CENTER` char(1) COLLATE utf8_unicode_ci NOT NULL DEFAULT 'Y',
  `SHIPPING_CENTER` char(1) COLLATE utf8_unicode_ci NOT NULL DEFAULT 'Y',
  `SITE_ID` char(2) COLLATE utf8_unicode_ci DEFAULT NULL,
  `CODE` varchar(255) COLLATE utf8_unicode_ci DEFAULT NULL,
  `IS_DEFAULT` char(1) COLLATE utf8_unicode_ci NOT NULL DEFAULT 'N',
  PRIMARY KEY (`ID`)
) ENGINE=InnoDB AUTO_INCREMENT=6 DEFAULT CHARSET=utf8 COLLATE=utf8_unicode_ci;

INSERT INTO `b_catalog_store` VALUES
(1, 'Центральный склад (№1 и №3) ', 'Y', '', NULL, '0', '0', NULL, NULL, '2022-07-15 09:38:14', '2018-06-27 09:16:13', NULL, NULL, NULL, NULL, '0fe83034-1611-11e4-80e1-b8ca3aecab4b', 100, NULL, 'Y', 'Y', NULL, NULL, 'Y'),
(2, 'Склад Офис г.Курган, ул.Омская, 171д', 'Y', '', NULL, '0', '0', NULL, NULL, '2023-07-25 06:44:26', '2023-04-05 12:20:42', 3, 3, NULL, NULL, 'c283eb0f-7c55-11e4-80f4-b8ca3aecab4b', 100, NULL, 'N', 'N', NULL, NULL, 'N'),
(3, 'Склад № 4 г.Курган, ул.Омская, 171д', 'Y', '', NULL, '0', '0', NULL, NULL, '2023-07-25 06:44:26', '2023-04-05 12:20:42', 3, 3, NULL, NULL, 'e3948f33-5546-11e5-813a-b8ca3aecab4b', 100, NULL, 'N', 'N', NULL, NULL, 'N'),
(4, 'Витрина, г. Курган, ул. Омская, 171д', 'Y', '', NULL, '0', '0', NULL, NULL, '2023-07-25 06:44:26', '2023-04-05 12:20:42', 3, 3, NULL, NULL, '38079e7f-5547-11e5-813a-b8ca3aecab4b', 100, NULL, 'N', 'N', NULL, NULL, 'N'),
(5, 'Склад № 5 г.Курган, ул.Омская, 171д', 'Y', '', NULL, '0', '0', NULL, NULL, '2023-07-25 06:44:26', '2023-04-05 12:20:42', 3, 3, NULL, NULL, 'f63cbfd8-a6f4-11ea-81a9-b8ca3aecab4b', 100, NULL, 'N', 'N', NULL, NULL, 'N');
-- -----------------------------------
-- Dumping table b_catalog_store_barcode
-- -----------------------------------
CREATE TABLE `b_catalog_store_barcode` (
  `ID` int(11) NOT NULL AUTO_INCREMENT,
  `PRODUCT_ID` int(11) NOT NULL,
  `BARCODE` varchar(100) COLLATE utf8_unicode_ci DEFAULT NULL,
  `STORE_ID` int(11) DEFAULT NULL,
  `ORDER_ID` int(11) DEFAULT NULL,
  `DATE_MODIFY` datetime DEFAULT NULL,
  `DATE_CREATE` datetime DEFAULT NULL,
  `CREATED_BY` int(11) DEFAULT NULL,
  `MODIFIED_BY` int(11) DEFAULT NULL,
  PRIMARY KEY (`ID`),
  UNIQUE KEY `IX_B_CATALOG_STORE_BARCODE1` (`BARCODE`)
) ENGINE=InnoDB DEFAULT CHARSET=utf8 COLLATE=utf8_unicode_ci;

-- -----------------------------------
-- Dumping table b_catalog_store_docs
-- -----------------------------------
CREATE TABLE `b_catalog_store_docs` (
  `ID` int(11) NOT NULL AUTO_INCREMENT,
  `DOC_TYPE` char(1) COLLATE utf8_unicode_ci NOT NULL,
  `SITE_ID` char(2) COLLATE utf8_unicode_ci DEFAULT NULL,
  `CONTRACTOR_ID` int(11) DEFAULT NULL,
  `DATE_MODIFY` datetime DEFAULT NULL,
  `DATE_CREATE` datetime DEFAULT NULL,
  `CREATED_BY` int(11) DEFAULT NULL,
  `MODIFIED_BY` int(11) DEFAULT NULL,
  `CURRENCY` char(3) COLLATE utf8_unicode_ci DEFAULT NULL,
  `STATUS` char(1) COLLATE utf8_unicode_ci NOT NULL DEFAULT 'N',
  `DATE_STATUS` datetime DEFAULT NULL,
  `DATE_DOCUMENT` datetime DEFAULT NULL,
  `STATUS_BY` int(11) DEFAULT NULL,
  `TOTAL` double DEFAULT NULL,
  `COMMENTARY` varchar(1000) COLLATE utf8_unicode_ci DEFAULT NULL,
  `TITLE` varchar(255) COLLATE utf8_unicode_ci DEFAULT NULL,
  `RESPONSIBLE_ID` int(11) DEFAULT NULL,
  `ITEMS_ORDER_DATE` datetime DEFAULT NULL,
  `ITEMS_RECEIVED_DATE` datetime DEFAULT NULL,
  `DOC_NUMBER` varchar(64) COLLATE utf8_unicode_ci DEFAULT NULL,
  `WAS_CANCELLED` char(1) COLLATE utf8_unicode_ci DEFAULT 'N',
  PRIMARY KEY (`ID`)
) ENGINE=InnoDB DEFAULT CHARSET=utf8 COLLATE=utf8_unicode_ci;

-- -----------------------------------
-- Dumping table b_catalog_store_document_file
-- -----------------------------------
CREATE TABLE `b_catalog_store_document_file` (
  `ID` int(11) NOT NULL AUTO_INCREMENT,
  `DOCUMENT_ID` int(11) NOT NULL,
  `FILE_ID` int(11) NOT NULL,
  PRIMARY KEY (`ID`),
  KEY `IX_B_CATALOG_STORE_DOCUMENT_FILE_DOC_ID` (`DOCUMENT_ID`)
) ENGINE=InnoDB DEFAULT CHARSET=utf8 COLLATE=utf8_unicode_ci;

-- -----------------------------------
-- Dumping table b_catalog_store_product
-- -----------------------------------
CREATE TABLE `b_catalog_store_product` (
  `ID` int(11) NOT NULL AUTO_INCREMENT,
  `PRODUCT_ID` int(11) NOT NULL,
  `AMOUNT` double NOT NULL DEFAULT '0',
  `STORE_ID` int(11) NOT NULL,
  `QUANTITY_RESERVED` double NOT NULL DEFAULT '0',
  PRIMARY KEY (`ID`),
  UNIQUE KEY `IX_CATALOG_STORE_PRODUCT2` (`PRODUCT_ID`,`STORE_ID`),
  KEY `IX_CATALOG_STORE_PRODUCT1` (`STORE_ID`)
) ENGINE=InnoDB AUTO_INCREMENT=1945 DEFAULT CHARSET=utf8 COLLATE=utf8_unicode_ci;

INSERT INTO `b_catalog_store_product` VALUES
(973, 24364, 0, 4, 0),
(974, 24364, 0, 5, 0),
(975, 24364, 0, 3, 0),
(976, 24364, 1, 2, 0),
(977, 24365, 0, 4, 0),
(978, 24365, 0, 5, 0),
(979, 24365, 0, 3, 0),
(980, 24365, 1, 2, 0),
(981, 24366, 0, 4, 0),
(982, 24366, 0, 5, 0),
(983, 24366, 0, 3, 0),
(984, 24366, 4, 2, 0),
(985, 24367, 0, 4, 0),
(986, 24367, 0, 5, 0),
(987, 24367, 0, 3, 0),
(988, 24367, 3, 2, 0),
(989, 24368, 0, 4, 0),
(990, 24368, 0, 5, 0),
(991, 24368, 0, 3, 0),
(992, 24368, 0, 2, 0),
(993, 24369, 0, 4, 0),
(994, 24369, 0, 5, 0),
(995, 24369, 0, 3, 0),
(996, 24369, 1, 2, 0),
(997, 24370, 0, 4, 0),
(998, 24370, 0, 5, 0),
(999, 24370, 0, 3, 0),
(1000, 24370, 1, 2, 0),
(1001, 24371, 0, 4, 0),
(1002, 24371, 0, 5, 0),
(1003, 24371, 0, 3, 0),
(1004, 24371, 2, 2, 0),
(1005, 24372, 0, 4, 0),
(1006, 24372, 0, 5, 0),
(1007, 24372, 0, 3, 0),
(1008, 24372, 1, 2, 0),
(1009, 24373, 0, 4, 0),
(1010, 24373, 0, 5, 0),
(1011, 24373, 0, 3, 0),
(1012, 24373, 1, 2, 0),
(1013, 24374, 0, 4, 0),
(1014, 24374, 0, 5, 0),
(1015, 24374, 0, 3, 0),
(1016, 24374, 4, 2, 0),
(1017, 24375, 0, 4, 0),
(1018, 24375, 0, 5, 0),
(1019, 24375, 0, 3, 0),
(1020, 24375, 0, 2, 0),
(1021, 24376, 0, 4, 0),
(1022, 24376, 0, 5, 0),
(1023, 24376, 0, 3, 0),
(1024, 24376, 0, 2, 0),
(1025, 24377, 0, 4, 0),
(1026, 24377, 0, 5, 0),
(1027, 24377, 0, 3, 0),
(1028, 24377, 1, 2, 0),
(1029, 24378, 0, 4, 0),
(1030, 24378, 0, 5, 0),
(1031, 24378, 0, 3, 0),
(1032, 24378, 1, 2, 0),
(1033, 24379, 0, 4, 0),
(1034, 24379, 0, 5, 0),
(1035, 24379, 0, 3, 0),
(1036, 24379, 8, 2, 0),
(1037, 24380, 0, 4, 0),
(1038, 24380, 0, 5, 0),
(1039, 24380, 0, 3, 0),
(1040, 24380, 1, 2, 0),
(1041, 24381, 0, 4, 0),
(1042, 24381, 0, 5, 0),
(1043, 24381, 0, 3, 0),
(1044, 24381, 0, 2, 0),
(1045, 24382, 0, 4, 0),
(1046, 24382, 0, 5, 0),
(1047, 24382, 0, 3, 0),
(1048, 24382, 5, 2, 0),
(1049, 24383, 0, 4, 0),
(1050, 24383, 0, 5, 0),
(1051, 24383, 0, 3, 0),
(1052, 24383, 4, 2, 0),
(1053, 24384, 0, 4, 0),
(1054, 24384, 0, 5, 0),
(1055, 24384, 0, 3, 0),
(1056, 24384, 2, 2, 0),
(1057, 24385, 0, 4, 0),
(1058, 24385, 0, 5, 0),
(1059, 24385, 0, 3, 0),
(1060, 24385, 5, 2, 0),
(1061, 24386, 0, 4, 0),
(1062, 24386, 0, 5, 0),
(1063, 24386, 0, 3, 0),
(1064, 24386, 1, 2, 0),
(1065, 24387, 0, 4, 0),
(1066, 24387, 0, 5, 0),
(1067, 24387, 0, 3, 0),
(1068, 24387, 1, 2, 0),
(1069, 24388, 0, 4, 0),
(1070, 24388, 0, 5, 0),
(1071, 24388, 0, 3, 0),
(1072, 24388, 4, 2, 0),
(1073, 24389, 0, 4, 0),
(1074, 24389, 0, 5, 0),
(1075, 24389, 0, 3, 0),
(1076, 24389, 21, 2, 0),
(1077, 24390, 0, 4, 0),
(1078, 24390, 0, 5, 0),
(1079, 24390, 0, 3, 0),
(1080, 24390, 1, 2, 0),
(1081, 24391, 0, 4, 0),
(1082, 24391, 0, 5, 0),
(1083, 24391, 0, 3, 0),
(1084, 24391, 3, 2, 0),
(1085, 24392, 0, 4, 0),
(1086, 24392, 0, 5, 0),
(1087, 24392, 0, 3, 0),
(1088, 24392, 7, 2, 0),
(1089, 24393, 0, 4, 0),
(1090, 24393, 0, 5, 0),
(1091, 24393, 0, 3, 0),
(1092, 24393, 0, 2, 0),
(1093, 24394, 0, 4, 0),
(1094, 24394, 0, 5, 0),
(1095, 24394, 0, 3, 0),
(1096, 24394, 6, 2, 0),
(1097, 24395, 0, 4, 0),
(1098, 24395, 0, 5, 0),
(1099, 24395, 0, 3, 0),
(1100, 24395, 2, 2, 0),
(1101, 24396, 0, 4, 0),
(1102, 24396, 0, 5, 0),
(1103, 24396, 0, 3, 0),
(1104, 24396, 1, 2, 0),
(1105, 24397, 0, 4, 0),
(1106, 24397, 0, 5, 0),
(1107, 24397, 0, 3, 0),
(1108, 24397, 1, 2, 0),
(1109, 24398, 0, 4, 0),
(1110, 24398, 0, 5, 0),
(1111, 24398, 0, 3, 0),
(1112, 24398, 1, 2, 0),
(1113, 24399, 0, 4, 0),
(1114, 24399, 0, 5, 0),
(1115, 24399, 0, 3, 0),
(1116, 24399, 2, 2, 0),
(1117, 24400, 0, 4, 0),
(1118, 24400, 0, 5, 0),
(1119, 24400, 0, 3, 0),
(1120, 24400, 13, 2, 0),
(1121, 24401, 0, 4, 0),
(1122, 24401, 0, 5, 0),
(1123, 24401, 0, 3, 0),
(1124, 24401, 1, 2, 0),
(1125, 24402, 0, 4, 0),
(1126, 24402, 0, 5, 0),
(1127, 24402, 0, 3, 0),
(1128, 24402, 0, 2, 0),
(1129, 24403, 0, 4, 0),
(1130, 24403, 0, 5, 0),
(1131, 24403, 0, 3, 0),
(1132, 24403, 1, 2, 0),
(1133, 24404, 0, 4, 0),
(1134, 24404, 0, 5, 0),
(1135, 24404, 0, 3, 0),
(1136, 24404, 6, 2, 0),
(1137, 24405, 0, 4, 0),
(1138, 24405, 0, 5, 0),
(1139, 24405, 0, 3, 0),
(1140, 24405, 3, 2, 0),
(1141, 24406, 0, 4, 0),
(1142, 24406, 0, 5, 0),
(1143, 24406, 0, 3, 0),
(1144, 24406, 1, 2, 0),
(1145, 24407, 0, 4, 0),
(1146, 24407, 0, 5, 0),
(1147, 24407, 0, 3, 0),
(1148, 24407, 1, 2, 0),
(1149, 24408, 0, 4, 0),
(1150, 24408, 0, 5, 0),
(1151, 24408, 0, 3, 0),
(1152, 24408, 1, 2, 0),
(1153, 24409, 0, 4, 0),
(1154, 24409, 0, 5, 0),
(1155, 24409, 0, 3, 0),
(1156, 24409, 1, 2, 0),
(1157, 24410, 0, 4, 0),
(1158, 24410, 0, 5, 0),
(1159, 24410, 0, 3, 0),
(1160, 24410, 1, 2, 0),
(1161, 24411, 0, 4, 0),
(1162, 24411, 0, 5, 0),
(1163, 24411, 0, 3, 0),
(1164, 24411, 1, 2, 0),
(1165, 24412, 0, 4, 0),
(1166, 24412, 0, 5, 0),
(1167, 24412, 0, 3, 0),
(1168, 24412, 1, 2, 0),
(1169, 24413, 0, 4, 0),
(1170, 24413, 0, 5, 0),
(1171, 24413, 0, 3, 0),
(1172, 24413, 1, 2, 0),
(1173, 24414, 0, 4, 0),
(1174, 24414, 0, 5, 0),
(1175, 24414, 0, 3, 0),
(1176, 24414, 1, 2, 0),
(1177, 24415, 0, 4, 0),
(1178, 24415, 0, 5, 0),
(1179, 24415, 0, 3, 0),
(1180, 24415, 2, 2, 0),
(1181, 24416, 0, 4, 0),
(1182, 24416, 0, 5, 0),
(1183, 24416, 0, 3, 0),
(1184, 24416, 0, 2, 0),
(1185, 24417, 0, 4, 0),
(1186, 24417, 0, 5, 0),
(1187, 24417, 0, 3, 0),
(1188, 24417, 2, 2, 0),
(1189, 24418, 0, 4, 0),
(1190, 24418, 0, 5, 0),
(1191, 24418, 0, 3, 0),
(1192, 24418, 1, 2, 0),
(1193, 24419, 0, 4, 0),
(1194, 24419, 0, 5, 0),
(1195, 24419, 0, 3, 0),
(1196, 24419, 2, 2, 0),
(1197, 24420, 0, 4, 0),
(1198, 24420, 0, 5, 0),
(1199, 24420, 0, 3, 0),
(1200, 24420, 3, 2, 0),
(1201, 24421, 0, 4, 0),
(1202, 24421, 0, 5, 0),
(1203, 24421, 0, 3, 0),
(1204, 24421, 1, 2, 0),
(1205, 24422, 0, 4, 0),
(1206, 24422, 0, 5, 0),
(1207, 24422, 0, 3, 0),
(1208, 24422, 1, 2, 0),
(1209, 24423, 0, 4, 0),
(1210, 24423, 0, 5, 0),
(1211, 24423, 0, 3, 0),
(1212, 24423, 0, 2, 0),
(1213, 24424, 0, 4, 0),
(1214, 24424, 0, 5, 0),
(1215, 24424, 0, 3, 0),
(1216, 24424, 2, 2, 0),
(1217, 24425, 0, 4, 0),
(1218, 24425, 0, 5, 0),
(1219, 24425, 0, 3, 0),
(1220, 24425, 1, 2, 0),
(1221, 24426, 0, 4, 0),
(1222, 24426, 0, 5, 0),
(1223, 24426, 0, 3, 0),
(1224, 24426, 4, 2, 0),
(1225, 24427, 0, 4, 0),
(1226, 24427, 0, 5, 0),
(1227, 24427, 0, 3, 0),
(1228, 24427, 1, 2, 0),
(1229, 24428, 0, 4, 0),
(1230, 24428, 0, 5, 0),
(1231, 24428, 0, 3, 0),
(1232, 24428, 4, 2, 0),
(1233, 24429, 0, 4, 0),
(1234, 24429, 0, 5, 0),
(1235, 24429, 0, 3, 0),
(1236, 24429, 1, 2, 0),
(1237, 24430, 0, 4, 0),
(1238, 24430, 0, 5, 0),
(1239, 24430, 0, 3, 0),
(1240, 24430, 8, 2, 0),
(1241, 24431, 0, 4, 0),
(1242, 24431, 0, 5, 0),
(1243, 24431, 0, 3, 0),
(1244, 24431, 2, 2, 0),
(1245, 24432, 0, 4, 0),
(1246, 24432, 0, 5, 0),
(1247, 24432, 0, 3, 0),
(1248, 24432, 1, 2, 0),
(1249, 24433, 0, 4, 0),
(1250, 24433, 0, 5, 0),
(1251, 24433, 0, 3, 0),
(1252, 24433, 1, 2, 0),
(1253, 24434, 0, 4, 0),
(1254, 24434, 0, 5, 0),
(1255, 24434, 0, 3, 0),
(1256, 24434, 2, 2, 0),
(1257, 24435, 0, 4, 0),
(1258, 24435, 0, 5, 0),
(1259, 24435, 0, 3, 0),
(1260, 24435, 1, 2, 0),
(1261, 24436, 0, 4, 0),
(1262, 24436, 0, 5, 0),
(1263, 24436, 0, 3, 0),
(1264, 24436, 1, 2, 0),
(1265, 24437, 0, 4, 0),
(1266, 24437, 0, 5, 0),
(1267, 24437, 0, 3, 0),
(1268, 24437, 0, 2, 0),
(1269, 24438, 0, 4, 0),
(1270, 24438, 0, 5, 0),
(1271, 24438, 0, 3, 0),
(1272, 24438, 3, 2, 0),
(1273, 24439, 0, 4, 0),
(1274, 24439, 0, 5, 0),
(1275, 24439, 0, 3, 0),
(1276, 24439, 1, 2, 0),
(1277, 24440, 0, 4, 0),
(1278, 24440, 0, 5, 0),
(1279, 24440, 0, 3, 0),
(1280, 24440, 2, 2, 0),
(1281, 24441, 0, 4, 0),
(1282, 24441, 0, 5, 0),
(1283, 24441, 0, 3, 0),
(1284, 24441, 0, 2, 0),
(1285, 24442, 0, 4, 0),
(1286, 24442, 0, 5, 0),
(1287, 24442, 0, 3, 0),
(1288, 24442, 1, 2, 0),
(1289, 24443, 0, 4, 0),
(1290, 24443, 0, 5, 0),
(1291, 24443, 0, 3, 0),
(1292, 24443, 1, 2, 0),
(1293, 24444, 0, 4, 0),
(1294, 24444, 0, 5, 0),
(1295, 24444, 0, 3, 0),
(1296, 24444, 4, 2, 0),
(1297, 24445, 0, 4, 0),
(1298, 24445, 0, 5, 0),
(1299, 24445, 0, 3, 0),
(1300, 24445, 2, 2, 0),
(1301, 24446, 0, 4, 0),
(1302, 24446, 0, 5, 0),
(1303, 24446, 0, 3, 0),
(1304, 24446, 1, 2, 0),
(1305, 24447, 0, 4, 0),
(1306, 24447, 0, 5, 0),
(1307, 24447, 0, 3, 0),
(1308, 24447, 2, 2, 0),
(1309, 24448, 0, 4, 0),
(1310, 24448, 0, 5, 0),
(1311, 24448, 0, 3, 0),
(1312, 24448, 0, 2, 0),
(1313, 24449, 0, 4, 0),
(1314, 24449, 0, 5, 0),
(1315, 24449, 0, 3, 0),
(1316, 24449, 3, 2, 0),
(1317, 24450, 0, 4, 0),
(1318, 24450, 0, 5, 0),
(1319, 24450, 0, 3, 0),
(1320, 24450, 3, 2, 0),
(1321, 24451, 0, 4, 0),
(1322, 24451, 0, 5, 0),
(1323, 24451, 0, 3, 0),
(1324, 24451, 1, 2, 0),
(1325, 24452, 0, 4, 0),
(1326, 24452, 0, 5, 0),
(1327, 24452, 0, 3, 0),
(1328, 24452, 2, 2, 0),
(1329, 24453, 0, 4, 0),
(1330, 24453, 0, 5, 0),
(1331, 24453, 0, 3, 0),
(1332, 24453, 0, 2, 0),
(1333, 24454, 0, 4, 0),
(1334, 24454, 0, 5, 0),
(1335, 24454, 0, 3, 0),
(1336, 24454, 2, 2, 0),
(1337, 24455, 0, 4, 0),
(1338, 24455, 0, 5, 0),
(1339, 24455, 0, 3, 0),
(1340, 24455, 3, 2, 0),
(1341, 24456, 0, 4, 0),
(1342, 24456, 0, 5, 0),
(1343, 24456, 0, 3, 0),
(1344, 24456, 5, 2, 0),
(1345, 24457, 0, 4, 0),
(1346, 24457, 0, 5, 0),
(1347, 24457, 0, 3, 0),
(1348, 24457, 3, 2, 0),
(1349, 24458, 0, 4, 0),
(1350, 24458, 0, 5, 0),
(1351, 24458, 0, 3, 0),
(1352, 24458, 0, 2, 0),
(1353, 24459, 0, 4, 0),
(1354, 24459, 0, 5, 0),
(1355, 24459, 0, 3, 0),
(1356, 24459, 2, 2, 0),
(1357, 24460, 0, 4, 0),
(1358, 24460, 0, 5, 0),
(1359, 24460, 0, 3, 0),
(1360, 24460, 2, 2, 0),
(1361, 24461, 0, 4, 0),
(1362, 24461, 0, 5, 0),
(1363, 24461, 0, 3, 0),
(1364, 24461, 0, 2, 0),
(1365, 24462, 0, 4, 0),
(1366, 24462, 0, 5, 0),
(1367, 24462, 0, 3, 0),
(1368, 24462, 11, 2, 0),
(1369, 24463, 0, 4, 0),
(1370, 24463, 0, 5, 0),
(1371, 24463, 0, 3, 0),
(1372, 24463, 2, 2, 0),
(1373, 24464, 0, 4, 0),
(1374, 24464, 0, 5, 0),
(1375, 24464, 0, 3, 0),
(1376, 24464, 2, 2, 0),
(1377, 24465, 0, 4, 0),
(1378, 24465, 0, 5, 0),
(1379, 24465, 0, 3, 0),
(1380, 24465, 0, 2, 0),
(1381, 24466, 0, 4, 0),
(1382, 24466, 0, 5, 0),
(1383, 24466, 0, 3, 0),
(1384, 24466, 1, 2, 0),
(1385, 24467, 0, 4, 0),
(1386, 24467, 0, 5, 0),
(1387, 24467, 0, 3, 0),
(1388, 24467, 2, 2, 0),
(1389, 24468, 0, 4, 0),
(1390, 24468, 0, 5, 0),
(1391, 24468, 0, 3, 0),
(1392, 24468, 14, 2, 0),
(1393, 24469, 0, 4, 0),
(1394, 24469, 0, 5, 0),
(1395, 24469, 0, 3, 0),
(1396, 24469, 0, 2, 0),
(1397, 24470, 0, 4, 0),
(1398, 24470, 0, 5, 0),
(1399, 24470, 0, 3, 0),
(1400, 24470, 1, 2, 0),
(1401, 24471, 0, 4, 0),
(1402, 24471, 0, 5, 0),
(1403, 24471, 0, 3, 0),
(1404, 24471, 1, 2, 0),
(1405, 24472, 0, 4, 0),
(1406, 24472, 0, 5, 0),
(1407, 24472, 0, 3, 0),
(1408, 24472, 1, 2, 0),
(1409, 24473, 0, 4, 0),
(1410, 24473, 0, 5, 0),
(1411, 24473, 0, 3, 0),
(1412, 24473, 0, 2, 0),
(1413, 24474, 0, 4, 0),
(1414, 24474, 0, 5, 0),
(1415, 24474, 0, 3, 0),
(1416, 24474, 0, 2, 0),
(1417, 24475, 0, 4, 0),
(1418, 24475, 0, 5, 0),
(1419, 24475, 0, 3, 0),
(1420, 24475, 0, 2, 0),
(1421, 24476, 0, 4, 0),
(1422, 24476, 0, 5, 0),
(1423, 24476, 0, 3, 0),
(1424, 24476, 0, 2, 0),
(1425, 24477, 0, 4, 0),
(1426, 24477, 0, 5, 0),
(1427, 24477, 0, 3, 0),
(1428, 24477, 7, 2, 0),
(1429, 24478, 0, 4, 0),
(1430, 24478, 0, 5, 0),
(1431, 24478, 0, 3, 0),
(1432, 24478, 2, 2, 0),
(1433, 24479, 0, 4, 0),
(1434, 24479, 0, 5, 0),
(1435, 24479, 0, 3, 0),
(1436, 24479, 11, 2, 0),
(1437, 24480, 0, 4, 0),
(1438, 24480, 0, 5, 0),
(1439, 24480, 0, 3, 0),
(1440, 24480, 1, 2, 0),
(1441, 24481, 0, 4, 0),
(1442, 24481, 0, 5, 0),
(1443, 24481, 0, 3, 0),
(1444, 24481, 2, 2, 0),
(1445, 24482, 0, 4, 0),
(1446, 24482, 0, 5, 0),
(1447, 24482, 0, 3, 0),
(1448, 24482, 0, 2, 0),
(1449, 24483, 0, 4, 0),
(1450, 24483, 0, 5, 0),
(1451, 24483, 0, 3, 0),
(1452, 24483, 5, 2, 0),
(1453, 24484, 0, 4, 0),
(1454, 24484, 0, 5, 0),
(1455, 24484, 0, 3, 0),
(1456, 24484, 1, 2, 0),
(1457, 24485, 0, 4, 0),
(1458, 24485, 0, 5, 0),
(1459, 24485, 0, 3, 0),
(1460, 24485, 2, 2, 0),
(1461, 24486, 0, 4, 0),
(1462, 24486, 0, 5, 0),
(1463, 24486, 0, 3, 0),
(1464, 24486, 0, 2, 0),
(1465, 24487, 0, 4, 0),
(1466, 24487, 0, 5, 0),
(1467, 24487, 0, 3, 0),
(1468, 24487, 1, 2, 0),
(1469, 24488, 0, 4, 0),
(1470, 24488, 0, 5, 0),
(1471, 24488, 0, 3, 0),
(1472, 24488, 2, 2, 0),
(1473, 24489, 0, 4, 0),
(1474, 24489, 0, 5, 0),
(1475, 24489, 0, 3, 0),
(1476, 24489, 1, 2, 0),
(1477, 24490, 0, 4, 0),
(1478, 24490, 0, 5, 0),
(1479, 24490, 0, 3, 0),
(1480, 24490, 2, 2, 0),
(1481, 24491, 0, 4, 0),
(1482, 24491, 0, 5, 0),
(1483, 24491, 0, 3, 0),
(1484, 24491, 2, 2, 0),
(1485, 24492, 0, 4, 0),
(1486, 24492, 0, 5, 0),
(1487, 24492, 0, 3, 0),
(1488, 24492, 3, 2, 0),
(1489, 24493, 0, 4, 0),
(1490, 24493, 0, 5, 0),
(1491, 24493, 0, 3, 0),
(1492, 24493, 3, 2, 0),
(1493, 24494, 0, 4, 0),
(1494, 24494, 0, 5, 0),
(1495, 24494, 0, 3, 0),
(1496, 24494, 2, 2, 0),
(1497, 24495, 0, 4, 0),
(1498, 24495, 0, 5, 0),
(1499, 24495, 0, 3, 0),
(1500, 24495, 1, 2, 0),
(1501, 24496, 0, 4, 0),
(1502, 24496, 0, 5, 0),
(1503, 24496, 0, 3, 0),
(1504, 24496, 0, 2, 0),
(1505, 24497, 0, 4, 0),
(1506, 24497, 0, 5, 0),
(1507, 24497, 0, 3, 0),
(1508, 24497, 1, 2, 0),
(1509, 24498, 0, 4, 0),
(1510, 24498, 0, 5, 0),
(1511, 24498, 0, 3, 0),
(1512, 24498, 0, 2, 0),
(1513, 24499, 0, 4, 0),
(1514, 24499, 0, 5, 0),
(1515, 24499, 0, 3, 0),
(1516, 24499, 2, 2, 0),
(1517, 24500, 0, 4, 0),
(1518, 24500, 0, 5, 0),
(1519, 24500, 0, 3, 0),
(1520, 24500, 1, 2, 0),
(1521, 24501, 0, 4, 0),
(1522, 24501, 0, 5, 0),
(1523, 24501, 0, 3, 0),
(1524, 24501, 3, 2, 0),
(1525, 24502, 0, 4, 0),
(1526, 24502, 0, 5, 0),
(1527, 24502, 0, 3, 0),
(1528, 24502, 2, 2, 0),
(1529, 24503, 0, 4, 0),
(1530, 24503, 0, 5, 0),
(1531, 24503, 0, 3, 0),
(1532, 24503, 0, 2, 0),
(1533, 24504, 0, 4, 0),
(1534, 24504, 0, 5, 0),
(1535, 24504, 0, 3, 0),
(1536, 24504, 1, 2, 0),
(1537, 24505, 0, 4, 0),
(1538, 24505, 0, 5, 0),
(1539, 24505, 0, 3, 0),
(1540, 24505, 1, 2, 0),
(1541, 24506, 0, 4, 0),
(1542, 24506, 0, 5, 0),
(1543, 24506, 0, 3, 0),
(1544, 24506, 2, 2, 0),
(1545, 24507, 0, 4, 0),
(1546, 24507, 0, 5, 0),
(1547, 24507, 0, 3, 0),
(1548, 24507, 1, 2, 0),
(1549, 24508, 0, 4, 0),
(1550, 24508, 0, 5, 0),
(1551, 24508, 0, 3, 0),
(1552, 24508, 1, 2, 0),
(1553, 24509, 0, 4, 0),
(1554, 24509, 0, 5, 0),
(1555, 24509, 0, 3, 0),
(1556, 24509, 1, 2, 0),
(1557, 24510, 0, 4, 0),
(1558, 24510, 0, 5, 0),
(1559, 24510, 0, 3, 0),
(1560, 24510, 1, 2, 0),
(1561, 24511, 0, 4, 0),
(1562, 24511, 0, 5, 0),
(1563, 24511, 0, 3, 0),
(1564, 24511, 34.6, 2, 0),
(1565, 24512, 0, 4, 0),
(1566, 24512, 0, 5, 0),
(1567, 24512, 0, 3, 0),
(1568, 24512, 0, 2, 0),
(1569, 24513, 0, 4, 0),
(1570, 24513, 0, 5, 0),
(1571, 24513, 0, 3, 0),
(1572, 24513, 1, 2, 0),
(1573, 24514, 0, 4, 0),
(1574, 24514, 0, 5, 0),
(1575, 24514, 0, 3, 0),
(1576, 24514, 1, 2, 0),
(1577, 24515, 0, 4, 0),
(1578, 24515, 0, 5, 0),
(1579, 24515, 0, 3, 0),
(1580, 24515, 0, 2, 0),
(1581, 24516, 0, 4, 0),
(1582, 24516, 0, 5, 0),
(1583, 24516, 0, 3, 0),
(1584, 24516, 1, 2, 0),
(1585, 24517, 0, 4, 0),
(1586, 24517, 0, 5, 0),
(1587, 24517, 0, 3, 0),
(1588, 24517, 1, 2, 0),
(1589, 24518, 0, 4, 0),
(1590, 24518, 0, 5, 0),
(1591, 24518, 0, 3, 0),
(1592, 24518, 0, 2, 0),
(1593, 24519, 0, 4, 0),
(1594, 24519, 0, 5, 0),
(1595, 24519, 0, 3, 0),
(1596, 24519, 1, 2, 0),
(1597, 24520, 0, 4, 0),
(1598, 24520, 0, 5, 0),
(1599, 24520, 0, 3, 0),
(1600, 24520, 2, 2, 0),
(1601, 24521, 0, 4, 0),
(1602, 24521, 0, 5, 0),
(1603, 24521, 0, 3, 0),
(1604, 24521, 4, 2, 0),
(1605, 24522, 0, 4, 0),
(1606, 24522, 0, 5, 0),
(1607, 24522, 0, 3, 0),
(1608, 24522, 2, 2, 0),
(1609, 24523, 0, 4, 0),
(1610, 24523, 0, 5, 0),
(1611, 24523, 0, 3, 0),
(1612, 24523, 2, 2, 0),
(1613, 24524, 0, 4, 0),
(1614, 24524, 0, 5, 0),
(1615, 24524, 0, 3, 0),
(1616, 24524, 1, 2, 0),
(1617, 24525, 0, 4, 0),
(1618, 24525, 0, 5, 0),
(1619, 24525, 0, 3, 0),
(1620, 24525, 2, 2, 0),
(1621, 24526, 0, 4, 0),
(1622, 24526, 0, 5, 0),
(1623, 24526, 0, 3, 0),
(1624, 24526, 4, 2, 0),
(1625, 24527, 0, 4, 0),
(1626, 24527, 0, 5, 0),
(1627, 24527, 0, 3, 0),
(1628, 24527, 2, 2, 0),
(1629, 24528, 0, 4, 0),
(1630, 24528, 0, 5, 0),
(1631, 24528, 0, 3, 0),
(1632, 24528, 2, 2, 0),
(1633, 24529, 0, 4, 0),
(1634, 24529, 0, 5, 0),
(1635, 24529, 0, 3, 0),
(1636, 24529, 2, 2, 0),
(1637, 24530, 0, 4, 0),
(1638, 24530, 0, 5, 0),
(1639, 24530, 0, 3, 0),
(1640, 24530, 3, 2, 0),
(1641, 24531, 0, 4, 0),
(1642, 24531, 0, 5, 0),
(1643, 24531, 0, 3, 0),
(1644, 24531, 1, 2, 0),
(1645, 24532, 0, 4, 0),
(1646, 24532, 0, 5, 0),
(1647, 24532, 0, 3, 0),
(1648, 24532, 2, 2, 0),
(1649, 24533, 0, 4, 0),
(1650, 24533, 0, 5, 0),
(1651, 24533, 0, 3, 0),
(1652, 24533, 1, 2, 0),
(1653, 24534, 0, 4, 0),
(1654, 24534, 0, 5, 0),
(1655, 24534, 0, 3, 0),
(1656, 24534, 2, 2, 0),
(1657, 24535, 0, 4, 0),
(1658, 24535, 0, 5, 0),
(1659, 24535, 0, 3, 0),
(1660, 24535, 2, 2, 0),
(1661, 24536, 0, 4, 0),
(1662, 24536, 0, 5, 0),
(1663, 24536, 0, 3, 0),
(1664, 24536, 2, 2, 0),
(1665, 24537, 0, 4, 0),
(1666, 24537, 0, 5, 0),
(1667, 24537, 0, 3, 0),
(1668, 24537, 2, 2, 0),
(1669, 24538, 0, 4, 0),
(1670, 24538, 0, 5, 0),
(1671, 24538, 0, 3, 0),
(1672, 24538, 2, 2, 0),
(1673, 24539, 0, 4, 0),
(1674, 24539, 0, 5, 0),
(1675, 24539, 0, 3, 0),
(1676, 24539, 2, 2, 0),
(1677, 24540, 0, 4, 0),
(1678, 24540, 0, 5, 0),
(1679, 24540, 0, 3, 0),
(1680, 24540, 2, 2, 0),
(1681, 24541, 0, 4, 0),
(1682, 24541, 0, 5, 0),
(1683, 24541, 0, 3, 0),
(1684, 24541, 2, 2, 0),
(1685, 24542, 0, 4, 0),
(1686, 24542, 0, 5, 0),
(1687, 24542, 0, 3, 0),
(1688, 24542, 2, 2, 0),
(1689, 24543, 0, 4, 0),
(1690, 24543, 0, 5, 0),
(1691, 24543, 0, 3, 0),
(1692, 24543, 2, 2, 0),
(1693, 24544, 0, 4, 0),
(1694, 24544, 0, 5, 0),
(1695, 24544, 0, 3, 0),
(1696, 24544, 2, 2, 0),
(1697, 24545, 0, 4, 0),
(1698, 24545, 0, 5, 0),
(1699, 24545, 0, 3, 0),
(1700, 24545, 2, 2, 0),
(1701, 24546, 0, 4, 0),
(1702, 24546, 0, 5, 0),
(1703, 24546, 0, 3, 0),
(1704, 24546, 2, 2, 0),
(1705, 24547, 0, 4, 0),
(1706, 24547, 0, 5, 0),
(1707, 24547, 0, 3, 0),
(1708, 24547, 2, 2, 0),
(1709, 24548, 0, 4, 0),
(1710, 24548, 0, 5, 0),
(1711, 24548, 0, 3, 0),
(1712, 24548, 2, 2, 0),
(1713, 24549, 0, 4, 0),
(1714, 24549, 0, 5, 0),
(1715, 24549, 0, 3, 0),
(1716, 24549, 2, 2, 0),
(1717, 24550, 0, 4, 0),
(1718, 24550, 0, 5, 0),
(1719, 24550, 0, 3, 0),
(1720, 24550, 2, 2, 0),
(1721, 24551, 0, 4, 0),
(1722, 24551, 0, 5, 0),
(1723, 24551, 0, 3, 0),
(1724, 24551, 2, 2, 0),
(1725, 24552, 0, 4, 0),
(1726, 24552, 0, 5, 0),
(1727, 24552, 0, 3, 0),
(1728, 24552, 2, 2, 0),
(1729, 24553, 0, 4, 0),
(1730, 24553, 0, 5, 0),
(1731, 24553, 0, 3, 0),
(1732, 24553, 2, 2, 0),
(1733, 24554, 0, 4, 0),
(1734, 24554, 0, 5, 0),
(1735, 24554, 0, 3, 0),
(1736, 24554, 2, 2, 0),
(1737, 24555, 0, 4, 0),
(1738, 24555, 0, 5, 0),
(1739, 24555, 0, 3, 0),
(1740, 24555, 1, 2, 0),
(1741, 24556, 0, 4, 0),
(1742, 24556, 0, 5, 0),
(1743, 24556, 0, 3, 0),
(1744, 24556, 2, 2, 0),
(1745, 24557, 0, 4, 0),
(1746, 24557, 0, 5, 0),
(1747, 24557, 0, 3, 0),
(1748, 24557, 2, 2, 0),
(1749, 24558, 0, 4, 0),
(1750, 24558, 0, 5, 0),
(1751, 24558, 0, 3, 0),
(1752, 24558, 2, 2, 0),
(1753, 24559, 0, 4, 0),
(1754, 24559, 0, 5, 0),
(1755, 24559, 0, 3, 0),
(1756, 24559, 2, 2, 0),
(1757, 24560, 0, 4, 0),
(1758, 24560, 0, 5, 0),
(1759, 24560, 0, 3, 0),
(1760, 24560, 1, 2, 0),
(1761, 24561, 0, 4, 0),
(1762, 24561, 0, 5, 0),
(1763, 24561, 0, 3, 0),
(1764, 24561, 1, 2, 0),
(1765, 24562, 0, 4, 0),
(1766, 24562, 0, 5, 0),
(1767, 24562, 0, 3, 0),
(1768, 24562, 1, 2, 0),
(1769, 24563, 0, 4, 0),
(1770, 24563, 0, 5, 0),
(1771, 24563, 0, 3, 0),
(1772, 24563, 1, 2, 0),
(1773, 24564, 0, 4, 0),
(1774, 24564, 0, 5, 0),
(1775, 24564, 0, 3, 0),
(1776, 24564, 2, 2, 0),
(1777, 24565, 0, 4, 0),
(1778, 24565, 0, 5, 0),
(1779, 24565, 0, 3, 0),
(1780, 24565, 2, 2, 0),
(1781, 24566, 0, 4, 0),
(1782, 24566, 0, 5, 0),
(1783, 24566, 0, 3, 0),
(1784, 24566, 1, 2, 0),
(1785, 24567, 0, 4, 0),
(1786, 24567, 0, 5, 0),
(1787, 24567, 0, 3, 0),
(1788, 24567, 1, 2, 0),
(1789, 24568, 0, 4, 0),
(1790, 24568, 0, 5, 0),
(1791, 24568, 0, 3, 0),
(1792, 24568, 1, 2, 0),
(1793, 24569, 0, 4, 0),
(1794, 24569, 0, 5, 0),
(1795, 24569, 0, 3, 0),
(1796, 24569, 1, 2, 0),
(1797, 24570, 0, 4, 0),
(1798, 24570, 0, 5, 0),
(1799, 24570, 0, 3, 0),
(1800, 24570, 1, 2, 0),
(1801, 24571, 0, 4, 0),
(1802, 24571, 0, 5, 0),
(1803, 24571, 0, 3, 0),
(1804, 24571, 2, 2, 0),
(1805, 24572, 0, 4, 0),
(1806, 24572, 0, 5, 0),
(1807, 24572, 0, 3, 0),
(1808, 24572, 1, 2, 0),
(1809, 24573, 0, 4, 0),
(1810, 24573, 0, 5, 0),
(1811, 24573, 0, 3, 0),
(1812, 24573, 2, 2, 0),
(1813, 24574, 0, 4, 0),
(1814, 24574, 0, 5, 0),
(1815, 24574, 0, 3, 0),
(1816, 24574, 1, 2, 0),
(1817, 24575, 0, 4, 0),
(1818, 24575, 0, 5, 0),
(1819, 24575, 0, 3, 0),
(1820, 24575, 1, 2, 0),
(1821, 24576, 0, 4, 0),
(1822, 24576, 0, 5, 0),
(1823, 24576, 0, 3, 0),
(1824, 24576, 1, 2, 0),
(1825, 24577, 0, 4, 0),
(1826, 24577, 0, 5, 0),
(1827, 24577, 0, 3, 0),
(1828, 24577, 0, 2, 0),
(1829, 24578, 0, 4, 0),
(1830, 24578, 0, 5, 0),
(1831, 24578, 0, 3, 0),
(1832, 24578, 0, 2, 0),
(1833, 24579, 0, 4, 0),
(1834, 24579, 0, 5, 0),
(1835, 24579, 0, 3, 0),
(1836, 24579, 1, 2, 0),
(1837, 24580, 0, 4, 0),
(1838, 24580, 0, 5, 0),
(1839, 24580, 0, 3, 0),
(1840, 24580, 3, 2, 0),
(1841, 24581, 0, 4, 0),
(1842, 24581, 0, 5, 0),
(1843, 24581, 0, 3, 0),
(1844, 24581, 4, 2, 0),
(1845, 24582, 0, 4, 0),
(1846, 24582, 0, 5, 0),
(1847, 24582, 0, 3, 0),
(1848, 24582, 0, 2, 0),
(1849, 24583, 0, 4, 0),
(1850, 24583, 0, 5, 0),
(1851, 24583, 0, 3, 0),
(1852, 24583, 3, 2, 0),
(1853, 24584, 0, 4, 0),
(1854, 24584, 0, 5, 0),
(1855, 24584, 0, 3, 0),
(1856, 24584, 2, 2, 0),
(1857, 24585, 0, 4, 0),
(1858, 24585, 0, 5, 0),
(1859, 24585, 0, 3, 0),
(1860, 24585, 2, 2, 0),
(1861, 24586, 0, 4, 0),
(1862, 24586, 0, 5, 0),
(1863, 24586, 0, 3, 0),
(1864, 24586, 3, 2, 0),
(1865, 24587, 0, 4, 0),
(1866, 24587, 0, 5, 0),
(1867, 24587, 0, 3, 0),
(1868, 24587, 0, 2, 0),
(1869, 24588, 0, 4, 0),
(1870, 24588, 0, 5, 0),
(1871, 24588, 0, 3, 0),
(1872, 24588, 2, 2, 0),
(1873, 24589, 0, 4, 0),
(1874, 24589, 0, 5, 0),
(1875, 24589, 0, 3, 0),
(1876, 24589, 0, 2, 0),
(1877, 24590, 0, 4, 0),
(1878, 24590, 0, 5, 0),
(1879, 24590, 0, 3, 0),
(1880, 24590, 1, 2, 0),
(1881, 24591, 0, 4, 0),
(1882, 24591, 0, 5, 0),
(1883, 24591, 0, 3, 0),
(1884, 24591, 6, 2, 0),
(1885, 24592, 0, 4, 0),
(1886, 24592, 0, 5, 0),
(1887, 24592, 0, 3, 0),
(1888, 24592, 1, 2, 0),
(1889, 24593, 0, 4, 0),
(1890, 24593, 0, 5, 0),
(1891, 24593, 0, 3, 0),
(1892, 24593, 1, 2, 0),
(1893, 24594, 0, 4, 0),
(1894, 24594, 0, 5, 0),
(1895, 24594, 0, 3, 0),
(1896, 24594, 1, 2, 0),
(1897, 24595, 0, 4, 0),
(1898, 24595, 0, 5, 0),
(1899, 24595, 0, 3, 0),
(1900, 24595, 1, 2, 0),
(1901, 24596, 0, 4, 0),
(1902, 24596, 0, 5, 0),
(1903, 24596, 0, 3, 0),
(1904, 24596, 1, 2, 0),
(1905, 24597, 0, 4, 0),
(1906, 24597, 0, 5, 0),
(1907, 24597, 0, 3, 0),
(1908, 24597, 1, 2, 0),
(1909, 24598, 0, 4, 0),
(1910, 24598, 0, 5, 0),
(1911, 24598, 0, 3, 0),
(1912, 24598, 1, 2, 0),
(1913, 24599, 0, 4, 0),
(1914, 24599, 0, 5, 0),
(1915, 24599, 0, 3, 0),
(1916, 24599, 0, 2, 0),
(1917, 24600, 0, 4, 0),
(1918, 24600, 0, 5, 0),
(1919, 24600, 0, 3, 0),
(1920, 24600, 1, 2, 0),
(1921, 24601, 0, 4, 0),
(1922, 24601, 0, 5, 0),
(1923, 24601, 0, 3, 0),
(1924, 24601, 1, 2, 0),
(1925, 24602, 0, 4, 0),
(1926, 24602, 0, 5, 0),
(1927, 24602, 0, 3, 0),
(1928, 24602, 1, 2, 0),
(1929, 24603, 0, 4, 0),
(1930, 24603, 0, 5, 0),
(1931, 24603, 0, 3, 0),
(1932, 24603, 1, 2, 0),
(1933, 24604, 0, 4, 0),
(1934, 24604, 0, 5, 0),
(1935, 24604, 0, 3, 0),
(1936, 24604, 1, 2, 0),
(1937, 24605, 0, 4, 0),
(1938, 24605, 0, 5, 0),
(1939, 24605, 0, 3, 0),
(1940, 24605, 8, 2, 0),
(1941, 24606, 0, 4, 0),
(1942, 24606, 0, 5, 0),
(1943, 24606, 0, 3, 0),
(1944, 24606, 14, 2, 0);
-- -----------------------------------
-- Dumping table b_catalog_subscribe
-- -----------------------------------
CREATE TABLE `b_catalog_subscribe` (
  `ID` int(10) unsigned NOT NULL AUTO_INCREMENT,
  `DATE_FROM` datetime NOT NULL,
  `DATE_TO` datetime DEFAULT NULL,
  `USER_CONTACT` varchar(255) COLLATE utf8_unicode_ci NOT NULL,
  `CONTACT_TYPE` smallint(5) unsigned NOT NULL,
  `USER_ID` int(10) unsigned DEFAULT NULL,
  `ITEM_ID` int(10) unsigned NOT NULL,
  `NEED_SENDING` char(1) COLLATE utf8_unicode_ci NOT NULL DEFAULT 'N',
  `SITE_ID` char(2) COLLATE utf8_unicode_ci NOT NULL,
  `LANDING_SITE_ID` int(18) DEFAULT NULL,
  PRIMARY KEY (`ID`),
  KEY `IX_CAT_SUB_USER_CONTACT` (`USER_CONTACT`),
  KEY `IX_CAT_SUB_USER_ID` (`USER_ID`),
  KEY `IX_CAT_SUB_ITEM_ID` (`ITEM_ID`)
) ENGINE=InnoDB DEFAULT CHARSET=utf8 COLLATE=utf8_unicode_ci;

-- -----------------------------------
-- Dumping table b_catalog_subscribe_access
-- -----------------------------------
CREATE TABLE `b_catalog_subscribe_access` (
  `ID` int(10) unsigned NOT NULL AUTO_INCREMENT,
  `DATE_FROM` datetime NOT NULL,
  `USER_CONTACT` varchar(255) COLLATE utf8_unicode_ci NOT NULL,
  `TOKEN` char(6) COLLATE utf8_unicode_ci NOT NULL,
  PRIMARY KEY (`ID`),
  KEY `IX_CAT_SUB_ACS_USER_CONTACT` (`USER_CONTACT`)
) ENGINE=InnoDB DEFAULT CHARSET=utf8 COLLATE=utf8_unicode_ci;

-- -----------------------------------
-- Dumping table b_catalog_vat
-- -----------------------------------
CREATE TABLE `b_catalog_vat` (
  `ID` int(11) NOT NULL AUTO_INCREMENT,
  `TIMESTAMP_X` timestamp NOT NULL DEFAULT CURRENT_TIMESTAMP ON UPDATE CURRENT_TIMESTAMP,
  `ACTIVE` char(1) COLLATE utf8_unicode_ci NOT NULL DEFAULT 'Y',
  `C_SORT` int(18) NOT NULL DEFAULT '100',
  `NAME` varchar(50) COLLATE utf8_unicode_ci NOT NULL DEFAULT '',
  `RATE` decimal(18,2) DEFAULT '0.00',
  `EXCLUDE_VAT` char(1) COLLATE utf8_unicode_ci NOT NULL DEFAULT 'N',
  `XML_ID` varchar(255) COLLATE utf8_unicode_ci DEFAULT NULL,
  PRIMARY KEY (`ID`),
  KEY `IX_CAT_VAT_ACTIVE` (`ACTIVE`)
) ENGINE=InnoDB AUTO_INCREMENT=5 DEFAULT CHARSET=utf8 COLLATE=utf8_unicode_ci;

INSERT INTO `b_catalog_vat` VALUES
(1, '2021-01-14 08:17:27', 'N', 100, 'НДС 18%', 18.00, 'N', NULL),
(2, '2018-07-06 12:59:51', 'Y', 100, 'НДС 0%', 0.00, 'N', NULL),
(3, '2021-01-14 08:17:27', 'N', 100, 'НДС 10%', 10.00, 'N', NULL),
(4, '2023-02-15 07:48:14', 'Y', 100, 'НДС 20%', 20.00, 'N', NULL);
-- -----------------------------------
-- Dumping table b_catalog_viewed_product
-- -----------------------------------
CREATE TABLE `b_catalog_viewed_product` (
  `ID` int(11) NOT NULL AUTO_INCREMENT,
  `FUSER_ID` int(11) NOT NULL,
  `DATE_VISIT` datetime NOT NULL,
  `PRODUCT_ID` int(11) NOT NULL,
  `ELEMENT_ID` int(11) NOT NULL DEFAULT '0',
  `SITE_ID` char(2) COLLATE utf8_unicode_ci NOT NULL,
  `VIEW_COUNT` int(11) NOT NULL DEFAULT '1',
  `RECOMMENDATION` varchar(40) COLLATE utf8_unicode_ci DEFAULT NULL,
  PRIMARY KEY (`ID`),
  KEY `IX_CAT_V_PR_VISIT` (`FUSER_ID`,`SITE_ID`,`DATE_VISIT`),
  KEY `IX_CAT_V_PR_PRODUCT` (`FUSER_ID`,`SITE_ID`,`ELEMENT_ID`),
  KEY `IX_CAT_V_PR_PRODUCT_VISIT` (`ELEMENT_ID`,`DATE_VISIT`)
) ENGINE=InnoDB DEFAULT CHARSET=utf8 COLLATE=utf8_unicode_ci;

-- -----------------------------------
-- Dumping table b_checklist
-- -----------------------------------
CREATE TABLE `b_checklist` (
  `ID` int(11) NOT NULL AUTO_INCREMENT,
  `DATE_CREATE` varchar(255) COLLATE utf8_unicode_ci DEFAULT NULL,
  `TESTER` varchar(255) COLLATE utf8_unicode_ci DEFAULT NULL,
  `COMPANY_NAME` varchar(255) COLLATE utf8_unicode_ci DEFAULT NULL,
  `PICTURE` int(11) DEFAULT NULL,
  `TOTAL` int(11) DEFAULT NULL,
  `SUCCESS` int(11) DEFAULT NULL,
  `FAILED` int(11) DEFAULT NULL,
  `PENDING` int(11) DEFAULT NULL,
  `SKIP` int(11) DEFAULT NULL,
  `STATE` longtext COLLATE utf8_unicode_ci,
  `REPORT_COMMENT` text COLLATE utf8_unicode_ci,
  `REPORT` char(1) COLLATE utf8_unicode_ci DEFAULT 'Y',
  `EMAIL` varchar(50) COLLATE utf8_unicode_ci DEFAULT NULL,
  `PHONE` varchar(50) COLLATE utf8_unicode_ci DEFAULT NULL,
  `SENDED_TO_BITRIX` char(1) COLLATE utf8_unicode_ci DEFAULT 'N',
  `HIDDEN` char(1) COLLATE utf8_unicode_ci DEFAULT 'N',
  PRIMARY KEY (`ID`)
) ENGINE=InnoDB AUTO_INCREMENT=2 DEFAULT CHARSET=utf8 COLLATE=utf8_unicode_ci;

INSERT INTO `b_checklist` VALUES
(1, '12.01.2016 14:14:07', NULL, NULL, NULL, NULL, NULL, NULL, NULL, NULL, 'a:65:{s:6:\"QD0010\";a:1:{s:6:\"STATUS\";s:1:\"W\";}s:6:\"QD0020\";a:2:{s:6:\"STATUS\";s:1:\"F\";s:8:\"COMMENTS\";a:1:{s:6:\"SYSTEM\";a:2:{s:7:\"PREVIEW\";s:54:\"Проверено: 4 шаблон(a,ов) сайта.\";s:6:\"DETAIL\";s:87:\"В шаблоне service отсутствует вызов $APPLICATION->ShowPanel();\n\";}}}s:6:\"QD0030\";a:1:{s:6:\"STATUS\";s:1:\"W\";}s:6:\"QD0040\";a:1:{s:6:\"STATUS\";s:1:\"W\";}s:6:\"QD0050\";a:1:{s:6:\"STATUS\";s:1:\"W\";}s:6:\"QD0060\";a:1:{s:6:\"STATUS\";s:1:\"W\";}s:6:\"QD0070\";a:1:{s:6:\"STATUS\";s:1:\"W\";}s:6:\"QD0080\";a:1:{s:6:\"STATUS\";s:1:\"W\";}s:6:\"QD0090\";a:1:{s:6:\"STATUS\";s:1:\"W\";}s:6:\"QD0100\";a:1:{s:6:\"STATUS\";s:1:\"W\";}s:6:\"QD0110\";a:1:{s:6:\"STATUS\";s:1:\"W\";}s:6:\"QD0120\";a:1:{s:6:\"STATUS\";s:1:\"W\";}s:6:\"QM0010\";a:1:{s:6:\"STATUS\";s:1:\"W\";}s:6:\"QM0020\";a:1:{s:6:\"STATUS\";s:1:\"W\";}s:6:\"QS0010\";a:1:{s:6:\"STATUS\";s:1:\"W\";}s:6:\"QS0020\";a:1:{s:6:\"STATUS\";s:1:\"W\";}s:6:\"QS0030\";a:1:{s:6:\"STATUS\";s:1:\"W\";}s:6:\"QS0040\";a:1:{s:6:\"STATUS\";s:1:\"W\";}s:6:\"QC0010\";a:1:{s:6:\"STATUS\";s:1:\"W\";}s:6:\"QC0020\";a:1:{s:6:\"STATUS\";s:1:\"W\";}s:6:\"QC0030\";a:2:{s:6:\"STATUS\";s:1:\"A\";s:8:\"COMMENTS\";a:1:{s:6:\"SYSTEM\";a:1:{s:7:\"PREVIEW\";s:96:\"У всех кастомизированных компонентов есть описания!\";}}}s:6:\"QC0040\";a:1:{s:6:\"STATUS\";s:1:\"W\";}s:6:\"QC0050\";a:1:{s:6:\"STATUS\";s:1:\"W\";}s:6:\"QC0060\";a:1:{s:6:\"STATUS\";s:1:\"W\";}s:6:\"QC0070\";a:1:{s:6:\"STATUS\";s:1:\"W\";}s:6:\"QC0080\";a:1:{s:6:\"STATUS\";s:1:\"W\";}s:6:\"QC0090\";a:2:{s:6:\"STATUS\";s:1:\"A\";s:8:\"COMMENTS\";a:1:{s:6:\"SYSTEM\";a:1:{s:7:\"PREVIEW\";s:37:\"Проверено файлов: 101\n\";}}}s:6:\"QC0100\";a:1:{s:6:\"STATUS\";s:1:\"W\";}s:6:\"QC0110\";a:1:{s:6:\"STATUS\";s:1:\"W\";}s:6:\"QC0120\";a:1:{s:6:\"STATUS\";s:1:\"W\";}s:6:\"QC0130\";a:1:{s:6:\"STATUS\";s:1:\"W\";}s:6:\"QC0140\";a:1:{s:6:\"STATUS\";s:1:\"W\";}s:6:\"QC0150\";a:1:{s:6:\"STATUS\";s:1:\"W\";}s:6:\"QC0160\";a:1:{s:6:\"STATUS\";s:1:\"W\";}s:6:\"QE0010\";a:1:{s:6:\"STATUS\";s:1:\"W\";}s:6:\"QE0020\";a:1:{s:6:\"STATUS\";s:1:\"W\";}s:6:\"QE0030\";a:1:{s:6:\"STATUS\";s:1:\"W\";}s:6:\"QE0040\";a:1:{s:6:\"STATUS\";s:1:\"W\";}s:8:\"QSEC0010\";a:2:{s:6:\"STATUS\";s:1:\"F\";s:8:\"COMMENTS\";a:1:{s:6:\"SYSTEM\";a:2:{s:7:\"PREVIEW\";s:84:\"Минимальный уровень защиты ниже стандартного\";s:6:\"DETAIL\";s:257:\"Выявлены следующие недочеты:\n1. При регистрации не используется CAPTCHA\n2. Уровень безопасности административной группы не является повышенным\n\";}}}s:8:\"QSEC0020\";a:2:{s:6:\"STATUS\";s:1:\"F\";s:8:\"COMMENTS\";a:1:{s:6:\"SYSTEM\";a:1:{s:7:\"PREVIEW\";s:129:\"Уровень безопасности административной группы не является повышенным\n\";}}}s:8:\"QSEC0030\";a:1:{s:6:\"STATUS\";s:1:\"W\";}s:8:\"QSEC0040\";a:1:{s:6:\"STATUS\";s:1:\"W\";}s:8:\"QSEC0050\";a:2:{s:6:\"STATUS\";s:1:\"F\";s:8:\"COMMENTS\";a:1:{s:6:\"SYSTEM\";a:2:{s:7:\"PREVIEW\";s:27:\"Найдены ошибки\";s:6:\"DETAIL\";s:207:\"1. Символы пароля к БД в одном регистре\n2. Пароль к БД не содержит чисел\n3. Пароль к БД не содержит знаков препинания\n\";}}}s:8:\"QSEC0060\";a:2:{s:6:\"STATUS\";s:1:\"F\";s:8:\"COMMENTS\";a:1:{s:6:\"SYSTEM\";a:2:{s:7:\"PREVIEW\";s:28:\"Найдены ошибки\n\";s:6:\"DETAIL\";s:69:\"1. Включен вывод ошибок пользователям\n\";}}}s:8:\"QSEC0070\";a:1:{s:6:\"STATUS\";s:1:\"W\";}s:8:\"QSEC0080\";a:2:{s:6:\"STATUS\";s:1:\"A\";s:8:\"COMMENTS\";a:1:{s:6:\"SYSTEM\";a:2:{s:7:\"PREVIEW\";s:98:\"Проверенно файлов: 228 Найдено потенциальных проблем: 0\";s:6:\"DETAIL\";s:0:\"\";}}}s:6:\"QP0010\";a:1:{s:6:\"STATUS\";s:1:\"W\";}s:6:\"QP0020\";a:2:{s:6:\"STATUS\";s:1:\"F\";s:8:\"COMMENTS\";a:1:{s:6:\"SYSTEM\";a:1:{s:7:\"PREVIEW\";s:123:\"Конфигурация PHP <a href=\"/bitrix/admin/perfmon_php.php?lang=ru\" target=\"_blank\">неоптимальна</a>.\n\";}}}s:6:\"QP0030\";a:2:{s:6:\"STATUS\";s:1:\"F\";s:8:\"COMMENTS\";a:1:{s:6:\"SYSTEM\";a:1:{s:7:\"PREVIEW\";s:53:\"Автокеширование не включено\n\";}}}s:6:\"QP0040\";a:1:{s:6:\"STATUS\";s:1:\"W\";}s:6:\"QP0050\";a:2:{s:6:\"STATUS\";s:1:\"F\";s:8:\"COMMENTS\";a:1:{s:6:\"SYSTEM\";a:1:{s:7:\"PREVIEW\";s:290:\"Оценка производительности ниже 15. Произведите оптимизацию в соответствие с рекомендациями <a href=\"/bitrix/admin/perfmon_panel.php?lang=ru\" target=\"_blank\">панели производительности</a>.\n\";}}}s:6:\"QP0060\";a:1:{s:6:\"STATUS\";s:1:\"W\";}s:6:\"QP0070\";a:1:{s:6:\"STATUS\";s:1:\"W\";}s:6:\"QP0080\";a:1:{s:6:\"STATUS\";s:1:\"W\";}s:6:\"QP0100\";a:1:{s:6:\"STATUS\";s:1:\"W\";}s:6:\"QH0010\";a:1:{s:6:\"STATUS\";s:1:\"W\";}s:6:\"QH0020\";a:1:{s:6:\"STATUS\";s:1:\"W\";}s:6:\"QH0030\";a:1:{s:6:\"STATUS\";s:1:\"W\";}s:6:\"QH0040\";a:1:{s:6:\"STATUS\";s:1:\"W\";}s:6:\"QH0050\";a:2:{s:6:\"STATUS\";s:1:\"A\";s:8:\"COMMENTS\";a:1:{s:6:\"SYSTEM\";a:1:{s:7:\"PREVIEW\";s:120:\"Резервное копирование осуществляется. В папке /bitrix/backup 45 файл(a,ов)\";}}}s:6:\"QH0060\";a:1:{s:6:\"STATUS\";s:1:\"W\";}s:6:\"QJ0010\";a:2:{s:6:\"STATUS\";s:1:\"A\";s:8:\"COMMENTS\";a:1:{s:6:\"SYSTEM\";a:1:{s:7:\"PREVIEW\";s:56:\"Лицензионный ключ активирован\";}}}s:6:\"QJ0020\";a:2:{s:6:\"STATUS\";s:1:\"F\";s:8:\"COMMENTS\";a:1:{s:6:\"SYSTEM\";a:2:{s:7:\"PREVIEW\";s:123:\"Проверено файлов: 22829\nПроверено модулей: 30\nМодифицировано файлов: 106\";s:6:\"DETAIL\";s:14243:\"<div class=\"checklist-dot-line\"></div>Модуль b24connector не модифицировался\n<div class=\"checklist-dot-line\"></div>Модуль bitrixcloud не модифицировался\n<div class=\"checklist-dot-line\"></div>Модуль blog не модифицировался\n<div class=\"checklist-dot-line\"></div>Модуль catalog не модифицировался\n<div class=\"checklist-dot-line\"></div>Модуль clouds не модифицировался\n<div class=\"checklist-dot-line\"></div>Модуль compression не модифицировался\n<div class=\"checklist-dot-line\"></div>Модуль currency не модифицировался\n<div class=\"checklist-dot-line\"></div>В модуле fileman модифицированы файлы:\n/home/utknew/domains/ttepla.com/public_html/bitrix/modules/fileman/admin/fileman_access.php\n/home/utknew/domains/ttepla.com/public_html/bitrix/modules/fileman/admin/fileman_medialib_upload.php\n/home/utknew/domains/ttepla.com/public_html/bitrix/modules/fileman/admin/fileman_menu_edit.php\n/home/utknew/domains/ttepla.com/public_html/bitrix/modules/fileman/js/bars.js\n/home/utknew/domains/ttepla.com/public_html/bitrix/modules/fileman/js/common.js\n/home/utknew/domains/ttepla.com/public_html/bitrix/modules/fileman/js/editor.js\n/home/utknew/domains/ttepla.com/public_html/bitrix/modules/fileman/js/editor_src.js\n/home/utknew/domains/ttepla.com/public_html/bitrix/modules/fileman/js/parser.js\n/home/utknew/domains/ttepla.com/public_html/bitrix/modules/fileman/js/toolbarbuttons.js\n/home/utknew/domains/ttepla.com/public_html/bitrix/modules/fileman/classes/general/spellchecker.php\n/home/utknew/domains/ttepla.com/public_html/bitrix/modules/fileman/install/components/bitrix/pdf.viewer/pdfjs/pdf.worker.min.js\n/home/utknew/domains/ttepla.com/public_html/bitrix/components/bitrix/pdf.viewer/pdfjs/pdf.worker.min.js\n<div class=\"checklist-dot-line\"></div>В модуле form модифицированы файлы:\n/home/utknew/domains/ttepla.com/public_html/bitrix/modules/form/admin/body/form_result_list_handler.php\n/home/utknew/domains/ttepla.com/public_html/bitrix/modules/form/classes/general/form_callform.php\n/home/utknew/domains/ttepla.com/public_html/bitrix/modules/form/classes/general/form_callformanswer.php\n/home/utknew/domains/ttepla.com/public_html/bitrix/modules/form/classes/general/form_callformfield.php\n/home/utknew/domains/ttepla.com/public_html/bitrix/modules/form/classes/general/form_callformstatus.php\n/home/utknew/domains/ttepla.com/public_html/bitrix/modules/form/classes/general/form_cform_old.php\n/home/utknew/domains/ttepla.com/public_html/bitrix/modules/form/classes/general/form_cformoutput_old.php\n/home/utknew/domains/ttepla.com/public_html/bitrix/modules/form/classes/general/form_cformresult_old.php\n/home/utknew/domains/ttepla.com/public_html/bitrix/modules/form/classes/mysql/form_cform.php\n/home/utknew/domains/ttepla.com/public_html/bitrix/modules/form/classes/mysql/form_cformanswer.php\n/home/utknew/domains/ttepla.com/public_html/bitrix/modules/form/classes/mysql/form_cformfield.php\n/home/utknew/domains/ttepla.com/public_html/bitrix/modules/form/classes/mysql/form_cformresult.php\n/home/utknew/domains/ttepla.com/public_html/bitrix/modules/form/classes/mysql/form_cformstatus.php\n/home/utknew/domains/ttepla.com/public_html/bitrix/modules/form/admin/form_mail_old.php\n<div class=\"checklist-dot-line\"></div>В модуле forum модифицированы файлы:\n/home/utknew/domains/ttepla.com/public_html/bitrix/modules/forum/mail/mail.php\n<div class=\"checklist-dot-line\"></div>Модуль highloadblock не модифицировался\n<div class=\"checklist-dot-line\"></div>В модуле iblock модифицированы файлы:\n/home/utknew/domains/ttepla.com/public_html/bitrix/modules/iblock/classes/general/iblockdocument.php\n/home/utknew/domains/ttepla.com/public_html/bitrix/modules/iblock/install/components/bitrix/iblock.vote/component.php\n/home/utknew/domains/ttepla.com/public_html/bitrix/components/bitrix/iblock.vote/component.php\n/home/utknew/domains/ttepla.com/public_html/bitrix/modules/iblock/install/components/bitrix/iblock.vote/templates/ajax/result_modifier.php\n/home/utknew/domains/ttepla.com/public_html/bitrix/components/bitrix/iblock.vote/templates/ajax/result_modifier.php\n/home/utknew/domains/ttepla.com/public_html/bitrix/modules/iblock/install/components/bitrix/iblock.vote/templates/ajax/template.php\n/home/utknew/domains/ttepla.com/public_html/bitrix/components/bitrix/iblock.vote/templates/ajax/template.php\n/home/utknew/domains/ttepla.com/public_html/bitrix/modules/iblock/install/components/bitrix/news/templates/.default/bitrix/iblock.vote/ajax/result_modifier.php\n/home/utknew/domains/ttepla.com/public_html/bitrix/components/bitrix/news/templates/.default/bitrix/iblock.vote/ajax/result_modifier.php\n/home/utknew/domains/ttepla.com/public_html/bitrix/modules/iblock/install/components/bitrix/news/templates/.default/bitrix/iblock.vote/ajax/template.php\n/home/utknew/domains/ttepla.com/public_html/bitrix/components/bitrix/news/templates/.default/bitrix/iblock.vote/ajax/template.php\n/home/utknew/domains/ttepla.com/public_html/bitrix/modules/iblock/install/components/bitrix/news/templates/web20/bitrix/iblock.vote/ajax/result_modifier.php\n/home/utknew/domains/ttepla.com/public_html/bitrix/components/bitrix/news/templates/web20/bitrix/iblock.vote/ajax/result_modifier.php\n/home/utknew/domains/ttepla.com/public_html/bitrix/modules/iblock/install/components/bitrix/news/templates/web20/bitrix/iblock.vote/ajax/template.php\n/home/utknew/domains/ttepla.com/public_html/bitrix/components/bitrix/news/templates/web20/bitrix/iblock.vote/ajax/template.php\n/home/utknew/domains/ttepla.com/public_html/bitrix/modules/iblock/install/components/bitrix/iblock.vote/templates/ajax_photo/result_modifier.php\n/home/utknew/domains/ttepla.com/public_html/bitrix/components/bitrix/iblock.vote/templates/ajax_photo/result_modifier.php\n/home/utknew/domains/ttepla.com/public_html/bitrix/modules/iblock/install/components/bitrix/iblock.vote/templates/flat/result_modifier.php\n/home/utknew/domains/ttepla.com/public_html/bitrix/components/bitrix/iblock.vote/templates/flat/result_modifier.php\n/home/utknew/domains/ttepla.com/public_html/bitrix/modules/iblock/install/components/bitrix/catalog/templates/.default_old/bitrix/iblock.vote/stars/result_modifier.php\n/home/utknew/domains/ttepla.com/public_html/bitrix/components/bitrix/catalog/templates/.default_old/bitrix/iblock.vote/stars/result_modifier.php\n/home/utknew/domains/ttepla.com/public_html/bitrix/modules/iblock/install/components/bitrix/iblock.vote/templates/bootstrap_v4/result_modifier.php\n/home/utknew/domains/ttepla.com/public_html/bitrix/components/bitrix/iblock.vote/templates/bootstrap_v4/result_modifier.php\n<div class=\"checklist-dot-line\"></div>В модуле landing модифицированы файлы:\n/home/utknew/domains/ttepla.com/public_html/bitrix/modules/landing/install/js/landing/external/webfontloader/webfontloader.min.js\n/home/utknew/domains/ttepla.com/public_html/bitrix/js/landing/external/webfontloader/webfontloader.min.js\n/home/utknew/domains/ttepla.com/public_html/bitrix/modules/landing/install/components/bitrix/landing.site_edit/templates/.default/catalog.php\n/home/utknew/domains/ttepla.com/public_html/bitrix/components/bitrix/landing.site_edit/templates/.default/catalog.php\n/home/utknew/domains/ttepla.com/public_html/bitrix/modules/landing/install/templates/landing24/assets/vendor/vendors_base.min.js\n/home/utknew/domains/ttepla.com/public_html/bitrix/modules/landing/install/js/landing/compressor/compressor.min.js\n/home/utknew/domains/ttepla.com/public_html/bitrix/js/landing/compressor/compressor.min.js\n<div class=\"checklist-dot-line\"></div>В модуле main модифицированы файлы:\n/home/utknew/domains/ttepla.com/public_html/bitrix/modules/main/admin/agent_list.php\n/home/utknew/domains/ttepla.com/public_html/bitrix/modules/main/admin/favorite_list.php\n/home/utknew/domains/ttepla.com/public_html/bitrix/modules/main/admin/group_admin.php\n/home/utknew/domains/ttepla.com/public_html/bitrix/modules/main/admin/group_rights2.php\n/home/utknew/domains/ttepla.com/public_html/bitrix/modules/main/admin/restore.php\n/home/utknew/domains/ttepla.com/public_html/bitrix/modules/main/admin/urlrewrite_list.php\n/home/utknew/domains/ttepla.com/public_html/bitrix/modules/main/classes/general/captcha.php\n/home/utknew/domains/ttepla.com/public_html/bitrix/modules/main/classes/general/controller_member.php\n/home/utknew/domains/ttepla.com/public_html/bitrix/modules/main/classes/general/module.php\n/home/utknew/domains/ttepla.com/public_html/bitrix/modules/main/classes/general/php_parser.php\n/home/utknew/domains/ttepla.com/public_html/bitrix/modules/main/classes/general/update_class.php\n/home/utknew/domains/ttepla.com/public_html/bitrix/modules/main/classes/general/update_client_partner.php\n/home/utknew/domains/ttepla.com/public_html/bitrix/modules/main/classes/general/update_update.php\n/home/utknew/domains/ttepla.com/public_html/bitrix/modules/main/classes/general/update_update5.php\n/home/utknew/domains/ttepla.com/public_html/bitrix/modules/main/classes/general/usertypestr.php\n/home/utknew/domains/ttepla.com/public_html/bitrix/modules/main/classes/general/xml.php\n/home/utknew/domains/ttepla.com/public_html/bitrix/modules/main/classes/mysql/usertype.php\n/home/utknew/domains/ttepla.com/public_html/bitrix/modules/main/filter_tools.php\n/home/utknew/domains/ttepla.com/public_html/bitrix/modules/main/include/mainpage.php\n/home/utknew/domains/ttepla.com/public_html/bitrix/modules/main/include/site_closed.php\n/home/utknew/domains/ttepla.com/public_html/bitrix/modules/main/install/bitrix/coupon_activation.php\n/home/utknew/domains/ttepla.com/public_html/bitrix/modules/main/install/templates/main/.description.php\n/home/utknew/domains/ttepla.com/public_html/bitrix/modules/main/install/templates/main/profile.php\n/home/utknew/domains/ttepla.com/public_html/bitrix/modules/main/public/file_edit.php\n/home/utknew/domains/ttepla.com/public_html/bitrix/modules/main/public/file_edit_src.php\n/home/utknew/domains/ttepla.com/public_html/bitrix/modules/main/public/menu_edit.php\n/home/utknew/domains/ttepla.com/public_html/bitrix/modules/main/tools/user_search.php\n/home/utknew/domains/ttepla.com/public_html/bitrix/modules/main/classes/general/textparser.php\n/home/utknew/domains/ttepla.com/public_html/bitrix/modules/main/classes/mysql/database_mysql.php\n/home/utknew/domains/ttepla.com/public_html/bitrix/modules/main/install/js/main/helper/runtime.min.js\n/home/utknew/domains/ttepla.com/public_html/bitrix/js/main/helper/runtime.min.js\n/home/utknew/domains/ttepla.com/public_html/bitrix/modules/main/install/js/main/amcharts/3.21/plugins/export/libs/pdfmake/pdfmake.min.js\n/home/utknew/domains/ttepla.com/public_html/bitrix/js/main/amcharts/3.21/plugins/export/libs/pdfmake/pdfmake.min.js\n/home/utknew/domains/ttepla.com/public_html/bitrix/modules/main/install/js/main/amcharts/3.21/plugins/export/libs/xlsx/xlsx.js\n/home/utknew/domains/ttepla.com/public_html/bitrix/js/main/amcharts/3.21/plugins/export/libs/xlsx/xlsx.js\n/home/utknew/domains/ttepla.com/public_html/bitrix/modules/main/install/js/main/amcharts/3.21/plugins/export/libs/xlsx/xlsx.min.js\n/home/utknew/domains/ttepla.com/public_html/bitrix/js/main/amcharts/3.21/plugins/export/libs/xlsx/xlsx.min.js\n<div class=\"checklist-dot-line\"></div>Модуль mobileapp не модифицировался\n<div class=\"checklist-dot-line\"></div>Модуль perfmon не модифицировался\n<div class=\"checklist-dot-line\"></div>Модуль photogallery не модифицировался\n<div class=\"checklist-dot-line\"></div>Модуль pull не модифицировался\n<div class=\"checklist-dot-line\"></div>В модуле rest модифицированы файлы:\n/home/utknew/domains/ttepla.com/public_html/bitrix/components/bitrix/app.layout/templates/.default/template.php\n<div class=\"checklist-dot-line\"></div>В модуле sale модифицированы файлы:\n/home/utknew/domains/ttepla.com/public_html/bitrix/modules/sale/general/csv_data.php\n/home/utknew/domains/ttepla.com/public_html/bitrix/modules/sale/payment/moneymail/result_receive.php\n/home/utknew/domains/ttepla.com/public_html/bitrix/modules/sale/lib/compatible/ordercompatibility.php\n/home/utknew/domains/ttepla.com/public_html/bitrix/modules/sale/install/components/bitrix/sale.account.pay/templates/.default/template.html.php\n/home/utknew/domains/ttepla.com/public_html/bitrix/components/bitrix/sale.account.pay/templates/.default/template.html.php\n/home/utknew/domains/ttepla.com/public_html/bitrix/modules/sale/lib/exchange/importonecsubordinatesale.php\n/home/utknew/domains/ttepla.com/public_html/bitrix/modules/sale/lib/exchange/entity/subordinatesale/order.php\n<div class=\"checklist-dot-line\"></div>Модуль scale не модифицировался\n<div class=\"checklist-dot-line\"></div>В модуле search модифицированы файлы:\n/home/utknew/domains/ttepla.com/public_html/bitrix/modules/search/tools/en/language.php\n<div class=\"checklist-dot-line\"></div>В модуле security модифицированы файлы:\n/home/utknew/domains/ttepla.com/public_html/bitrix/modules/security/classes/general/antivirus.php\n<div class=\"checklist-dot-line\"></div>Модуль sender не модифицировался\n<div class=\"checklist-dot-line\"></div>Модуль seo не модифицировался\n<div class=\"checklist-dot-line\"></div>Модуль socialservices не модифицировался\n<div class=\"checklist-dot-line\"></div>Модуль storeassist не модифицировался\n<div class=\"checklist-dot-line\"></div>Модуль subscribe не модифицировался\n<div class=\"checklist-dot-line\"></div>В модуле ui модифицированы файлы:\n/home/utknew/domains/ttepla.com/public_html/bitrix/modules/ui/install/js/ui/tooltip/tooltip.js\n/home/utknew/domains/ttepla.com/public_html/bitrix/js/ui/tooltip/tooltip.js\n<div class=\"checklist-dot-line\"></div>Модуль vote не модифицировался\n\";}}}s:6:\"QJ0030\";a:1:{s:6:\"STATUS\";s:1:\"W\";}s:6:\"QJ0040\";a:1:{s:6:\"STATUS\";s:1:\"W\";}}', NULL, 'N', NULL, NULL, 'N', 'N');
-- -----------------------------------
-- Dumping table b_clouds_copy_queue
-- -----------------------------------
CREATE TABLE `b_clouds_copy_queue` (
  `ID` int(32) NOT NULL AUTO_INCREMENT,
  `TIMESTAMP_X` timestamp NOT NULL DEFAULT CURRENT_TIMESTAMP ON UPDATE CURRENT_TIMESTAMP,
  `OP` char(1) COLLATE utf8_unicode_ci NOT NULL,
  `SOURCE_BUCKET_ID` int(11) NOT NULL,
  `SOURCE_FILE_PATH` varchar(500) COLLATE utf8_unicode_ci NOT NULL,
  `TARGET_BUCKET_ID` int(11) NOT NULL,
  `TARGET_FILE_PATH` varchar(500) COLLATE utf8_unicode_ci NOT NULL,
  `FILE_SIZE` int(11) NOT NULL DEFAULT '-1',
  `FILE_POS` int(11) NOT NULL DEFAULT '0',
  `FAIL_COUNTER` int(11) NOT NULL DEFAULT '0',
  `STATUS` char(1) COLLATE utf8_unicode_ci NOT NULL DEFAULT 'Y',
  `ERROR_MESSAGE` varchar(500) COLLATE utf8_unicode_ci DEFAULT NULL,
  PRIMARY KEY (`ID`)
) ENGINE=InnoDB DEFAULT CHARSET=utf8 COLLATE=utf8_unicode_ci;

-- -----------------------------------
-- Dumping table b_clouds_delete_queue
-- -----------------------------------
CREATE TABLE `b_clouds_delete_queue` (
  `ID` int(32) NOT NULL AUTO_INCREMENT,
  `TIMESTAMP_X` timestamp NOT NULL DEFAULT CURRENT_TIMESTAMP ON UPDATE CURRENT_TIMESTAMP,
  `BUCKET_ID` int(11) NOT NULL,
  `FILE_PATH` varchar(500) COLLATE utf8_unicode_ci NOT NULL,
  PRIMARY KEY (`ID`),
  KEY `ix_b_clouds_delete_queue_1` (`BUCKET_ID`,`FILE_PATH`(100))
) ENGINE=InnoDB DEFAULT CHARSET=utf8 COLLATE=utf8_unicode_ci;

-- -----------------------------------
-- Dumping table b_clouds_file_bucket
-- -----------------------------------
CREATE TABLE `b_clouds_file_bucket` (
  `ID` int(11) NOT NULL AUTO_INCREMENT,
  `ACTIVE` char(1) COLLATE utf8_unicode_ci DEFAULT 'Y',
  `SORT` int(11) DEFAULT '500',
  `READ_ONLY` char(1) COLLATE utf8_unicode_ci DEFAULT 'N',
  `SERVICE_ID` varchar(50) COLLATE utf8_unicode_ci DEFAULT NULL,
  `BUCKET` varchar(63) COLLATE utf8_unicode_ci DEFAULT NULL,
  `LOCATION` varchar(50) COLLATE utf8_unicode_ci DEFAULT NULL,
  `CNAME` varchar(100) COLLATE utf8_unicode_ci DEFAULT NULL,
  `FILE_COUNT` int(11) DEFAULT '0',
  `FILE_SIZE` double DEFAULT '0',
  `LAST_FILE_ID` int(11) DEFAULT NULL,
  `PREFIX` varchar(100) COLLATE utf8_unicode_ci DEFAULT NULL,
  `SETTINGS` text COLLATE utf8_unicode_ci,
  `FILE_RULES` text COLLATE utf8_unicode_ci,
  `FAILOVER_ACTIVE` char(1) COLLATE utf8_unicode_ci DEFAULT 'N',
  `FAILOVER_BUCKET_ID` int(11) DEFAULT NULL,
  `FAILOVER_COPY` char(1) COLLATE utf8_unicode_ci DEFAULT 'N',
  `FAILOVER_DELETE` char(1) COLLATE utf8_unicode_ci DEFAULT 'N',
  `FAILOVER_DELETE_DELAY` int(11) DEFAULT NULL,
  PRIMARY KEY (`ID`)
) ENGINE=InnoDB DEFAULT CHARSET=utf8 COLLATE=utf8_unicode_ci;

-- -----------------------------------
-- Dumping table b_clouds_file_hash
-- -----------------------------------
CREATE TABLE `b_clouds_file_hash` (
  `BUCKET_ID` int(11) NOT NULL,
  `FILE_PATH` varchar(760) COLLATE utf8_unicode_ci NOT NULL,
  `FILE_SIZE` bigint(20) DEFAULT NULL,
  `FILE_MTIME` datetime DEFAULT NULL,
  `FILE_HASH` varchar(50) COLLATE utf8_unicode_ci DEFAULT NULL,
  `ID` int(32) NOT NULL AUTO_INCREMENT,
  PRIMARY KEY (`ID`),
  KEY `ix_b_clouds_file_hash` (`BUCKET_ID`,`FILE_PATH`(190))
) ENGINE=InnoDB DEFAULT CHARSET=utf8 COLLATE=utf8_unicode_ci;

-- -----------------------------------
-- Dumping table b_clouds_file_resize
-- -----------------------------------
CREATE TABLE `b_clouds_file_resize` (
  `ID` int(11) NOT NULL AUTO_INCREMENT,
  `TIMESTAMP_X` timestamp NOT NULL DEFAULT CURRENT_TIMESTAMP ON UPDATE CURRENT_TIMESTAMP,
  `ERROR_CODE` char(1) COLLATE utf8_unicode_ci NOT NULL DEFAULT '0',
  `FILE_ID` int(11) DEFAULT NULL,
  `PARAMS` text COLLATE utf8_unicode_ci,
  `FROM_PATH` varchar(500) COLLATE utf8_unicode_ci DEFAULT NULL,
  `TO_PATH` varchar(500) COLLATE utf8_unicode_ci DEFAULT NULL,
  PRIMARY KEY (`ID`),
  KEY `ix_b_file_resize_ts` (`TIMESTAMP_X`),
  KEY `ix_b_file_resize_path` (`TO_PATH`(100)),
  KEY `ix_b_file_resize_file` (`FILE_ID`)
) ENGINE=InnoDB DEFAULT CHARSET=utf8 COLLATE=utf8_unicode_ci;

-- -----------------------------------
-- Dumping table b_clouds_file_save
-- -----------------------------------
CREATE TABLE `b_clouds_file_save` (
  `ID` int(32) NOT NULL AUTO_INCREMENT,
  `TIMESTAMP_X` timestamp NOT NULL DEFAULT CURRENT_TIMESTAMP ON UPDATE CURRENT_TIMESTAMP,
  `BUCKET_ID` int(11) NOT NULL,
  `SUBDIR` varchar(255) COLLATE utf8_unicode_ci DEFAULT NULL,
  `FILE_NAME` varchar(255) COLLATE utf8_unicode_ci NOT NULL,
  `EXTERNAL_ID` varchar(50) COLLATE utf8_unicode_ci DEFAULT NULL,
  `FILE_SIZE` bigint(20) DEFAULT NULL,
  PRIMARY KEY (`ID`),
  KEY `IX_EXTERNAL_ID` (`EXTERNAL_ID`)
) ENGINE=InnoDB DEFAULT CHARSET=utf8 COLLATE=utf8_unicode_ci;

-- -----------------------------------
-- Dumping table b_clouds_file_upload
-- -----------------------------------
CREATE TABLE `b_clouds_file_upload` (
  `ID` varchar(32) COLLATE utf8_unicode_ci NOT NULL,
  `TIMESTAMP_X` timestamp NOT NULL DEFAULT CURRENT_TIMESTAMP ON UPDATE CURRENT_TIMESTAMP,
  `FILE_PATH` varchar(500) COLLATE utf8_unicode_ci NOT NULL,
  `TMP_FILE` varchar(500) COLLATE utf8_unicode_ci DEFAULT NULL,
  `BUCKET_ID` int(11) NOT NULL,
  `PART_SIZE` int(11) NOT NULL,
  `PART_NO` int(11) NOT NULL,
  `PART_FAIL_COUNTER` int(11) NOT NULL,
  `NEXT_STEP` mediumtext COLLATE utf8_unicode_ci,
  `FILE_SIZE` bigint(20) DEFAULT NULL,
  PRIMARY KEY (`ID`)
) ENGINE=InnoDB DEFAULT CHARSET=utf8 COLLATE=utf8_unicode_ci;

-- -----------------------------------
-- Dumping table b_component_params
-- -----------------------------------
CREATE TABLE `b_component_params` (
  `ID` int(11) NOT NULL AUTO_INCREMENT,
  `SITE_ID` char(2) COLLATE utf8_unicode_ci NOT NULL,
  `COMPONENT_NAME` varchar(255) COLLATE utf8_unicode_ci NOT NULL,
  `TEMPLATE_NAME` varchar(255) COLLATE utf8_unicode_ci DEFAULT NULL,
  `REAL_PATH` varchar(255) COLLATE utf8_unicode_ci NOT NULL,
  `SEF_MODE` char(1) COLLATE utf8_unicode_ci NOT NULL DEFAULT 'Y',
  `SEF_FOLDER` varchar(255) COLLATE utf8_unicode_ci DEFAULT NULL,
  `START_CHAR` int(11) NOT NULL,
  `END_CHAR` int(11) NOT NULL,
  `PARAMETERS` text COLLATE utf8_unicode_ci,
  PRIMARY KEY (`ID`),
  KEY `ix_comp_params_name` (`COMPONENT_NAME`),
  KEY `ix_comp_params_path` (`SITE_ID`,`REAL_PATH`),
  KEY `ix_comp_params_sname` (`SITE_ID`,`COMPONENT_NAME`)
) ENGINE=InnoDB AUTO_INCREMENT=805 DEFAULT CHARSET=utf8 COLLATE=utf8_unicode_ci;

INSERT INTO `b_component_params` VALUES
(276, 's1', 'bitrix:news', 'our_works', '/about/our-works/index.php', 'Y', '/our-works/', 1629, 4252, 'a:76:{s:18:\"COMPONENT_TEMPLATE\";s:9:\"our_works\";s:11:\"IBLOCK_TYPE\";s:9:\"our_works\";s:9:\"IBLOCK_ID\";s:1:\"1\";s:10:\"NEWS_COUNT\";s:2:\"50\";s:10:\"USE_SEARCH\";s:1:\"N\";s:7:\"USE_RSS\";s:1:\"N\";s:10:\"USE_RATING\";s:1:\"N\";s:14:\"USE_CATEGORIES\";s:1:\"N\";s:10:\"USE_REVIEW\";s:1:\"N\";s:10:\"USE_FILTER\";s:1:\"N\";s:8:\"SORT_BY1\";s:11:\"ACTIVE_FROM\";s:11:\"SORT_ORDER1\";s:4:\"DESC\";s:8:\"SORT_BY2\";s:4:\"SORT\";s:11:\"SORT_ORDER2\";s:3:\"ASC\";s:11:\"CHECK_DATES\";s:1:\"N\";s:8:\"SEF_MODE\";s:1:\"Y\";s:9:\"AJAX_MODE\";s:1:\"N\";s:16:\"AJAX_OPTION_JUMP\";s:1:\"N\";s:17:\"AJAX_OPTION_STYLE\";s:1:\"Y\";s:19:\"AJAX_OPTION_HISTORY\";s:1:\"N\";s:22:\"AJAX_OPTION_ADDITIONAL\";s:0:\"\";s:10:\"CACHE_TYPE\";s:1:\"A\";s:10:\"CACHE_TIME\";s:8:\"36000000\";s:12:\"CACHE_FILTER\";s:1:\"N\";s:12:\"CACHE_GROUPS\";s:1:\"Y\";s:17:\"SET_LAST_MODIFIED\";s:1:\"N\";s:9:\"SET_TITLE\";s:1:\"Y\";s:25:\"INCLUDE_IBLOCK_INTO_CHAIN\";s:1:\"Y\";s:18:\"ADD_SECTIONS_CHAIN\";s:1:\"Y\";s:17:\"ADD_ELEMENT_CHAIN\";s:1:\"N\";s:15:\"USE_PERMISSIONS\";s:1:\"N\";s:12:\"DISPLAY_DATE\";s:1:\"N\";s:15:\"DISPLAY_PICTURE\";s:1:\"Y\";s:20:\"DISPLAY_PREVIEW_TEXT\";s:1:\"Y\";s:9:\"USE_SHARE\";s:1:\"N\";s:20:\"PREVIEW_TRUNCATE_LEN\";s:0:\"\";s:23:\"LIST_ACTIVE_DATE_FORMAT\";s:5:\"d.m.Y\";s:15:\"LIST_FIELD_CODE\";a:2:{i:0;s:0:\"\";i:1;s:0:\"\";}s:18:\"LIST_PROPERTY_CODE\";a:2:{i:0;s:0:\"\";i:1;s:0:\"\";}s:24:\"HIDE_LINK_WHEN_NO_DETAIL\";s:1:\"N\";s:12:\"DISPLAY_NAME\";s:1:\"Y\";s:13:\"META_KEYWORDS\";s:1:\"-\";s:16:\"META_DESCRIPTION\";s:1:\"-\";s:13:\"BROWSER_TITLE\";s:1:\"-\";s:24:\"DETAIL_SET_CANONICAL_URL\";s:1:\"N\";s:25:\"DETAIL_ACTIVE_DATE_FORMAT\";s:5:\"d.m.Y\";s:17:\"DETAIL_FIELD_CODE\";a:2:{i:0;s:0:\"\";i:1;s:0:\"\";}s:20:\"DETAIL_PROPERTY_CODE\";a:2:{i:0;s:6:\"PHOTOS\";i:1;s:0:\"\";}s:24:\"DETAIL_DISPLAY_TOP_PAGER\";s:1:\"N\";s:27:\"DETAIL_DISPLAY_BOTTOM_PAGER\";s:1:\"Y\";s:18:\"DETAIL_PAGER_TITLE\";s:16:\"Страница\";s:21:\"DETAIL_PAGER_TEMPLATE\";s:0:\"\";s:21:\"DETAIL_PAGER_SHOW_ALL\";s:1:\"Y\";s:14:\"PAGER_TEMPLATE\";s:4:\"blog\";s:17:\"DISPLAY_TOP_PAGER\";s:1:\"N\";s:20:\"DISPLAY_BOTTOM_PAGER\";s:1:\"Y\";s:11:\"PAGER_TITLE\";s:14:\"Новости\";s:17:\"PAGER_SHOW_ALWAYS\";s:1:\"N\";s:20:\"PAGER_DESC_NUMBERING\";s:1:\"N\";s:31:\"PAGER_DESC_NUMBERING_CACHE_TIME\";s:5:\"36000\";s:14:\"PAGER_SHOW_ALL\";s:1:\"N\";s:22:\"PAGER_BASE_LINK_ENABLE\";s:1:\"N\";s:14:\"SET_STATUS_404\";s:1:\"N\";s:8:\"SHOW_404\";s:1:\"N\";s:11:\"MESSAGE_404\";s:0:\"\";s:15:\"CATEGORY_IBLOCK\";a:1:{i:0;s:1:\"1\";}s:13:\"CATEGORY_CODE\";s:0:\"\";s:20:\"CATEGORY_ITEMS_COUNT\";s:1:\"5\";s:10:\"SHARE_HIDE\";s:1:\"Y\";s:14:\"SHARE_TEMPLATE\";s:0:\"\";s:14:\"SHARE_HANDLERS\";a:4:{i:0;s:8:\"facebook\";i:1;s:2:\"lj\";i:2;s:7:\"twitter\";i:3;s:2:\"vk\";}s:23:\"SHARE_SHORTEN_URL_LOGIN\";s:0:\"\";s:21:\"SHARE_SHORTEN_URL_KEY\";s:0:\"\";s:16:\"CATEGORY_THEME_1\";s:5:\"photo\";s:10:\"SEF_FOLDER\";s:11:\"/our-works/\";s:17:\"SEF_URL_TEMPLATES\";a:3:{s:4:\"news\";s:0:\"\";s:7:\"section\";s:0:\"\";s:6:\"detail\";s:15:\"#ELEMENT_CODE#/\";}}'),
(277, 's1', 'bitrix:news', 'reviews', '/about/reviews.php', 'Y', '/about/', 99, 2367, 'a:67:{s:17:\"ADD_ELEMENT_CHAIN\";s:1:\"N\";s:18:\"ADD_SECTIONS_CHAIN\";s:1:\"Y\";s:9:\"AJAX_MODE\";s:1:\"N\";s:22:\"AJAX_OPTION_ADDITIONAL\";s:0:\"\";s:19:\"AJAX_OPTION_HISTORY\";s:1:\"N\";s:16:\"AJAX_OPTION_JUMP\";s:1:\"N\";s:17:\"AJAX_OPTION_STYLE\";s:1:\"Y\";s:13:\"BROWSER_TITLE\";s:1:\"-\";s:12:\"CACHE_FILTER\";s:1:\"N\";s:12:\"CACHE_GROUPS\";s:1:\"Y\";s:10:\"CACHE_TIME\";s:8:\"36000000\";s:10:\"CACHE_TYPE\";s:1:\"A\";s:11:\"CHECK_DATES\";s:1:\"Y\";s:18:\"COMPONENT_TEMPLATE\";s:7:\"reviews\";s:25:\"DETAIL_ACTIVE_DATE_FORMAT\";s:5:\"d.m.Y\";s:27:\"DETAIL_DISPLAY_BOTTOM_PAGER\";s:1:\"Y\";s:24:\"DETAIL_DISPLAY_TOP_PAGER\";s:1:\"N\";s:17:\"DETAIL_FIELD_CODE\";a:2:{i:0;s:0:\"\";i:1;s:0:\"\";}s:21:\"DETAIL_PAGER_SHOW_ALL\";s:1:\"Y\";s:21:\"DETAIL_PAGER_TEMPLATE\";s:0:\"\";s:18:\"DETAIL_PAGER_TITLE\";s:16:\"Страница\";s:20:\"DETAIL_PROPERTY_CODE\";a:2:{i:0;s:0:\"\";i:1;s:0:\"\";}s:24:\"DETAIL_SET_CANONICAL_URL\";s:1:\"N\";s:20:\"DISPLAY_BOTTOM_PAGER\";s:1:\"Y\";s:12:\"DISPLAY_DATE\";s:1:\"Y\";s:12:\"DISPLAY_NAME\";s:1:\"Y\";s:15:\"DISPLAY_PICTURE\";s:1:\"Y\";s:20:\"DISPLAY_PREVIEW_TEXT\";s:1:\"Y\";s:17:\"DISPLAY_TOP_PAGER\";s:1:\"N\";s:24:\"HIDE_LINK_WHEN_NO_DETAIL\";s:1:\"N\";s:9:\"IBLOCK_ID\";s:1:\"7\";s:11:\"IBLOCK_TYPE\";s:9:\"our_works\";s:25:\"INCLUDE_IBLOCK_INTO_CHAIN\";s:1:\"Y\";s:23:\"LIST_ACTIVE_DATE_FORMAT\";s:5:\"d.m.Y\";s:15:\"LIST_FIELD_CODE\";a:2:{i:0;s:14:\"DETAIL_PICTURE\";i:1;s:0:\"\";}s:18:\"LIST_PROPERTY_CODE\";a:2:{i:0;s:0:\"\";i:1;s:0:\"\";}s:11:\"MESSAGE_404\";s:0:\"\";s:16:\"META_DESCRIPTION\";s:1:\"-\";s:13:\"META_KEYWORDS\";s:1:\"-\";s:10:\"NEWS_COUNT\";s:2:\"20\";s:22:\"PAGER_BASE_LINK_ENABLE\";s:1:\"N\";s:20:\"PAGER_DESC_NUMBERING\";s:1:\"N\";s:31:\"PAGER_DESC_NUMBERING_CACHE_TIME\";s:5:\"36000\";s:14:\"PAGER_SHOW_ALL\";s:1:\"N\";s:17:\"PAGER_SHOW_ALWAYS\";s:1:\"N\";s:14:\"PAGER_TEMPLATE\";s:8:\".default\";s:11:\"PAGER_TITLE\";s:14:\"Новости\";s:20:\"PREVIEW_TRUNCATE_LEN\";s:0:\"\";s:10:\"SEF_FOLDER\";s:7:\"/about/\";s:8:\"SEF_MODE\";s:1:\"Y\";s:17:\"SET_LAST_MODIFIED\";s:1:\"N\";s:14:\"SET_STATUS_404\";s:1:\"N\";s:9:\"SET_TITLE\";s:1:\"Y\";s:8:\"SHOW_404\";s:1:\"N\";s:8:\"SORT_BY1\";s:11:\"ACTIVE_FROM\";s:8:\"SORT_BY2\";s:4:\"SORT\";s:11:\"SORT_ORDER1\";s:4:\"DESC\";s:11:\"SORT_ORDER2\";s:3:\"ASC\";s:14:\"USE_CATEGORIES\";s:1:\"N\";s:10:\"USE_FILTER\";s:1:\"N\";s:15:\"USE_PERMISSIONS\";s:1:\"N\";s:10:\"USE_RATING\";s:1:\"N\";s:10:\"USE_REVIEW\";s:1:\"N\";s:7:\"USE_RSS\";s:1:\"N\";s:10:\"USE_SEARCH\";s:1:\"N\";s:9:\"USE_SHARE\";s:1:\"N\";s:17:\"SEF_URL_TEMPLATES\";a:3:{s:4:\"news\";s:0:\"\";s:7:\"section\";s:0:\"\";s:6:\"detail\";s:13:\"#ELEMENT_ID#/\";}}'),
(278, 's1', 'bitrix:news', 'news', '/about/news/index.php', 'Y', '/about/our-works/', 99, 2579, 'a:76:{s:17:\"ADD_ELEMENT_CHAIN\";s:1:\"N\";s:18:\"ADD_SECTIONS_CHAIN\";s:1:\"Y\";s:9:\"AJAX_MODE\";s:1:\"N\";s:22:\"AJAX_OPTION_ADDITIONAL\";s:0:\"\";s:19:\"AJAX_OPTION_HISTORY\";s:1:\"N\";s:16:\"AJAX_OPTION_JUMP\";s:1:\"N\";s:17:\"AJAX_OPTION_STYLE\";s:1:\"Y\";s:13:\"BROWSER_TITLE\";s:1:\"-\";s:12:\"CACHE_FILTER\";s:1:\"N\";s:12:\"CACHE_GROUPS\";s:1:\"Y\";s:10:\"CACHE_TIME\";s:8:\"36000000\";s:10:\"CACHE_TYPE\";s:1:\"A\";s:13:\"CATEGORY_CODE\";s:0:\"\";s:15:\"CATEGORY_IBLOCK\";a:1:{i:0;s:1:\"1\";}s:20:\"CATEGORY_ITEMS_COUNT\";s:1:\"5\";s:16:\"CATEGORY_THEME_1\";s:5:\"photo\";s:11:\"CHECK_DATES\";s:1:\"N\";s:18:\"COMPONENT_TEMPLATE\";s:4:\"news\";s:25:\"DETAIL_ACTIVE_DATE_FORMAT\";s:5:\"d.m.Y\";s:27:\"DETAIL_DISPLAY_BOTTOM_PAGER\";s:1:\"Y\";s:24:\"DETAIL_DISPLAY_TOP_PAGER\";s:1:\"N\";s:17:\"DETAIL_FIELD_CODE\";a:2:{i:0;s:0:\"\";i:1;s:0:\"\";}s:21:\"DETAIL_PAGER_SHOW_ALL\";s:1:\"Y\";s:21:\"DETAIL_PAGER_TEMPLATE\";s:0:\"\";s:18:\"DETAIL_PAGER_TITLE\";s:16:\"Страница\";s:20:\"DETAIL_PROPERTY_CODE\";a:2:{i:0;s:0:\"\";i:1;s:0:\"\";}s:24:\"DETAIL_SET_CANONICAL_URL\";s:1:\"N\";s:20:\"DISPLAY_BOTTOM_PAGER\";s:1:\"Y\";s:12:\"DISPLAY_DATE\";s:1:\"N\";s:12:\"DISPLAY_NAME\";s:1:\"Y\";s:15:\"DISPLAY_PICTURE\";s:1:\"Y\";s:20:\"DISPLAY_PREVIEW_TEXT\";s:1:\"Y\";s:17:\"DISPLAY_TOP_PAGER\";s:1:\"N\";s:24:\"HIDE_LINK_WHEN_NO_DETAIL\";s:1:\"N\";s:9:\"IBLOCK_ID\";s:1:\"2\";s:11:\"IBLOCK_TYPE\";s:4:\"news\";s:25:\"INCLUDE_IBLOCK_INTO_CHAIN\";s:1:\"Y\";s:23:\"LIST_ACTIVE_DATE_FORMAT\";s:5:\"d.m.Y\";s:15:\"LIST_FIELD_CODE\";a:2:{i:0;s:0:\"\";i:1;s:0:\"\";}s:18:\"LIST_PROPERTY_CODE\";a:2:{i:0;s:0:\"\";i:1;s:0:\"\";}s:11:\"MESSAGE_404\";s:0:\"\";s:16:\"META_DESCRIPTION\";s:1:\"-\";s:13:\"META_KEYWORDS\";s:1:\"-\";s:10:\"NEWS_COUNT\";s:1:\"5\";s:22:\"PAGER_BASE_LINK_ENABLE\";s:1:\"N\";s:20:\"PAGER_DESC_NUMBERING\";s:1:\"N\";s:31:\"PAGER_DESC_NUMBERING_CACHE_TIME\";s:5:\"36000\";s:14:\"PAGER_SHOW_ALL\";s:1:\"N\";s:17:\"PAGER_SHOW_ALWAYS\";s:1:\"N\";s:14:\"PAGER_TEMPLATE\";s:4:\"blog\";s:11:\"PAGER_TITLE\";s:14:\"Новости\";s:20:\"PREVIEW_TRUNCATE_LEN\";s:0:\"\";s:10:\"SEF_FOLDER\";s:17:\"/about/our-works/\";s:8:\"SEF_MODE\";s:1:\"Y\";s:17:\"SEF_URL_TEMPLATES\";a:3:{s:4:\"news\";s:0:\"\";s:7:\"section\";s:0:\"\";s:6:\"detail\";s:15:\"#ELEMENT_CODE#/\";}s:17:\"SET_LAST_MODIFIED\";s:1:\"N\";s:14:\"SET_STATUS_404\";s:1:\"N\";s:9:\"SET_TITLE\";s:1:\"Y\";s:14:\"SHARE_HANDLERS\";a:4:{i:0;s:7:\"twitter\";i:1;s:2:\"lj\";i:2;s:2:\"vk\";i:3;s:8:\"facebook\";}s:10:\"SHARE_HIDE\";s:1:\"N\";s:21:\"SHARE_SHORTEN_URL_KEY\";s:0:\"\";s:23:\"SHARE_SHORTEN_URL_LOGIN\";s:0:\"\";s:14:\"SHARE_TEMPLATE\";s:0:\"\";s:8:\"SHOW_404\";s:1:\"N\";s:8:\"SORT_BY1\";s:11:\"ACTIVE_FROM\";s:8:\"SORT_BY2\";s:4:\"SORT\";s:11:\"SORT_ORDER1\";s:4:\"DESC\";s:11:\"SORT_ORDER2\";s:3:\"ASC\";s:14:\"USE_CATEGORIES\";s:1:\"N\";s:10:\"USE_FILTER\";s:1:\"N\";s:15:\"USE_PERMISSIONS\";s:1:\"N\";s:10:\"USE_RATING\";s:1:\"N\";s:10:\"USE_REVIEW\";s:1:\"N\";s:7:\"USE_RSS\";s:1:\"N\";s:10:\"USE_SEARCH\";s:1:\"N\";s:9:\"USE_SHARE\";s:1:\"Y\";}'),
(283, 's1', 'ttepla:vk.group', '', '/cron.php', 'N', NULL, 60, 290, 'a:4:{s:8:\"group_id\";s:9:\"141299426\";s:4:\"save\";s:1:\"1\";s:3:\"url\";s:23:\"https://vk.com/tertepla\";s:3:\"key\";s:71:\"b7d4a5f1b7d4a5f1b7d4a5f143b7881187bb7d4b7d4a5f1ee96cf930fc4f5442d712a1c\";}'),
(284, 's1', 'bitrix:news.list', 'razovoe_tarifs', '/tariffs/obsluzhivanie-kotelnoy/index.php', 'N', NULL, 1261, 5910, 'a:51:{s:18:\"ACTIVE_DATE_FORMAT\";s:5:\"d.m.Y\";s:18:\"ADD_SECTIONS_CHAIN\";s:1:\"N\";s:9:\"AJAX_MODE\";s:1:\"N\";s:22:\"AJAX_OPTION_ADDITIONAL\";s:0:\"\";s:19:\"AJAX_OPTION_HISTORY\";s:1:\"N\";s:16:\"AJAX_OPTION_JUMP\";s:1:\"N\";s:17:\"AJAX_OPTION_STYLE\";s:1:\"Y\";s:12:\"CACHE_FILTER\";s:1:\"N\";s:12:\"CACHE_GROUPS\";s:1:\"Y\";s:10:\"CACHE_TIME\";s:8:\"36000000\";s:10:\"CACHE_TYPE\";s:1:\"A\";s:11:\"CHECK_DATES\";s:1:\"Y\";s:10:\"DETAIL_URL\";s:0:\"\";s:20:\"DISPLAY_BOTTOM_PAGER\";s:1:\"N\";s:12:\"DISPLAY_DATE\";s:1:\"N\";s:12:\"DISPLAY_NAME\";s:1:\"Y\";s:15:\"DISPLAY_PICTURE\";s:1:\"N\";s:20:\"DISPLAY_PREVIEW_TEXT\";s:1:\"N\";s:17:\"DISPLAY_TOP_PAGER\";s:1:\"N\";s:10:\"FIELD_CODE\";a:5:{i:0;s:2:\"ID\";i:1;s:4:\"NAME\";i:2;s:4:\"SORT\";i:3;s:11:\"DETAIL_TEXT\";i:4;s:0:\"\";}s:11:\"FILTER_NAME\";s:0:\"\";s:24:\"HIDE_LINK_WHEN_NO_DETAIL\";s:1:\"N\";s:9:\"IBLOCK_ID\";s:2:\"24\";s:11:\"IBLOCK_TYPE\";s:6:\"prices\";s:25:\"INCLUDE_IBLOCK_INTO_CHAIN\";s:1:\"N\";s:19:\"INCLUDE_SUBSECTIONS\";s:1:\"Y\";s:11:\"MESSAGE_404\";s:0:\"\";s:10:\"NEWS_COUNT\";s:5:\"20000\";s:22:\"PAGER_BASE_LINK_ENABLE\";s:1:\"N\";s:20:\"PAGER_DESC_NUMBERING\";s:1:\"N\";s:31:\"PAGER_DESC_NUMBERING_CACHE_TIME\";s:5:\"36000\";s:14:\"PAGER_SHOW_ALL\";s:1:\"N\";s:17:\"PAGER_SHOW_ALWAYS\";s:1:\"N\";s:14:\"PAGER_TEMPLATE\";s:8:\".default\";s:11:\"PAGER_TITLE\";s:14:\"Новости\";s:14:\"PARENT_SECTION\";s:3:\"106\";s:19:\"PARENT_SECTION_CODE\";s:0:\"\";s:20:\"PREVIEW_TRUNCATE_LEN\";s:0:\"\";s:13:\"PROPERTY_CODE\";a:3:{i:0;s:5:\"PRICE\";i:1;s:10:\"PRICE_TEXT\";i:2;s:0:\"\";}s:17:\"SET_BROWSER_TITLE\";s:1:\"N\";s:17:\"SET_LAST_MODIFIED\";s:1:\"N\";s:20:\"SET_META_DESCRIPTION\";s:1:\"N\";s:17:\"SET_META_KEYWORDS\";s:1:\"N\";s:14:\"SET_STATUS_404\";s:1:\"N\";s:9:\"SET_TITLE\";s:1:\"N\";s:8:\"SHOW_404\";s:1:\"N\";s:8:\"SORT_BY1\";s:4:\"SORT\";s:8:\"SORT_BY2\";s:4:\"SORT\";s:11:\"SORT_ORDER1\";s:3:\"ASC\";s:11:\"SORT_ORDER2\";s:3:\"ASC\";s:20:\"STRICT_SECTION_CHECK\";s:1:\"N\";}'),
(287, 's1', 'ttepla:cart', '', '/cart/index.php', 'N', NULL, 152, 230, 'a:1:{s:9:\"IBLOCK_ID\";s:2:\"11\";}'),
(288, 's1', 'bitrix:news.list', 'sliderOnMain', '/includes/slider_and_search.php', 'N', NULL, 1124, 2810, 'a:51:{s:18:\"ACTIVE_DATE_FORMAT\";s:5:\"d.m.Y\";s:18:\"ADD_SECTIONS_CHAIN\";s:1:\"N\";s:9:\"AJAX_MODE\";s:1:\"N\";s:22:\"AJAX_OPTION_ADDITIONAL\";s:0:\"\";s:19:\"AJAX_OPTION_HISTORY\";s:1:\"N\";s:16:\"AJAX_OPTION_JUMP\";s:1:\"N\";s:17:\"AJAX_OPTION_STYLE\";s:1:\"Y\";s:12:\"CACHE_FILTER\";s:1:\"N\";s:12:\"CACHE_GROUPS\";s:1:\"Y\";s:10:\"CACHE_TIME\";s:8:\"36000000\";s:10:\"CACHE_TYPE\";s:1:\"A\";s:11:\"CHECK_DATES\";s:1:\"Y\";s:18:\"COMPONENT_TEMPLATE\";s:12:\"sliderOnMain\";s:10:\"DETAIL_URL\";s:0:\"\";s:20:\"DISPLAY_BOTTOM_PAGER\";s:1:\"N\";s:12:\"DISPLAY_DATE\";s:1:\"Y\";s:12:\"DISPLAY_NAME\";s:1:\"Y\";s:15:\"DISPLAY_PICTURE\";s:1:\"Y\";s:20:\"DISPLAY_PREVIEW_TEXT\";s:1:\"Y\";s:17:\"DISPLAY_TOP_PAGER\";s:1:\"N\";s:10:\"FIELD_CODE\";a:2:{i:0;s:14:\"DETAIL_PICTURE\";i:1;s:0:\"\";}s:11:\"FILTER_NAME\";s:0:\"\";s:24:\"HIDE_LINK_WHEN_NO_DETAIL\";s:1:\"N\";s:9:\"IBLOCK_ID\";s:1:\"6\";s:11:\"IBLOCK_TYPE\";s:10:\"mainslider\";s:25:\"INCLUDE_IBLOCK_INTO_CHAIN\";s:1:\"N\";s:19:\"INCLUDE_SUBSECTIONS\";s:1:\"Y\";s:11:\"MESSAGE_404\";s:0:\"\";s:10:\"NEWS_COUNT\";s:2:\"20\";s:22:\"PAGER_BASE_LINK_ENABLE\";s:1:\"N\";s:20:\"PAGER_DESC_NUMBERING\";s:1:\"N\";s:31:\"PAGER_DESC_NUMBERING_CACHE_TIME\";s:5:\"36000\";s:14:\"PAGER_SHOW_ALL\";s:1:\"N\";s:17:\"PAGER_SHOW_ALWAYS\";s:1:\"N\";s:14:\"PAGER_TEMPLATE\";s:8:\".default\";s:11:\"PAGER_TITLE\";s:14:\"Новости\";s:14:\"PARENT_SECTION\";s:0:\"\";s:19:\"PARENT_SECTION_CODE\";s:0:\"\";s:20:\"PREVIEW_TRUNCATE_LEN\";s:0:\"\";s:13:\"PROPERTY_CODE\";a:3:{i:0;s:9:\"some_link\";i:1;s:11:\"SLIDER_LINK\";i:2;s:0:\"\";}s:17:\"SET_BROWSER_TITLE\";s:1:\"N\";s:17:\"SET_LAST_MODIFIED\";s:1:\"N\";s:20:\"SET_META_DESCRIPTION\";s:1:\"N\";s:17:\"SET_META_KEYWORDS\";s:1:\"N\";s:14:\"SET_STATUS_404\";s:1:\"N\";s:9:\"SET_TITLE\";s:1:\"N\";s:8:\"SHOW_404\";s:1:\"N\";s:8:\"SORT_BY1\";s:11:\"ACTIVE_FROM\";s:8:\"SORT_BY2\";s:4:\"SORT\";s:11:\"SORT_ORDER1\";s:4:\"DESC\";s:11:\"SORT_ORDER2\";s:3:\"ASC\";}'),
(289, 's1', 'bitrix:news', 'mein_new_template', '/novosti/news.php', 'N', NULL, 110, 2257, 'a:66:{s:17:\"ADD_ELEMENT_CHAIN\";s:1:\"N\";s:18:\"ADD_SECTIONS_CHAIN\";s:1:\"Y\";s:9:\"AJAX_MODE\";s:1:\"N\";s:22:\"AJAX_OPTION_ADDITIONAL\";s:0:\"\";s:19:\"AJAX_OPTION_HISTORY\";s:1:\"N\";s:16:\"AJAX_OPTION_JUMP\";s:1:\"N\";s:17:\"AJAX_OPTION_STYLE\";s:1:\"Y\";s:13:\"BROWSER_TITLE\";s:1:\"-\";s:12:\"CACHE_FILTER\";s:1:\"N\";s:12:\"CACHE_GROUPS\";s:1:\"Y\";s:10:\"CACHE_TIME\";s:8:\"36000000\";s:10:\"CACHE_TYPE\";s:1:\"A\";s:11:\"CHECK_DATES\";s:1:\"Y\";s:18:\"COMPONENT_TEMPLATE\";s:8:\".default\";s:25:\"DETAIL_ACTIVE_DATE_FORMAT\";s:5:\"d.m.Y\";s:27:\"DETAIL_DISPLAY_BOTTOM_PAGER\";s:1:\"Y\";s:24:\"DETAIL_DISPLAY_TOP_PAGER\";s:1:\"N\";s:17:\"DETAIL_FIELD_CODE\";a:2:{i:0;s:0:\"\";i:1;s:0:\"\";}s:21:\"DETAIL_PAGER_SHOW_ALL\";s:1:\"Y\";s:21:\"DETAIL_PAGER_TEMPLATE\";s:0:\"\";s:18:\"DETAIL_PAGER_TITLE\";s:16:\"Страница\";s:20:\"DETAIL_PROPERTY_CODE\";a:2:{i:0;s:0:\"\";i:1;s:0:\"\";}s:24:\"DETAIL_SET_CANONICAL_URL\";s:1:\"N\";s:20:\"DISPLAY_BOTTOM_PAGER\";s:1:\"Y\";s:12:\"DISPLAY_DATE\";s:1:\"Y\";s:12:\"DISPLAY_NAME\";s:1:\"Y\";s:15:\"DISPLAY_PICTURE\";s:1:\"Y\";s:20:\"DISPLAY_PREVIEW_TEXT\";s:1:\"Y\";s:17:\"DISPLAY_TOP_PAGER\";s:1:\"N\";s:24:\"HIDE_LINK_WHEN_NO_DETAIL\";s:1:\"N\";s:9:\"IBLOCK_ID\";s:1:\"5\";s:11:\"IBLOCK_TYPE\";s:9:\"mein_news\";s:25:\"INCLUDE_IBLOCK_INTO_CHAIN\";s:1:\"Y\";s:23:\"LIST_ACTIVE_DATE_FORMAT\";s:5:\"d.m.Y\";s:15:\"LIST_FIELD_CODE\";a:2:{i:0;s:0:\"\";i:1;s:0:\"\";}s:18:\"LIST_PROPERTY_CODE\";a:2:{i:0;s:0:\"\";i:1;s:0:\"\";}s:11:\"MESSAGE_404\";s:0:\"\";s:16:\"META_DESCRIPTION\";s:1:\"-\";s:13:\"META_KEYWORDS\";s:1:\"-\";s:10:\"NEWS_COUNT\";s:2:\"20\";s:22:\"PAGER_BASE_LINK_ENABLE\";s:1:\"N\";s:20:\"PAGER_DESC_NUMBERING\";s:1:\"N\";s:31:\"PAGER_DESC_NUMBERING_CACHE_TIME\";s:5:\"36000\";s:14:\"PAGER_SHOW_ALL\";s:1:\"N\";s:17:\"PAGER_SHOW_ALWAYS\";s:1:\"N\";s:14:\"PAGER_TEMPLATE\";s:8:\".default\";s:11:\"PAGER_TITLE\";s:14:\"Новости\";s:20:\"PREVIEW_TRUNCATE_LEN\";s:0:\"\";s:8:\"SEF_MODE\";s:1:\"N\";s:17:\"SET_LAST_MODIFIED\";s:1:\"N\";s:14:\"SET_STATUS_404\";s:1:\"N\";s:9:\"SET_TITLE\";s:1:\"Y\";s:8:\"SHOW_404\";s:1:\"N\";s:8:\"SORT_BY1\";s:11:\"ACTIVE_FROM\";s:8:\"SORT_BY2\";s:4:\"SORT\";s:11:\"SORT_ORDER1\";s:4:\"DESC\";s:11:\"SORT_ORDER2\";s:3:\"ASC\";s:14:\"USE_CATEGORIES\";s:1:\"N\";s:10:\"USE_FILTER\";s:1:\"N\";s:15:\"USE_PERMISSIONS\";s:1:\"N\";s:10:\"USE_RATING\";s:1:\"N\";s:10:\"USE_REVIEW\";s:1:\"N\";s:7:\"USE_RSS\";s:1:\"N\";s:10:\"USE_SEARCH\";s:1:\"N\";s:9:\"USE_SHARE\";s:1:\"N\";s:16:\"VARIABLE_ALIASES\";a:2:{s:10:\"ELEMENT_ID\";s:10:\"ELEMENT_ID\";s:10:\"SECTION_ID\";s:10:\"SECTION_ID\";}}'),
(290, 's1', 'ttepla:vk.group', '', '/novosti/index.php', 'N', NULL, 168, 371, 'a:3:{s:8:\"group_id\";s:9:\"141299426\";s:3:\"url\";s:23:\"https://vk.com/tertepla\";s:3:\"key\";s:71:\"b7d4a5f1b7d4a5f1b7d4a5f143b7881187bb7d4b7d4a5f1ee96cf930fc4f5442d712a1c\";}'),
(291, 's1', 'ttepla:social', '', '/novosti/index.php', 'N', NULL, 392, 448, 'a:0:{}'),
(292, 's1', 'bitrix:menu', 'catalog_flat', '/catalog_old/index.php', 'N', NULL, 151, 914, 'a:11:{s:18:\"COMPONENT_TEMPLATE\";s:8:\".default\";s:14:\"ROOT_MENU_TYPE\";s:4:\"left\";s:15:\"MENU_CACHE_TYPE\";s:1:\"N\";s:15:\"MENU_CACHE_TIME\";s:4:\"3600\";s:21:\"MENU_CACHE_USE_GROUPS\";s:1:\"Y\";s:19:\"MENU_CACHE_GET_VARS\";a:1:{i:0;s:0:\"\";}s:9:\"MAX_LEVEL\";s:1:\"1\";s:15:\"CHILD_MENU_TYPE\";s:4:\"left\";s:7:\"USE_EXT\";s:1:\"N\";s:5:\"DELAY\";s:1:\"N\";s:18:\"ALLOW_MULTI_SELECT\";s:1:\"N\";}'),
(293, 's1', 'service:album', '', '/service/album.php', 'N', NULL, 106, 199, 'a:1:{s:9:\"RECORD_ID\";s:25:\"={$_REQUEST[\"record_id\"]}\";}'),
(294, 's1', 'service:counteragent', '', '/service/counteragent.php', 'N', NULL, 819, 910, 'a:1:{s:7:\"USER_ID\";s:18:\"={$_REQUEST[\"id\"]}\";}'),
(295, 's1', 'service:boilers', '', '/service/counteragent.php', 'N', NULL, 1280, 1406, 'a:3:{s:9:\"IBLOCK_ID\";s:2:\"15\";s:7:\"NODE_ID\";s:2:\"16\";s:7:\"USER_ID\";s:18:\"={$_REQUEST[\"id\"]}\";}'),
(296, 's1', 'service:form', 'add-register', '/service/counteragent.php', 'N', NULL, 3582, 3645, 's:0:\"\";'),
(297, 's1', 'service:logs', '', '/service/logs.php', 'N', NULL, 184, 239, 'a:0:{}'),
(298, 's1', 'service:documents', '', '/service/documents.php', 'N', NULL, 174, 253, 'a:1:{s:9:\"IBLOCK_ID\";s:2:\"18\";}'),
(299, 's1', 'service:calendar', '', '/service/calendar.php', 'N', NULL, 181, 240, 'a:0:{}'),
(300, 's1', 'service:register', '', '/service/register.php', 'N', NULL, 163, 222, 'a:0:{}'),
(301, 's1', 'service:counteragent', '', '/service/client.php', 'N', NULL, 568, 651, 'a:1:{s:7:\"USER_ID\";s:10:\"={$userId}\";}'),
(302, 's1', 'service:boilers', '', '/service/client.php', 'N', NULL, 1021, 1139, 'a:3:{s:9:\"IBLOCK_ID\";s:2:\"15\";s:7:\"NODE_ID\";s:2:\"16\";s:7:\"USER_ID\";s:10:\"={$userId}\";}'),
(303, 's1', 'service:documents', '', '/service/files.php', 'N', NULL, 112, 208, 'a:2:{s:9:\"IBLOCK_ID\";s:2:\"19\";s:8:\"isClient\";s:1:\"1\";}'),
(304, 's1', 'service:counteragents', '', '/service/counteragents.php', 'N', NULL, 170, 234, 'a:0:{}'),
(305, 's1', 'service:boiler.node', '', '/service/post/node.php', 'N', NULL, 95, 201, 'a:2:{s:9:\"IBLOCK_ID\";s:2:\"15\";s:2:\"ID\";s:18:\"={$_REQUEST[\"id\"]}\";}'),
(306, 's1', 'bitrix:menu', 'category', '/left_menu_catalog_popular.php', 'N', NULL, 123, 521, 'a:11:{s:18:\"ALLOW_MULTI_SELECT\";s:1:\"N\";s:15:\"CHILD_MENU_TYPE\";s:4:\"left\";s:18:\"COMPONENT_TEMPLATE\";s:8:\".default\";s:5:\"DELAY\";s:1:\"N\";s:9:\"MAX_LEVEL\";s:1:\"1\";s:19:\"MENU_CACHE_GET_VARS\";a:1:{i:0;s:0:\"\";}s:15:\"MENU_CACHE_TIME\";s:4:\"3600\";s:15:\"MENU_CACHE_TYPE\";s:1:\"N\";s:21:\"MENU_CACHE_USE_GROUPS\";s:1:\"Y\";s:14:\"ROOT_MENU_TYPE\";s:4:\"left\";s:7:\"USE_EXT\";s:1:\"N\";}'),
(307, 's1', 'bitrix:main.include', '.default', '/left_menu_catalog_popular.php', 'N', NULL, 526, 768, 'a:5:{s:14:\"AREA_FILE_SHOW\";s:4:\"file\";s:4:\"PATH\";s:21:\"/includes/popular.php\";s:18:\"COMPONENT_TEMPLATE\";s:8:\".default\";s:16:\"AREA_FILE_SUFFIX\";s:3:\"inc\";s:13:\"EDIT_TEMPLATE\";s:0:\"\";}'),
(308, 's1', 'ttepla:prices', '', '/prices.php', 'N', NULL, 270, 354, 'a:1:{s:9:\"IBLOCK_ID\";s:1:\"8\";}'),
(313, 's1', 'bitrix:main.map', '.default', '/404.php', 'N', NULL, 391, 585, 'a:5:{s:5:\"LEVEL\";s:1:\"3\";s:7:\"COL_NUM\";s:1:\"2\";s:16:\"SHOW_DESCRIPTION\";s:1:\"Y\";s:9:\"SET_TITLE\";s:1:\"Y\";s:10:\"CACHE_TIME\";s:8:\"36000000\";}'),
(314, 's1', 'bitrix:search.page', 'tags', '/search/index.php', 'N', NULL, 147, 1395, 'a:42:{s:9:\"TAGS_SORT\";s:4:\"NAME\";s:18:\"TAGS_PAGE_ELEMENTS\";s:3:\"150\";s:11:\"TAGS_PERIOD\";s:2:\"30\";s:15:\"TAGS_URL_SEARCH\";s:17:\"/search/index.php\";s:12:\"TAGS_INHERIT\";s:1:\"Y\";s:8:\"FONT_MAX\";s:2:\"50\";s:8:\"FONT_MIN\";s:2:\"10\";s:9:\"COLOR_NEW\";s:6:\"000000\";s:9:\"COLOR_OLD\";s:6:\"C8C8C8\";s:15:\"PERIOD_NEW_TAGS\";s:0:\"\";s:10:\"SHOW_CHAIN\";s:1:\"Y\";s:10:\"COLOR_TYPE\";s:1:\"Y\";s:5:\"WIDTH\";s:4:\"100%\";s:11:\"USE_SUGGEST\";s:1:\"Y\";s:11:\"SHOW_RATING\";s:1:\"N\";s:20:\"PATH_TO_USER_PROFILE\";s:0:\"\";s:9:\"AJAX_MODE\";s:1:\"N\";s:7:\"RESTART\";s:1:\"Y\";s:13:\"NO_WORD_LOGIC\";s:1:\"N\";s:18:\"USE_LANGUAGE_GUESS\";s:1:\"N\";s:11:\"CHECK_DATES\";s:1:\"Y\";s:14:\"USE_TITLE_RANK\";s:1:\"Y\";s:12:\"DEFAULT_SORT\";s:4:\"rank\";s:11:\"FILTER_NAME\";s:0:\"\";s:9:\"arrFILTER\";a:1:{i:0;s:2:\"no\";}s:10:\"SHOW_WHERE\";s:1:\"N\";s:8:\"arrWHERE\";s:0:\"\";s:9:\"SHOW_WHEN\";s:1:\"N\";s:17:\"PAGE_RESULT_COUNT\";s:2:\"50\";s:10:\"CACHE_TYPE\";s:1:\"A\";s:10:\"CACHE_TIME\";s:4:\"3600\";s:17:\"DISPLAY_TOP_PAGER\";s:1:\"Y\";s:20:\"DISPLAY_BOTTOM_PAGER\";s:1:\"Y\";s:11:\"PAGER_TITLE\";s:33:\"Результаты поиска\";s:17:\"PAGER_SHOW_ALWAYS\";s:1:\"Y\";s:14:\"PAGER_TEMPLATE\";s:0:\"\";s:18:\"AJAX_OPTION_SHADOW\";s:1:\"Y\";s:16:\"AJAX_OPTION_JUMP\";s:1:\"N\";s:17:\"AJAX_OPTION_STYLE\";s:1:\"Y\";s:19:\"AJAX_OPTION_HISTORY\";s:1:\"N\";s:22:\"AJAX_OPTION_ADDITIONAL\";s:0:\"\";s:18:\"COMPONENT_TEMPLATE\";s:4:\"tags\";}'),
(387, 's1', 'bitrix:news', 'reviews', '/about/index.php', 'Y', '/about/', 1185, 3486, 'a:68:{s:17:\"ADD_ELEMENT_CHAIN\";s:1:\"N\";s:18:\"ADD_SECTIONS_CHAIN\";s:1:\"N\";s:9:\"AJAX_MODE\";s:1:\"N\";s:22:\"AJAX_OPTION_ADDITIONAL\";s:0:\"\";s:19:\"AJAX_OPTION_HISTORY\";s:1:\"N\";s:16:\"AJAX_OPTION_JUMP\";s:1:\"N\";s:17:\"AJAX_OPTION_STYLE\";s:1:\"Y\";s:13:\"BROWSER_TITLE\";s:1:\"-\";s:12:\"CACHE_FILTER\";s:1:\"N\";s:12:\"CACHE_GROUPS\";s:1:\"Y\";s:10:\"CACHE_TIME\";s:8:\"36000000\";s:10:\"CACHE_TYPE\";s:1:\"A\";s:11:\"CHECK_DATES\";s:1:\"Y\";s:18:\"COMPONENT_TEMPLATE\";s:7:\"reviews\";s:25:\"DETAIL_ACTIVE_DATE_FORMAT\";s:5:\"d.m.Y\";s:27:\"DETAIL_DISPLAY_BOTTOM_PAGER\";s:1:\"Y\";s:24:\"DETAIL_DISPLAY_TOP_PAGER\";s:1:\"N\";s:17:\"DETAIL_FIELD_CODE\";a:2:{i:0;s:0:\"\";i:1;s:0:\"\";}s:21:\"DETAIL_PAGER_SHOW_ALL\";s:1:\"Y\";s:21:\"DETAIL_PAGER_TEMPLATE\";s:0:\"\";s:18:\"DETAIL_PAGER_TITLE\";s:16:\"Страница\";s:20:\"DETAIL_PROPERTY_CODE\";a:2:{i:0;s:0:\"\";i:1;s:0:\"\";}s:24:\"DETAIL_SET_CANONICAL_URL\";s:1:\"N\";s:20:\"DISPLAY_BOTTOM_PAGER\";s:1:\"Y\";s:12:\"DISPLAY_DATE\";s:1:\"Y\";s:12:\"DISPLAY_NAME\";s:1:\"Y\";s:15:\"DISPLAY_PICTURE\";s:1:\"Y\";s:20:\"DISPLAY_PREVIEW_TEXT\";s:1:\"Y\";s:17:\"DISPLAY_TOP_PAGER\";s:1:\"N\";s:24:\"HIDE_LINK_WHEN_NO_DETAIL\";s:1:\"N\";s:9:\"IBLOCK_ID\";s:1:\"7\";s:11:\"IBLOCK_TYPE\";s:9:\"our_works\";s:25:\"INCLUDE_IBLOCK_INTO_CHAIN\";s:1:\"N\";s:23:\"LIST_ACTIVE_DATE_FORMAT\";s:5:\"d.m.Y\";s:15:\"LIST_FIELD_CODE\";a:2:{i:0;s:14:\"DETAIL_PICTURE\";i:1;s:0:\"\";}s:18:\"LIST_PROPERTY_CODE\";a:2:{i:0;s:0:\"\";i:1;s:0:\"\";}s:11:\"MESSAGE_404\";s:0:\"\";s:16:\"META_DESCRIPTION\";s:1:\"-\";s:13:\"META_KEYWORDS\";s:1:\"-\";s:10:\"NEWS_COUNT\";s:2:\"20\";s:22:\"PAGER_BASE_LINK_ENABLE\";s:1:\"N\";s:20:\"PAGER_DESC_NUMBERING\";s:1:\"N\";s:31:\"PAGER_DESC_NUMBERING_CACHE_TIME\";s:5:\"36000\";s:14:\"PAGER_SHOW_ALL\";s:1:\"N\";s:17:\"PAGER_SHOW_ALWAYS\";s:1:\"N\";s:14:\"PAGER_TEMPLATE\";s:8:\".default\";s:11:\"PAGER_TITLE\";s:14:\"Новости\";s:20:\"PREVIEW_TRUNCATE_LEN\";s:0:\"\";s:10:\"SEF_FOLDER\";s:7:\"/about/\";s:8:\"SEF_MODE\";s:1:\"Y\";s:17:\"SET_LAST_MODIFIED\";s:1:\"N\";s:14:\"SET_STATUS_404\";s:1:\"N\";s:9:\"SET_TITLE\";s:1:\"N\";s:8:\"SHOW_404\";s:1:\"N\";s:8:\"SORT_BY1\";s:11:\"ACTIVE_FROM\";s:8:\"SORT_BY2\";s:4:\"SORT\";s:11:\"SORT_ORDER1\";s:4:\"DESC\";s:11:\"SORT_ORDER2\";s:3:\"ASC\";s:14:\"USE_CATEGORIES\";s:1:\"N\";s:10:\"USE_FILTER\";s:1:\"N\";s:15:\"USE_PERMISSIONS\";s:1:\"N\";s:10:\"USE_RATING\";s:1:\"N\";s:10:\"USE_REVIEW\";s:1:\"N\";s:7:\"USE_RSS\";s:1:\"N\";s:10:\"USE_SEARCH\";s:1:\"N\";s:9:\"USE_SHARE\";s:1:\"N\";s:20:\"STRICT_SECTION_CHECK\";s:1:\"N\";s:17:\"SEF_URL_TEMPLATES\";a:3:{s:4:\"news\";s:0:\"\";s:7:\"section\";s:0:\"\";s:6:\"detail\";s:13:\"#ELEMENT_ID#/\";}}'),
(388, 's1', 'ttepla:certificats', '.default', '/about/index.php', 'N', NULL, 3492, 3792, 'a:4:{s:20:\"COMPOSITE_FRAME_MODE\";s:1:\"A\";s:20:\"COMPOSITE_FRAME_TYPE\";s:4:\"AUTO\";s:11:\"IELEMENT_ID\";a:5:{i:0;s:3:\"385\";i:1;s:3:\"386\";i:2;s:3:\"388\";i:3;s:3:\"391\";i:4;s:0:\"\";}s:18:\"COMPONENT_TEMPLATE\";s:8:\".default\";}'),
(389, 's1', 'bitrix:news', 'partner_serts', '/about/index.php', 'N', NULL, 4130, 6720, 'a:68:{s:17:\"ADD_ELEMENT_CHAIN\";s:1:\"N\";s:18:\"ADD_SECTIONS_CHAIN\";s:1:\"N\";s:9:\"AJAX_MODE\";s:1:\"N\";s:22:\"AJAX_OPTION_ADDITIONAL\";s:0:\"\";s:19:\"AJAX_OPTION_HISTORY\";s:1:\"N\";s:16:\"AJAX_OPTION_JUMP\";s:1:\"N\";s:17:\"AJAX_OPTION_STYLE\";s:1:\"Y\";s:13:\"BROWSER_TITLE\";s:1:\"-\";s:12:\"CACHE_FILTER\";s:1:\"N\";s:12:\"CACHE_GROUPS\";s:1:\"Y\";s:10:\"CACHE_TIME\";s:8:\"36000000\";s:10:\"CACHE_TYPE\";s:1:\"A\";s:11:\"CHECK_DATES\";s:1:\"Y\";s:25:\"DETAIL_ACTIVE_DATE_FORMAT\";s:5:\"d.m.Y\";s:27:\"DETAIL_DISPLAY_BOTTOM_PAGER\";s:1:\"Y\";s:24:\"DETAIL_DISPLAY_TOP_PAGER\";s:1:\"N\";s:17:\"DETAIL_FIELD_CODE\";a:15:{i:0;s:2:\"ID\";i:1;s:4:\"CODE\";i:2;s:6:\"XML_ID\";i:3;s:4:\"NAME\";i:4;s:4:\"SORT\";i:5;s:12:\"PREVIEW_TEXT\";i:6;s:15:\"PREVIEW_PICTURE\";i:7;s:16:\"DATE_ACTIVE_FROM\";i:8;s:14:\"IBLOCK_TYPE_ID\";i:9;s:9:\"IBLOCK_ID\";i:10;s:11:\"IBLOCK_CODE\";i:11;s:11:\"IBLOCK_NAME\";i:12;s:18:\"IBLOCK_EXTERNAL_ID\";i:13;s:11:\"DATE_CREATE\";i:14;s:0:\"\";}s:21:\"DETAIL_PAGER_SHOW_ALL\";s:1:\"Y\";s:21:\"DETAIL_PAGER_TEMPLATE\";s:0:\"\";s:18:\"DETAIL_PAGER_TITLE\";s:16:\"Страница\";s:20:\"DETAIL_PROPERTY_CODE\";a:2:{i:0;s:0:\"\";i:1;s:0:\"\";}s:24:\"DETAIL_SET_CANONICAL_URL\";s:1:\"N\";s:20:\"DISPLAY_BOTTOM_PAGER\";s:1:\"Y\";s:12:\"DISPLAY_DATE\";s:1:\"Y\";s:12:\"DISPLAY_NAME\";s:1:\"Y\";s:15:\"DISPLAY_PICTURE\";s:1:\"Y\";s:20:\"DISPLAY_PREVIEW_TEXT\";s:1:\"Y\";s:17:\"DISPLAY_TOP_PAGER\";s:1:\"N\";s:24:\"HIDE_LINK_WHEN_NO_DETAIL\";s:1:\"N\";s:9:\"IBLOCK_ID\";s:2:\"25\";s:11:\"IBLOCK_TYPE\";s:9:\"our_works\";s:25:\"INCLUDE_IBLOCK_INTO_CHAIN\";s:1:\"N\";s:23:\"LIST_ACTIVE_DATE_FORMAT\";s:5:\"d.m.Y\";s:15:\"LIST_FIELD_CODE\";a:2:{i:0;s:0:\"\";i:1;s:0:\"\";}s:18:\"LIST_PROPERTY_CODE\";a:2:{i:0;s:0:\"\";i:1;s:0:\"\";}s:11:\"MESSAGE_404\";s:0:\"\";s:16:\"META_DESCRIPTION\";s:1:\"-\";s:13:\"META_KEYWORDS\";s:1:\"-\";s:10:\"NEWS_COUNT\";s:4:\"2000\";s:22:\"PAGER_BASE_LINK_ENABLE\";s:1:\"N\";s:20:\"PAGER_DESC_NUMBERING\";s:1:\"N\";s:31:\"PAGER_DESC_NUMBERING_CACHE_TIME\";s:5:\"36000\";s:14:\"PAGER_SHOW_ALL\";s:1:\"N\";s:17:\"PAGER_SHOW_ALWAYS\";s:1:\"N\";s:14:\"PAGER_TEMPLATE\";s:8:\".default\";s:11:\"PAGER_TITLE\";s:14:\"Новости\";s:20:\"PREVIEW_TRUNCATE_LEN\";s:0:\"\";s:8:\"SEF_MODE\";s:1:\"N\";s:17:\"SET_LAST_MODIFIED\";s:1:\"N\";s:14:\"SET_STATUS_404\";s:1:\"N\";s:9:\"SET_TITLE\";s:1:\"N\";s:8:\"SHOW_404\";s:1:\"N\";s:8:\"SORT_BY1\";s:4:\"SORT\";s:8:\"SORT_BY2\";s:4:\"SORT\";s:11:\"SORT_ORDER1\";s:4:\"DESC\";s:11:\"SORT_ORDER2\";s:4:\"DESC\";s:20:\"STRICT_SECTION_CHECK\";s:1:\"N\";s:14:\"USE_CATEGORIES\";s:1:\"N\";s:10:\"USE_FILTER\";s:1:\"N\";s:15:\"USE_PERMISSIONS\";s:1:\"N\";s:10:\"USE_RATING\";s:1:\"N\";s:10:\"USE_REVIEW\";s:1:\"N\";s:7:\"USE_RSS\";s:1:\"N\";s:10:\"USE_SEARCH\";s:1:\"N\";s:9:\"USE_SHARE\";s:1:\"N\";s:18:\"COMPONENT_TEMPLATE\";s:13:\"partner_serts\";s:10:\"SEF_FOLDER\";s:7:\"/about/\";s:16:\"VARIABLE_ALIASES\";a:2:{s:10:\"SECTION_ID\";s:10:\"SECTION_ID\";s:10:\"ELEMENT_ID\";s:10:\"ELEMENT_ID\";}}'),
(442, 's1', 'service:boilers', '', '/test/index.php', 'N', NULL, 98, 180, 'a:1:{s:7:\"USER_ID\";s:14:\"={$item[\"id\"]}\";}'),
(457, 's1', 'service:sale.personal.order.detail', '', '/bitrix/templates/territoryt/components/bitrix/sale.personal.order/ttstyle/detail.php', 'N', NULL, 843, 948, 's:15:\"={$arDetParams}\";'),
(462, 's1', 'service:sale.personal.order.list', '', '/bitrix/templates/territoryt/components/bitrix/sale.personal.order/ttstyle/list.php', 'N', NULL, 1120, 1225, 's:17:\"={$arChildParams}\";'),
(465, 's1', 'bitrix:sale.personal.order', 'list1', '/service/orders/orders.php', 'N', NULL, 97, 920, 'a:24:{s:18:\"ACTIVE_DATE_FORMAT\";s:5:\"d.m.Y\";s:12:\"CACHE_GROUPS\";s:1:\"Y\";s:10:\"CACHE_TIME\";s:4:\"3600\";s:10:\"CACHE_TYPE\";s:1:\"A\";s:19:\"CUSTOM_SELECT_PROPS\";a:1:{i:0;s:0:\"\";}s:21:\"DETAIL_HIDE_USER_INFO\";a:1:{i:0;s:1:\"0\";}s:15:\"DISALLOW_CANCEL\";s:1:\"Y\";s:17:\"HISTORIC_STATUSES\";a:3:{i:0;s:1:\"F\";i:1;s:1:\"N\";i:2;s:1:\"P\";}s:12:\"NAV_TEMPLATE\";s:0:\"\";s:15:\"ORDERS_PER_PAGE\";s:2:\"20\";s:18:\"ORDER_DEFAULT_SORT\";s:2:\"ID\";s:14:\"PATH_TO_BASKET\";s:0:\"\";s:15:\"PATH_TO_CATALOG\";s:0:\"\";s:15:\"PATH_TO_PAYMENT\";s:0:\"\";s:14:\"REFRESH_PRICES\";s:1:\"Y\";s:25:\"RESTRICT_CHANGE_PAYSYSTEM\";a:1:{i:0;s:1:\"F\";}s:15:\"SAVE_IN_SESSION\";s:1:\"N\";s:8:\"SEF_MODE\";s:1:\"N\";s:9:\"SET_TITLE\";s:1:\"N\";s:14:\"STATUS_COLOR_F\";s:4:\"gray\";s:14:\"STATUS_COLOR_N\";s:5:\"green\";s:14:\"STATUS_COLOR_P\";s:6:\"yellow\";s:29:\"STATUS_COLOR_PSEUDO_CANCELLED\";s:3:\"red\";s:14:\"STATUS_COLOR_R\";s:4:\"gray\";}'),
(491, 's1', 'bitrix:sale.personal.order', 'list1', '/service/orders/index.php', 'N', NULL, 98, 921, 'a:24:{s:18:\"ACTIVE_DATE_FORMAT\";s:5:\"d.m.Y\";s:12:\"CACHE_GROUPS\";s:1:\"Y\";s:10:\"CACHE_TIME\";s:4:\"3600\";s:10:\"CACHE_TYPE\";s:1:\"A\";s:19:\"CUSTOM_SELECT_PROPS\";a:1:{i:0;s:0:\"\";}s:21:\"DETAIL_HIDE_USER_INFO\";a:1:{i:0;s:1:\"0\";}s:15:\"DISALLOW_CANCEL\";s:1:\"Y\";s:17:\"HISTORIC_STATUSES\";a:3:{i:0;s:1:\"F\";i:1;s:1:\"N\";i:2;s:1:\"P\";}s:12:\"NAV_TEMPLATE\";s:0:\"\";s:15:\"ORDERS_PER_PAGE\";s:2:\"20\";s:18:\"ORDER_DEFAULT_SORT\";s:2:\"ID\";s:14:\"PATH_TO_BASKET\";s:0:\"\";s:15:\"PATH_TO_CATALOG\";s:0:\"\";s:15:\"PATH_TO_PAYMENT\";s:0:\"\";s:14:\"REFRESH_PRICES\";s:1:\"Y\";s:25:\"RESTRICT_CHANGE_PAYSYSTEM\";a:1:{i:0;s:1:\"F\";}s:15:\"SAVE_IN_SESSION\";s:1:\"N\";s:8:\"SEF_MODE\";s:1:\"N\";s:9:\"SET_TITLE\";s:1:\"N\";s:14:\"STATUS_COLOR_F\";s:4:\"gray\";s:14:\"STATUS_COLOR_N\";s:5:\"green\";s:14:\"STATUS_COLOR_P\";s:6:\"yellow\";s:29:\"STATUS_COLOR_PSEUDO_CANCELLED\";s:3:\"red\";s:14:\"STATUS_COLOR_R\";s:4:\"gray\";}'),
(505, 's1', 'bitrix:sale.order.ajax', 'juliana', '/order/index.php', 'N', NULL, 132, 2698, 'a:69:{s:15:\"ACTION_VARIABLE\";s:10:\"soa-action\";s:23:\"ADDITIONAL_PICT_PROP_10\";s:1:\"-\";s:23:\"ADDITIONAL_PICT_PROP_11\";s:1:\"-\";s:23:\"ADDITIONAL_PICT_PROP_12\";s:1:\"-\";s:18:\"ALLOW_APPEND_ORDER\";s:1:\"Y\";s:19:\"ALLOW_AUTO_REGISTER\";s:1:\"Y\";s:17:\"ALLOW_NEW_PROFILE\";s:1:\"N\";s:19:\"ALLOW_USER_PROFILES\";s:1:\"N\";s:21:\"BASKET_IMAGES_SCALING\";s:8:\"adaptive\";s:15:\"BASKET_POSITION\";s:6:\"before\";s:15:\"COMPATIBLE_MODE\";s:1:\"Y\";s:19:\"DELIVERIES_PER_PAGE\";s:1:\"9\";s:28:\"DELIVERY_FADE_EXTRA_SERVICES\";s:1:\"N\";s:16:\"DELIVERY_NO_AJAX\";s:1:\"N\";s:19:\"DELIVERY_NO_SESSION\";s:1:\"N\";s:21:\"DELIVERY_TO_PAYSYSTEM\";s:3:\"p2d\";s:23:\"DISABLE_BASKET_REDIRECT\";s:1:\"N\";s:22:\"EMPTY_BASKET_HINT_PATH\";s:1:\"/\";s:22:\"HIDE_ORDER_DESCRIPTION\";s:1:\"N\";s:26:\"ONLY_FULL_PAY_FROM_ACCOUNT\";s:1:\"N\";s:12:\"PATH_TO_AUTH\";s:6:\"/auth/\";s:14:\"PATH_TO_BASKET\";s:6:\"/cart/\";s:15:\"PATH_TO_PAYMENT\";s:11:\"payment.php\";s:16:\"PATH_TO_PERSONAL\";s:0:\"\";s:16:\"PAY_FROM_ACCOUNT\";s:1:\"N\";s:20:\"PAY_SYSTEMS_PER_PAGE\";s:1:\"9\";s:16:\"PICKUPS_PER_PAGE\";s:1:\"5\";s:15:\"PICKUP_MAP_TYPE\";s:6:\"yandex\";s:22:\"PRODUCT_COLUMNS_HIDDEN\";a:2:{i:0;s:15:\"PREVIEW_PICTURE\";i:1;s:14:\"PRICE_FORMATED\";}s:23:\"PRODUCT_COLUMNS_VISIBLE\";a:2:{i:0;s:15:\"PREVIEW_PICTURE\";i:1;s:14:\"PRICE_FORMATED\";}s:17:\"PROPS_FADE_LIST_1\";a:3:{i:0;s:1:\"1\";i:1;s:1:\"2\";i:2;s:1:\"3\";}s:20:\"SEND_NEW_USER_NOTIFY\";s:1:\"Y\";s:23:\"SERVICES_IMAGES_SCALING\";s:8:\"adaptive\";s:9:\"SET_TITLE\";s:1:\"Y\";s:19:\"SHOW_BASKET_HEADERS\";s:1:\"Y\";s:12:\"SHOW_COUPONS\";s:1:\"N\";s:19:\"SHOW_COUPONS_BASKET\";s:1:\"Y\";s:21:\"SHOW_COUPONS_DELIVERY\";s:1:\"Y\";s:23:\"SHOW_COUPONS_PAY_SYSTEM\";s:1:\"Y\";s:23:\"SHOW_DELIVERY_INFO_NAME\";s:1:\"N\";s:24:\"SHOW_DELIVERY_LIST_NAMES\";s:1:\"N\";s:26:\"SHOW_DELIVERY_PARENT_NAMES\";s:1:\"N\";s:17:\"SHOW_MAP_IN_PROPS\";s:1:\"N\";s:19:\"SHOW_NEAREST_PICKUP\";s:1:\"N\";s:30:\"SHOW_NOT_CALCULATED_DELIVERIES\";s:1:\"N\";s:17:\"SHOW_ORDER_BUTTON\";s:10:\"final_step\";s:25:\"SHOW_PAY_SYSTEM_INFO_NAME\";s:1:\"Y\";s:26:\"SHOW_PAY_SYSTEM_LIST_NAMES\";s:1:\"Y\";s:15:\"SHOW_PICKUP_MAP\";s:1:\"N\";s:18:\"SHOW_STORES_IMAGES\";s:1:\"N\";s:23:\"SHOW_TOTAL_ORDER_BUTTON\";s:1:\"N\";s:14:\"SHOW_VAT_PRICE\";s:1:\"Y\";s:18:\"SKIP_USELESS_BLOCK\";s:1:\"N\";s:22:\"SPOT_LOCATION_BY_GEOIP\";s:1:\"Y\";s:17:\"TEMPLATE_LOCATION\";s:5:\"popup\";s:14:\"TEMPLATE_THEME\";s:3:\"red\";s:12:\"USER_CONSENT\";s:1:\"Y\";s:15:\"USER_CONSENT_ID\";s:1:\"1\";s:23:\"USER_CONSENT_IS_CHECKED\";s:1:\"Y\";s:22:\"USER_CONSENT_IS_LOADED\";s:1:\"N\";s:30:\"USE_CUSTOM_ADDITIONAL_MESSAGES\";s:1:\"N\";s:25:\"USE_CUSTOM_ERROR_MESSAGES\";s:1:\"N\";s:24:\"USE_CUSTOM_MAIN_MESSAGES\";s:1:\"N\";s:22:\"USE_ENHANCED_ECOMMERCE\";s:1:\"N\";s:23:\"USE_PHONE_NORMALIZATION\";s:1:\"Y\";s:11:\"USE_PRELOAD\";s:1:\"N\";s:14:\"USE_PREPAYMENT\";s:1:\"N\";s:12:\"USE_YM_GOALS\";s:1:\"N\";s:18:\"COMPONENT_TEMPLATE\";s:7:\"juliana\";}'),
(514, 's1', 'bitrix:main.userconsent.request', '', '/bitrix/templates/territoryt/components/bitrix/sale.order.ajax/juliana/template.php', 'N', NULL, 19146, 19738, 'a:6:{s:2:\"ID\";s:31:\"={$arParams[\"USER_CONSENT_ID\"]}\";s:10:\"IS_CHECKED\";s:39:\"={$arParams[\"USER_CONSENT_IS_CHECKED\"]}\";s:9:\"IS_LOADED\";s:38:\"={$arParams[\"USER_CONSENT_IS_LOADED\"]}\";s:9:\"AUTO_SAVE\";s:1:\"N\";s:17:\"SUBMIT_EVENT_NAME\";s:17:\"bx-soa-order-save\";s:7:\"REPLACE\";a:2:{s:14:\"button_caption\";s:83:\"={isset($arParams[\"~MESS_ORDER\"])?$arParams[\"~MESS_ORDER\"]:$arParams[\"MESS_ORDER\"]}\";s:6:\"fields\";s:42:\"={$arResult[\"USER_CONSENT_PROPERTY_DATA\"]}\";}}'),
(515, 's1', 'bitrix:socserv.auth.form', 'flat', '/bitrix/templates/territoryt/components/bitrix/sale.order.ajax/juliana/template.php', 'N', NULL, 21582, 21856, 'a:3:{s:13:\"AUTH_SERVICES\";s:14:\"={$arServices}\";s:8:\"AUTH_URL\";s:29:\"={$arParams[\"~CURRENT_PAGE\"]}\";s:4:\"POST\";s:20:\"={$arResult[\"POST\"]}\";}'),
(516, 's1', 'bitrix:sale.location.selector.steps', '.default', '/bitrix/templates/territoryt/components/bitrix/sale.order.ajax/juliana/template.php', 'N', NULL, 22043, 22157, 'a:0:{}'),
(517, 's1', 'bitrix:sale.location.selector.search', '.default', '/bitrix/templates/territoryt/components/bitrix/sale.order.ajax/juliana/template.php', 'N', NULL, 22160, 22275, 'a:0:{}'),
(519, 's1', 'bitrix:sale.personal.section', '', '/personal/index.php', 'Y', '/personal/', 111, 2037, 'a:49:{s:38:\"ACCOUNT_PAYMENT_ELIMINATED_PAY_SYSTEMS\";a:1:{i:0;s:1:\"0\";}s:27:\"ACCOUNT_PAYMENT_PERSON_TYPE\";s:1:\"1\";s:38:\"ACCOUNT_PAYMENT_SELL_SHOW_FIXED_VALUES\";s:1:\"Y\";s:26:\"ACCOUNT_PAYMENT_SELL_TOTAL\";a:6:{i:0;s:3:\"100\";i:1;s:3:\"200\";i:2;s:3:\"500\";i:3;s:4:\"1000\";i:4;s:4:\"5000\";i:5;s:0:\"\";}s:31:\"ACCOUNT_PAYMENT_SELL_USER_INPUT\";s:1:\"N\";s:18:\"ACTIVE_DATE_FORMAT\";s:5:\"d.m.Y\";s:11:\"ALLOW_INNER\";s:1:\"N\";s:12:\"CACHE_GROUPS\";s:1:\"Y\";s:10:\"CACHE_TIME\";s:4:\"3600\";s:10:\"CACHE_TYPE\";s:1:\"A\";s:20:\"CHECK_RIGHTS_PRIVATE\";s:1:\"N\";s:32:\"COMPATIBLE_LOCATION_MODE_PROFILE\";s:1:\"N\";s:12:\"CUSTOM_PAGES\";s:0:\"\";s:19:\"CUSTOM_SELECT_PROPS\";a:1:{i:0;s:0:\"\";}s:15:\"MAIN_CHAIN_NAME\";s:21:\"Мой кабинет\";s:12:\"NAV_TEMPLATE\";s:0:\"\";s:15:\"ONLY_INNER_FULL\";s:1:\"N\";s:15:\"ORDERS_PER_PAGE\";s:2:\"20\";s:18:\"ORDER_DEFAULT_SORT\";s:2:\"ID\";s:21:\"ORDER_DISALLOW_CANCEL\";s:1:\"Y\";s:20:\"ORDER_HIDE_USER_INFO\";a:1:{i:0;s:1:\"0\";}s:23:\"ORDER_HISTORIC_STATUSES\";a:1:{i:0;s:1:\"F\";}s:20:\"ORDER_REFRESH_PRICES\";s:1:\"N\";s:31:\"ORDER_RESTRICT_CHANGE_PAYSYSTEM\";a:4:{i:0;s:1:\"N\";i:1;s:1:\"R\";i:2;s:1:\"P\";i:3;s:1:\"F\";}s:14:\"PATH_TO_BASKET\";s:6:\"/cart/\";s:15:\"PATH_TO_CATALOG\";s:9:\"/catalog/\";s:15:\"PATH_TO_CONTACT\";s:0:\"\";s:15:\"PATH_TO_PAYMENT\";s:24:\"/personal/order/payment/\";s:8:\"PER_PAGE\";s:2:\"20\";s:17:\"PROFILES_PER_PAGE\";s:2:\"20\";s:6:\"PROP_1\";N;s:6:\"PROP_2\";N;s:15:\"SAVE_IN_SESSION\";s:1:\"Y\";s:10:\"SEF_FOLDER\";s:10:\"/personal/\";s:8:\"SEF_MODE\";s:1:\"Y\";s:17:\"SEF_URL_TEMPLATES\";a:9:{s:7:\"account\";s:0:\"\";s:5:\"index\";s:9:\"index.php\";s:12:\"order_cancel\";s:0:\"\";s:12:\"order_detail\";s:6:\"/#ID#/\";s:6:\"orders\";s:9:\"index.php\";s:7:\"private\";s:0:\"\";s:7:\"profile\";s:0:\"\";s:14:\"profile_detail\";s:0:\"\";s:9:\"subscribe\";s:0:\"\";}s:17:\"SEND_INFO_PRIVATE\";s:1:\"N\";s:9:\"SET_TITLE\";s:1:\"Y\";s:22:\"SHOW_ACCOUNT_COMPONENT\";s:1:\"Y\";s:17:\"SHOW_ACCOUNT_PAGE\";s:1:\"N\";s:26:\"SHOW_ACCOUNT_PAY_COMPONENT\";s:1:\"Y\";s:16:\"SHOW_BASKET_PAGE\";s:1:\"N\";s:17:\"SHOW_CONTACT_PAGE\";s:1:\"N\";s:15:\"SHOW_ORDER_PAGE\";s:1:\"Y\";s:17:\"SHOW_PRIVATE_PAGE\";s:1:\"N\";s:17:\"SHOW_PROFILE_PAGE\";s:1:\"N\";s:19:\"SHOW_SUBSCRIBE_PAGE\";s:1:\"N\";s:21:\"USER_PROPERTY_PRIVATE\";N;s:26:\"USE_AJAX_LOCATIONS_PROFILE\";s:1:\"N\";}'),
(523, 's1', 'bitrix:sale.personal.section', '.default', '/service/orders/personal/index.php', 'Y', '/personal/', 272, 2576, 'a:51:{s:38:\"ACCOUNT_PAYMENT_ELIMINATED_PAY_SYSTEMS\";a:1:{i:0;s:1:\"0\";}s:27:\"ACCOUNT_PAYMENT_PERSON_TYPE\";s:1:\"1\";s:29:\"ACCOUNT_PAYMENT_SELL_CURRENCY\";s:3:\"RUB\";s:38:\"ACCOUNT_PAYMENT_SELL_SHOW_FIXED_VALUES\";s:1:\"Y\";s:26:\"ACCOUNT_PAYMENT_SELL_TOTAL\";a:6:{i:0;s:3:\"100\";i:1;s:3:\"200\";i:2;s:3:\"500\";i:3;s:4:\"1000\";i:4;s:4:\"5000\";i:5;s:0:\"\";}s:31:\"ACCOUNT_PAYMENT_SELL_USER_INPUT\";s:1:\"N\";s:18:\"ACTIVE_DATE_FORMAT\";s:5:\"d.m.Y\";s:12:\"CACHE_GROUPS\";s:1:\"Y\";s:10:\"CACHE_TIME\";s:4:\"3600\";s:10:\"CACHE_TYPE\";s:1:\"A\";s:20:\"CHECK_RIGHTS_PRIVATE\";s:1:\"N\";s:32:\"COMPATIBLE_LOCATION_MODE_PROFILE\";s:1:\"N\";s:18:\"COMPONENT_TEMPLATE\";s:8:\".default\";s:20:\"COMPOSITE_FRAME_MODE\";s:1:\"A\";s:20:\"COMPOSITE_FRAME_TYPE\";s:4:\"AUTO\";s:12:\"CUSTOM_PAGES\";s:0:\"\";s:19:\"CUSTOM_SELECT_PROPS\";N;s:12:\"NAV_TEMPLATE\";s:0:\"\";s:23:\"ORDER_HISTORIC_STATUSES\";a:1:{i:0;s:1:\"F\";}s:14:\"PATH_TO_BASKET\";s:6:\"/cart/\";s:15:\"PATH_TO_CATALOG\";s:9:\"/catalog/\";s:15:\"PATH_TO_CONTACT\";s:10:\"/contacts/\";s:15:\"PATH_TO_PAYMENT\";s:14:\"order/payment/\";s:8:\"PER_PAGE\";s:2:\"20\";s:6:\"PROP_1\";N;s:6:\"PROP_2\";N;s:15:\"SAVE_IN_SESSION\";s:1:\"Y\";s:10:\"SEF_FOLDER\";s:10:\"/personal/\";s:8:\"SEF_MODE\";s:1:\"Y\";s:17:\"SEND_INFO_PRIVATE\";s:1:\"N\";s:9:\"SET_TITLE\";s:1:\"Y\";s:22:\"SHOW_ACCOUNT_COMPONENT\";s:1:\"Y\";s:17:\"SHOW_ACCOUNT_PAGE\";s:1:\"N\";s:26:\"SHOW_ACCOUNT_PAY_COMPONENT\";s:1:\"Y\";s:16:\"SHOW_BASKET_PAGE\";s:1:\"N\";s:17:\"SHOW_CONTACT_PAGE\";s:1:\"N\";s:15:\"SHOW_ORDER_PAGE\";s:1:\"Y\";s:17:\"SHOW_PRIVATE_PAGE\";s:1:\"N\";s:17:\"SHOW_PROFILE_PAGE\";s:1:\"N\";s:19:\"SHOW_SUBSCRIBE_PAGE\";s:1:\"N\";s:21:\"USER_PROPERTY_PRIVATE\";s:0:\"\";s:26:\"USE_AJAX_LOCATIONS_PROFILE\";s:1:\"N\";s:20:\"ORDER_HIDE_USER_INFO\";a:1:{i:0;s:1:\"0\";}s:31:\"ORDER_RESTRICT_CHANGE_PAYSYSTEM\";a:4:{i:0;s:1:\"N\";i:1;s:1:\"R\";i:2;s:1:\"P\";i:3;s:1:\"F\";}s:18:\"ORDER_DEFAULT_SORT\";s:2:\"ID\";s:20:\"ORDER_REFRESH_PRICES\";s:1:\"N\";s:21:\"ORDER_DISALLOW_CANCEL\";s:1:\"Y\";s:15:\"ORDERS_PER_PAGE\";s:2:\"20\";s:17:\"PROFILES_PER_PAGE\";s:2:\"20\";s:15:\"MAIN_CHAIN_NAME\";s:21:\"Мой кабинет\";s:17:\"SEF_URL_TEMPLATES\";a:9:{s:5:\"index\";s:9:\"index.php\";s:6:\"orders\";s:7:\"orders/\";s:7:\"account\";s:8:\"account/\";s:9:\"subscribe\";s:10:\"subscribe/\";s:7:\"profile\";s:9:\"profiles/\";s:14:\"profile_detail\";s:13:\"profiles/#ID#\";s:7:\"private\";s:8:\"private/\";s:12:\"order_detail\";s:12:\"orders/#ID#/\";s:12:\"order_cancel\";s:12:\"cancel/#ID#/\";}}'),
(577, 's1', 'bitrix:form', 'popup', '/ajax/form.php', 'N', NULL, 706, 1617, 'a:28:{s:12:\"PRODUCT_NAME\";s:16:\"={$product_name}\";s:12:\"PRODUCT_LINK\";s:16:\"={$product_link}\";s:9:\"AJAX_MODE\";s:1:\"Y\";s:8:\"SEF_MODE\";s:1:\"N\";s:11:\"WEB_FORM_ID\";s:11:\"={$form_id}\";s:10:\"START_PAGE\";s:3:\"new\";s:14:\"SHOW_LIST_PAGE\";s:1:\"N\";s:14:\"SHOW_EDIT_PAGE\";s:1:\"N\";s:14:\"SHOW_VIEW_PAGE\";s:1:\"N\";s:11:\"SUCCESS_URL\";s:0:\"\";s:17:\"SHOW_ANSWER_VALUE\";s:1:\"N\";s:15:\"SHOW_ADDITIONAL\";s:1:\"N\";s:11:\"SHOW_STATUS\";s:1:\"N\";s:15:\"EDIT_ADDITIONAL\";s:1:\"N\";s:11:\"EDIT_STATUS\";s:1:\"Y\";s:15:\"NOT_SHOW_FILTER\";s:0:\"\";s:14:\"NOT_SHOW_TABLE\";s:0:\"\";s:15:\"CHAIN_ITEM_TEXT\";s:0:\"\";s:15:\"CHAIN_ITEM_LINK\";s:0:\"\";s:22:\"IGNORE_CUSTOM_TEMPLATE\";s:1:\"N\";s:19:\"USE_EXTENDED_ERRORS\";s:1:\"Y\";s:12:\"CACHE_GROUPS\";s:1:\"N\";s:10:\"CACHE_TYPE\";s:1:\"A\";s:10:\"CACHE_TIME\";s:7:\"3600000\";s:16:\"AJAX_OPTION_JUMP\";s:1:\"N\";s:17:\"AJAX_OPTION_STYLE\";s:1:\"Y\";s:19:\"AJAX_OPTION_HISTORY\";s:1:\"N\";s:16:\"VARIABLE_ALIASES\";a:1:{s:6:\"action\";s:6:\"action\";}}'),
(582, 's1', 'bitrix:main.userconsent.request', '', '/bitrix/templates/territoryt/components/bitrix/form.result.new/popup/template.php', 'N', NULL, 2961, 3328, 'a:6:{s:2:\"ID\";s:1:\"1\";s:10:\"IS_CHECKED\";s:1:\"N\";s:9:\"IS_LOADED\";s:1:\"Y\";s:9:\"AUTO_SAVE\";s:1:\"Y\";s:17:\"SUBMIT_EVENT_NAME\";s:10:\"agreeOrder\";s:7:\"REPLACE\";a:2:{s:14:\"button_caption\";s:18:\"Отправить\";s:6:\"fields\";a:3:{i:0;s:15:\"Ваше имя\";i:1;s:13:\"Ваш e-mail\";i:2;s:21:\"Ваш телефон\";}}}'),
(600, 's1', 'bitrix:main.userconsent.request', 'tt', '/local/components/ttepla/cart/templates/.default/template.php', 'N', NULL, 1740, 2308, 'a:6:{s:2:\"ID\";s:1:\"1\";s:10:\"IS_CHECKED\";s:1:\"Y\";s:9:\"IS_LOADED\";s:1:\"Y\";s:9:\"AUTO_SAVE\";s:1:\"Y\";s:17:\"SUBMIT_EVENT_NAME\";s:10:\"agreeOrder\";s:7:\"REPLACE\";a:2:{s:14:\"button_caption\";s:16:\"Заказать\";s:6:\"fields\";a:5:{i:0;s:15:\"Ваше имя\";i:1;s:13:\"Ваш e-mail\";i:2;s:21:\"Ваш телефон\";i:3;s:27:\"Адрес доставки\";i:4;s:48:\"ФИО владельца сертификата\";}}}'),
(614, 's1', 'ttepla:catalog.detail', '', '/bitrix/templates/territoryt/components/ttepla/catalog/template1/template.php', 'N', NULL, 231, 454, 'a:3:{s:9:\"IBLOCK_ID\";s:25:\"={$arParams[\"IBLOCK_ID\"]}\";s:10:\"SEF_FOLDER\";s:26:\"={$arParams[\"SEF_FOLDER\"]}\";s:12:\"ELEMENT_CODE\";s:28:\"={$arResult[\"ELEMENT_CODE\"]}\";}'),
(615, 's1', 'bitrix:catalog.smart.filter', '.default', '/bitrix/templates/territoryt/components/ttepla/catalog/template1/template.php', 'N', NULL, 624, 1513, 'a:24:{s:12:\"CACHE_GROUPS\";s:1:\"Y\";s:10:\"CACHE_TIME\";s:8:\"36000000\";s:10:\"CACHE_TYPE\";s:1:\"A\";s:16:\"CONVERT_CURRENCY\";s:1:\"Y\";s:11:\"CURRENCY_ID\";s:3:\"RUB\";s:21:\"DISPLAY_ELEMENT_COUNT\";s:1:\"Y\";s:11:\"FILTER_NAME\";s:9:\"arrFilter\";s:16:\"FILTER_VIEW_MODE\";s:8:\"vertical\";s:18:\"HIDE_NOT_AVAILABLE\";s:1:\"Y\";s:9:\"IBLOCK_ID\";s:2:\"11\";s:11:\"IBLOCK_TYPE\";s:10:\"1c_catalog\";s:17:\"PAGER_PARAMS_NAME\";s:8:\"arrPager\";s:14:\"POPUP_POSITION\";s:4:\"left\";s:14:\"PREFILTER_NAME\";s:14:\"smartPreFilter\";s:10:\"PRICE_CODE\";a:1:{i:0;s:104:\"УТК_Металлопрокат разовые заказы типовые правила продаж\";}s:15:\"SAVE_IN_SESSION\";s:1:\"N\";s:12:\"SECTION_CODE\";s:0:\"\";s:19:\"SECTION_DESCRIPTION\";s:1:\"-\";s:10:\"SECTION_ID\";s:26:\"={$_REQUEST[\"SECTION_ID\"]}\";s:13:\"SECTION_TITLE\";s:1:\"-\";s:8:\"SEF_MODE\";s:1:\"N\";s:14:\"TEMPLATE_THEME\";s:3:\"red\";s:10:\"XML_EXPORT\";s:1:\"N\";s:18:\"COMPONENT_TEMPLATE\";s:8:\".default\";}'),
(616, 's1', 'ttepla:catalog.list', '', '/bitrix/templates/territoryt/components/ttepla/catalog/template1/template.php', 'N', NULL, 1516, 1785, 'a:4:{s:9:\"IBLOCK_ID\";s:25:\"={$arParams[\"IBLOCK_ID\"]}\";s:10:\"SEF_FOLDER\";s:26:\"={$arParams[\"SEF_FOLDER\"]}\";s:12:\"SECTION_CODE\";s:28:\"={$arResult[\"SECTION_CODE\"]}\";s:12:\"ELEMENT_CODE\";s:28:\"={$arResult[\"ELEMENT_CODE\"]}\";}'),
(617, 's1', 'bitrix:catalog.smart.filter', '.default', '/bitrix/templates/territoryt/components/ttepla/catalog/template1/template.php', 'N', NULL, 1796, 2685, 'a:24:{s:12:\"CACHE_GROUPS\";s:1:\"Y\";s:10:\"CACHE_TIME\";s:8:\"36000000\";s:10:\"CACHE_TYPE\";s:1:\"A\";s:16:\"CONVERT_CURRENCY\";s:1:\"Y\";s:11:\"CURRENCY_ID\";s:3:\"RUB\";s:21:\"DISPLAY_ELEMENT_COUNT\";s:1:\"Y\";s:11:\"FILTER_NAME\";s:9:\"arrFilter\";s:16:\"FILTER_VIEW_MODE\";s:8:\"vertical\";s:18:\"HIDE_NOT_AVAILABLE\";s:1:\"Y\";s:9:\"IBLOCK_ID\";s:2:\"11\";s:11:\"IBLOCK_TYPE\";s:10:\"1c_catalog\";s:17:\"PAGER_PARAMS_NAME\";s:8:\"arrPager\";s:14:\"POPUP_POSITION\";s:4:\"left\";s:14:\"PREFILTER_NAME\";s:14:\"smartPreFilter\";s:10:\"PRICE_CODE\";a:1:{i:0;s:104:\"УТК_Металлопрокат разовые заказы типовые правила продаж\";}s:15:\"SAVE_IN_SESSION\";s:1:\"N\";s:12:\"SECTION_CODE\";s:0:\"\";s:19:\"SECTION_DESCRIPTION\";s:1:\"-\";s:10:\"SECTION_ID\";s:26:\"={$_REQUEST[\"SECTION_ID\"]}\";s:13:\"SECTION_TITLE\";s:1:\"-\";s:8:\"SEF_MODE\";s:1:\"N\";s:14:\"TEMPLATE_THEME\";s:3:\"red\";s:10:\"XML_EXPORT\";s:1:\"N\";s:18:\"COMPONENT_TEMPLATE\";s:8:\".default\";}'),
(618, 's1', 'ttepla:catalog.list', '', '/bitrix/templates/territoryt/components/ttepla/catalog/template1/template.php', 'N', NULL, 2687, 2860, 'a:2:{s:9:\"IBLOCK_ID\";s:25:\"={$arParams[\"IBLOCK_ID\"]}\";s:10:\"SEF_FOLDER\";s:26:\"={$arParams[\"SEF_FOLDER\"]}\";}'),
(619, 's1', 'ttepla:catalog', 'template1', '/catalog/test.php', 'Y', '/catalog/', 166, 522, 'a:4:{s:9:\"IBLOCK_ID\";s:2:\"11\";s:10:\"SEF_FOLDER\";s:9:\"/catalog/\";s:8:\"SEF_MODE\";s:1:\"Y\";s:17:\"SEF_URL_TEMPLATES\";a:2:{s:7:\"section\";s:15:\"#SECTION_CODE#/\";s:6:\"detail\";s:30:\"#SECTION_CODE#/#ELEMENT_CODE#/\";}}'),
(620, 's1', 'ttepla:certificats', '.default', '/contacts.php', 'N', NULL, 224, 454, 'a:4:{s:18:\"COMPONENT_TEMPLATE\";s:8:\".default\";s:20:\"COMPOSITE_FRAME_MODE\";s:1:\"A\";s:20:\"COMPOSITE_FRAME_TYPE\";s:4:\"AUTO\";s:11:\"IELEMENT_ID\";a:2:{i:0;s:3:\"392\";i:1;s:0:\"\";}}'),
(621, 's1', 'ttepla:certificats', '', '/contacts.php', 'N', NULL, 1085, 1201, 'a:2:{s:9:\"IBLOCK_ID\";s:1:\"9\";s:11:\"IELEMENT_ID\";s:3:\"389\";}'),
(675, 's1', 'bitrix:breadcrumb', '.default', '/local/components/ttepla/catalog.list/templates/.default/template.php', 'N', NULL, 248, 435, 'a:4:{s:10:\"START_FROM\";s:1:\"0\";s:4:\"PATH\";s:0:\"\";s:7:\"SITE_ID\";s:2:\"s1\";s:18:\"COMPONENT_TEMPLATE\";s:8:\".default\";}'),
(676, 's1', 'bitrix:catalog.section.list', 'catalogNew', '/local/components/ttepla/catalog.list/templates/.default/template.php', 'N', NULL, 7853, 8637, 'a:21:{s:18:\"ADD_SECTIONS_CHAIN\";s:1:\"Y\";s:12:\"CACHE_FILTER\";s:1:\"N\";s:12:\"CACHE_GROUPS\";s:1:\"Y\";s:10:\"CACHE_TIME\";s:8:\"36000000\";s:10:\"CACHE_TYPE\";s:1:\"A\";s:18:\"COMPONENT_TEMPLATE\";s:10:\"catalogNew\";s:20:\"COMPOSITE_FRAME_MODE\";s:1:\"A\";s:20:\"COMPOSITE_FRAME_TYPE\";s:4:\"AUTO\";s:14:\"COUNT_ELEMENTS\";s:1:\"N\";s:9:\"IBLOCK_ID\";s:2:\"11\";s:11:\"IBLOCK_TYPE\";s:15:\"d2mg_orderscall\";s:10:\"SECTION_ID\";s:10:\"={$sec_id}\";s:16:\"SHOW_PARENT_NAME\";s:1:\"Y\";s:9:\"TOP_DEPTH\";s:2:\"10\";s:9:\"VIEW_MODE\";s:4:\"LINE\";s:12:\"SECTION_CODE\";s:0:\"\";s:21:\"COUNT_ELEMENTS_FILTER\";s:10:\"CNT_ACTIVE\";s:14:\"SECTION_FIELDS\";a:2:{i:0;s:0:\"\";i:1;s:0:\"\";}s:19:\"SECTION_USER_FIELDS\";a:2:{i:0;s:0:\"\";i:1;s:0:\"\";}s:11:\"FILTER_NAME\";s:14:\"sectionsFilter\";s:11:\"SECTION_URL\";s:0:\"\";}'),
(712, 's1', 'bitrix:menu', 'main', '/bitrix/templates/territoryt/header.php', 'N', NULL, 5830, 6224, 'a:11:{s:18:\"COMPONENT_TEMPLATE\";s:4:\"main\";s:14:\"ROOT_MENU_TYPE\";s:3:\"top\";s:15:\"MENU_CACHE_TYPE\";s:1:\"N\";s:15:\"MENU_CACHE_TIME\";s:4:\"3600\";s:21:\"MENU_CACHE_USE_GROUPS\";s:1:\"Y\";s:19:\"MENU_CACHE_GET_VARS\";N;s:9:\"MAX_LEVEL\";s:1:\"1\";s:15:\"CHILD_MENU_TYPE\";s:4:\"left\";s:7:\"USE_EXT\";s:1:\"Y\";s:5:\"DELAY\";s:1:\"N\";s:18:\"ALLOW_MULTI_SELECT\";s:1:\"N\";}'),
(713, 's1', 'bitrix:main.include', '.default', '/bitrix/templates/territoryt/footer.php', 'N', NULL, 459, 685, 'a:4:{s:14:\"AREA_FILE_SHOW\";s:4:\"file\";s:16:\"AREA_FILE_SUFFIX\";s:3:\"inc\";s:18:\"COMPONENT_TEMPLATE\";s:8:\".default\";s:4:\"PATH\";s:21:\"/includes/address.php\";}'),
(714, 's1', 'bitrix:main.include', '.default', '/bitrix/templates/territoryt/footer.php', 'N', NULL, 727, 951, 'a:4:{s:14:\"AREA_FILE_SHOW\";s:4:\"file\";s:16:\"AREA_FILE_SUFFIX\";s:3:\"inc\";s:18:\"COMPONENT_TEMPLATE\";s:8:\".default\";s:4:\"PATH\";s:19:\"/includes/phone.php\";}'),
(715, 's1', 'bitrix:main.include', '.default', '/bitrix/templates/territoryt/footer.php', 'N', NULL, 1282, 1505, 'a:4:{s:14:\"AREA_FILE_SHOW\";s:4:\"file\";s:16:\"AREA_FILE_SUFFIX\";s:3:\"inc\";s:18:\"COMPONENT_TEMPLATE\";s:8:\".default\";s:4:\"PATH\";s:18:\"/includes/mail.php\";}'),
(716, 's1', 'bitrix:main.include', '.default', '/bitrix/templates/territoryt/footer.php', 'N', NULL, 1524, 1747, 'a:4:{s:14:\"AREA_FILE_SHOW\";s:4:\"file\";s:16:\"AREA_FILE_SUFFIX\";s:3:\"inc\";s:18:\"COMPONENT_TEMPLATE\";s:8:\".default\";s:4:\"PATH\";s:18:\"/includes/days.php\";}'),
(723, 's1', 'ttepla:catalog', '', '/catalog/index.php', 'Y', '/catalog/', 167, 416, 'a:4:{s:9:\"IBLOCK_ID\";s:2:\"11\";s:10:\"SEF_FOLDER\";s:9:\"/catalog/\";s:8:\"SEF_MODE\";s:1:\"Y\";s:17:\"SEF_URL_TEMPLATES\";a:2:{s:7:\"section\";s:15:\"#SECTION_CODE#/\";s:6:\"detail\";s:30:\"#SECTION_CODE#/#ELEMENT_CODE#/\";}}'),
(724, 's1', 'bitrix:menu', '', '/catalog/index.php', 'N', NULL, 467, 815, 'a:10:{s:18:\"ALLOW_MULTI_SELECT\";s:1:\"N\";s:15:\"CHILD_MENU_TYPE\";s:4:\"left\";s:5:\"DELAY\";s:1:\"N\";s:9:\"MAX_LEVEL\";s:1:\"1\";s:19:\"MENU_CACHE_GET_VARS\";a:1:{i:0;s:0:\"\";}s:15:\"MENU_CACHE_TIME\";s:4:\"3600\";s:15:\"MENU_CACHE_TYPE\";s:1:\"N\";s:21:\"MENU_CACHE_USE_GROUPS\";s:1:\"Y\";s:14:\"ROOT_MENU_TYPE\";s:4:\"left\";s:7:\"USE_EXT\";s:1:\"N\";}'),
(735, 's1', 'bitrix:catalog.section.list', '', '/catalog/test1.php', 'N', NULL, 98, 719, 'a:18:{s:18:\"ADD_SECTIONS_CHAIN\";s:1:\"Y\";s:12:\"CACHE_FILTER\";s:1:\"N\";s:12:\"CACHE_GROUPS\";s:1:\"Y\";s:10:\"CACHE_TIME\";s:8:\"36000000\";s:10:\"CACHE_TYPE\";s:1:\"A\";s:14:\"COUNT_ELEMENTS\";s:1:\"Y\";s:21:\"COUNT_ELEMENTS_FILTER\";s:10:\"CNT_ACTIVE\";s:11:\"FILTER_NAME\";s:14:\"sectionsFilter\";s:9:\"IBLOCK_ID\";s:2:\"11\";s:11:\"IBLOCK_TYPE\";s:10:\"1c_catalog\";s:12:\"SECTION_CODE\";s:0:\"\";s:14:\"SECTION_FIELDS\";a:2:{i:0;s:0:\"\";i:1;s:0:\"\";}s:10:\"SECTION_ID\";s:26:\"={$_REQUEST[\"SECTION_ID\"]}\";s:11:\"SECTION_URL\";s:0:\"\";s:19:\"SECTION_USER_FIELDS\";a:2:{i:0;s:0:\"\";i:1;s:0:\"\";}s:16:\"SHOW_PARENT_NAME\";s:1:\"Y\";s:9:\"TOP_DEPTH\";s:1:\"2\";s:9:\"VIEW_MODE\";s:4:\"LINE\";}'),
(736, 's1', 'bitrix:catalog.search', '', '/catalog/test1.php', 'N', NULL, 723, 2576, 'a:56:{s:15:\"ACTION_VARIABLE\";s:6:\"action\";s:9:\"AJAX_MODE\";s:1:\"N\";s:22:\"AJAX_OPTION_ADDITIONAL\";s:0:\"\";s:19:\"AJAX_OPTION_HISTORY\";s:1:\"N\";s:16:\"AJAX_OPTION_JUMP\";s:1:\"N\";s:17:\"AJAX_OPTION_STYLE\";s:1:\"Y\";s:10:\"BASKET_URL\";s:20:\"/personal/basket.php\";s:10:\"CACHE_TIME\";s:8:\"36000000\";s:10:\"CACHE_TYPE\";s:1:\"A\";s:11:\"CHECK_DATES\";s:1:\"N\";s:16:\"CONVERT_CURRENCY\";s:1:\"N\";s:10:\"DETAIL_URL\";s:0:\"\";s:20:\"DISPLAY_BOTTOM_PAGER\";s:1:\"Y\";s:15:\"DISPLAY_COMPARE\";s:1:\"N\";s:17:\"DISPLAY_TOP_PAGER\";s:1:\"N\";s:18:\"ELEMENT_SORT_FIELD\";s:4:\"sort\";s:19:\"ELEMENT_SORT_FIELD2\";s:2:\"id\";s:18:\"ELEMENT_SORT_ORDER\";s:3:\"asc\";s:19:\"ELEMENT_SORT_ORDER2\";s:4:\"desc\";s:18:\"HIDE_NOT_AVAILABLE\";s:1:\"N\";s:25:\"HIDE_NOT_AVAILABLE_OFFERS\";s:1:\"N\";s:9:\"IBLOCK_ID\";s:2:\"11\";s:11:\"IBLOCK_TYPE\";s:10:\"1c_catalog\";s:18:\"LINE_ELEMENT_COUNT\";s:1:\"3\";s:13:\"NO_WORD_LOGIC\";s:1:\"N\";s:22:\"OFFERS_CART_PROPERTIES\";N;s:17:\"OFFERS_FIELD_CODE\";a:2:{i:0;s:0:\"\";i:1;s:0:\"\";}s:12:\"OFFERS_LIMIT\";s:1:\"5\";s:20:\"OFFERS_PROPERTY_CODE\";a:2:{i:0;s:0:\"\";i:1;s:0:\"\";}s:17:\"OFFERS_SORT_FIELD\";s:4:\"sort\";s:18:\"OFFERS_SORT_FIELD2\";s:2:\"id\";s:17:\"OFFERS_SORT_ORDER\";s:3:\"asc\";s:18:\"OFFERS_SORT_ORDER2\";s:4:\"desc\";s:20:\"PAGER_DESC_NUMBERING\";s:1:\"N\";s:31:\"PAGER_DESC_NUMBERING_CACHE_TIME\";s:5:\"36000\";s:14:\"PAGER_SHOW_ALL\";s:1:\"N\";s:17:\"PAGER_SHOW_ALWAYS\";s:1:\"N\";s:14:\"PAGER_TEMPLATE\";s:8:\".default\";s:11:\"PAGER_TITLE\";s:12:\"Товары\";s:18:\"PAGE_ELEMENT_COUNT\";s:2:\"30\";s:10:\"PRICE_CODE\";N;s:17:\"PRICE_VAT_INCLUDE\";s:1:\"Y\";s:19:\"PRODUCT_ID_VARIABLE\";s:2:\"id\";s:18:\"PRODUCT_PROPERTIES\";N;s:22:\"PRODUCT_PROPS_VARIABLE\";s:4:\"prop\";s:25:\"PRODUCT_QUANTITY_VARIABLE\";s:8:\"quantity\";s:13:\"PROPERTY_CODE\";a:2:{i:0;s:0:\"\";i:1;s:0:\"\";}s:7:\"RESTART\";s:1:\"N\";s:19:\"SECTION_ID_VARIABLE\";s:10:\"SECTION_ID\";s:11:\"SECTION_URL\";s:0:\"\";s:16:\"SHOW_PRICE_COUNT\";s:1:\"1\";s:18:\"USE_LANGUAGE_GUESS\";s:1:\"Y\";s:15:\"USE_PRICE_COUNT\";s:1:\"N\";s:20:\"USE_PRODUCT_QUANTITY\";s:1:\"N\";s:23:\"USE_SEARCH_RESULT_ORDER\";s:1:\"N\";s:14:\"USE_TITLE_RANK\";s:1:\"N\";}'),
(741, 's1', 'ttepla:catalog.list', '', '/shoplist/index.php', 'Y', '/catalog/', 166, 419, 'a:4:{s:9:\"IBLOCK_ID\";s:2:\"11\";s:10:\"SEF_FOLDER\";s:9:\"/catalog/\";s:8:\"SEF_MODE\";s:1:\"Y\";s:17:\"SEF_URL_TEMPLATES\";a:2:{s:6:\"detail\";s:30:\"#SECTION_CODE#/#ELEMENT_CODE#/\";s:7:\"section\";s:15:\"#SECTION_CODE#/\";}}'),
(748, 's1', 'bitrix:news.list', 'razovoe_tarifs', '/tariffs/tarify-na-razovoe-obsluzhivanie/index.php', 'N', NULL, 2653, 4301, 'a:51:{s:18:\"ACTIVE_DATE_FORMAT\";s:5:\"d.m.Y\";s:18:\"ADD_SECTIONS_CHAIN\";s:1:\"N\";s:9:\"AJAX_MODE\";s:1:\"N\";s:22:\"AJAX_OPTION_ADDITIONAL\";s:0:\"\";s:19:\"AJAX_OPTION_HISTORY\";s:1:\"N\";s:16:\"AJAX_OPTION_JUMP\";s:1:\"N\";s:17:\"AJAX_OPTION_STYLE\";s:1:\"Y\";s:12:\"CACHE_FILTER\";s:1:\"N\";s:12:\"CACHE_GROUPS\";s:1:\"Y\";s:10:\"CACHE_TIME\";s:8:\"36000000\";s:10:\"CACHE_TYPE\";s:1:\"A\";s:11:\"CHECK_DATES\";s:1:\"Y\";s:10:\"DETAIL_URL\";s:0:\"\";s:20:\"DISPLAY_BOTTOM_PAGER\";s:1:\"N\";s:12:\"DISPLAY_DATE\";s:1:\"N\";s:12:\"DISPLAY_NAME\";s:1:\"Y\";s:15:\"DISPLAY_PICTURE\";s:1:\"N\";s:20:\"DISPLAY_PREVIEW_TEXT\";s:1:\"N\";s:17:\"DISPLAY_TOP_PAGER\";s:1:\"N\";s:10:\"FIELD_CODE\";a:5:{i:0;s:2:\"ID\";i:1;s:4:\"NAME\";i:2;s:4:\"SORT\";i:3;s:11:\"DETAIL_TEXT\";i:4;s:0:\"\";}s:11:\"FILTER_NAME\";s:0:\"\";s:24:\"HIDE_LINK_WHEN_NO_DETAIL\";s:1:\"N\";s:9:\"IBLOCK_ID\";s:2:\"24\";s:11:\"IBLOCK_TYPE\";s:6:\"prices\";s:25:\"INCLUDE_IBLOCK_INTO_CHAIN\";s:1:\"N\";s:19:\"INCLUDE_SUBSECTIONS\";s:1:\"Y\";s:11:\"MESSAGE_404\";s:0:\"\";s:10:\"NEWS_COUNT\";s:5:\"20000\";s:22:\"PAGER_BASE_LINK_ENABLE\";s:1:\"N\";s:20:\"PAGER_DESC_NUMBERING\";s:1:\"N\";s:31:\"PAGER_DESC_NUMBERING_CACHE_TIME\";s:5:\"36000\";s:14:\"PAGER_SHOW_ALL\";s:1:\"N\";s:17:\"PAGER_SHOW_ALWAYS\";s:1:\"N\";s:14:\"PAGER_TEMPLATE\";s:8:\".default\";s:11:\"PAGER_TITLE\";s:14:\"Новости\";s:14:\"PARENT_SECTION\";s:3:\"105\";s:19:\"PARENT_SECTION_CODE\";s:0:\"\";s:20:\"PREVIEW_TRUNCATE_LEN\";s:0:\"\";s:13:\"PROPERTY_CODE\";a:3:{i:0;s:5:\"PRICE\";i:1;s:10:\"PRICE_TEXT\";i:2;s:0:\"\";}s:17:\"SET_BROWSER_TITLE\";s:1:\"N\";s:17:\"SET_LAST_MODIFIED\";s:1:\"N\";s:20:\"SET_META_DESCRIPTION\";s:1:\"N\";s:17:\"SET_META_KEYWORDS\";s:1:\"N\";s:14:\"SET_STATUS_404\";s:1:\"N\";s:9:\"SET_TITLE\";s:1:\"N\";s:8:\"SHOW_404\";s:1:\"N\";s:8:\"SORT_BY1\";s:4:\"SORT\";s:8:\"SORT_BY2\";s:4:\"SORT\";s:11:\"SORT_ORDER1\";s:3:\"ASC\";s:11:\"SORT_ORDER2\";s:3:\"ASC\";s:20:\"STRICT_SECTION_CHECK\";s:1:\"N\";}'),
(749, 's1', 'bitrix:breadcrumb', 'breadcrumb_catalog', '/local/components/ttepla/catalog.detail/templates/.default/template.php', 'N', NULL, 277, 686, 'a:3:{s:10:\"START_FROM\";s:1:\"0\";s:4:\"PATH\";s:0:\"\";s:7:\"SITE_ID\";s:2:\"s1\";}'),
(797, 's1', 'arteast.digital:shoplist', '.default', '/shoplist-new/index.php', 'N', NULL, 96, 319, 'a:4:{s:18:\"COMPONENT_TEMPLATE\";s:8:\".default\";s:11:\"IBLOCK_TYPE\";s:10:\"1c_catalog\";s:9:\"IBLOCK_ID\";s:2:\"11\";s:5:\"TITLE\";s:31:\"Подборка товаров\";}'),
(800, 's1', 'bitrix:news.list', 'sliderOnMainNew', '/index.php', 'N', NULL, 419, 2102, 'a:52:{s:18:\"ACTIVE_DATE_FORMAT\";s:5:\"d.m.Y\";s:18:\"ADD_SECTIONS_CHAIN\";s:1:\"N\";s:9:\"AJAX_MODE\";s:1:\"N\";s:22:\"AJAX_OPTION_ADDITIONAL\";s:0:\"\";s:19:\"AJAX_OPTION_HISTORY\";s:1:\"N\";s:16:\"AJAX_OPTION_JUMP\";s:1:\"N\";s:17:\"AJAX_OPTION_STYLE\";s:1:\"Y\";s:12:\"CACHE_FILTER\";s:1:\"N\";s:12:\"CACHE_GROUPS\";s:1:\"Y\";s:10:\"CACHE_TIME\";s:8:\"36000000\";s:10:\"CACHE_TYPE\";s:1:\"A\";s:11:\"CHECK_DATES\";s:1:\"Y\";s:18:\"COMPONENT_TEMPLATE\";s:15:\"sliderOnMainNew\";s:10:\"DETAIL_URL\";s:0:\"\";s:20:\"DISPLAY_BOTTOM_PAGER\";s:1:\"N\";s:12:\"DISPLAY_DATE\";s:1:\"Y\";s:12:\"DISPLAY_NAME\";s:1:\"Y\";s:15:\"DISPLAY_PICTURE\";s:1:\"Y\";s:20:\"DISPLAY_PREVIEW_TEXT\";s:1:\"Y\";s:17:\"DISPLAY_TOP_PAGER\";s:1:\"N\";s:10:\"FIELD_CODE\";a:2:{i:0;s:14:\"DETAIL_PICTURE\";i:1;s:0:\"\";}s:11:\"FILTER_NAME\";s:0:\"\";s:24:\"HIDE_LINK_WHEN_NO_DETAIL\";s:1:\"N\";s:9:\"IBLOCK_ID\";s:1:\"6\";s:11:\"IBLOCK_TYPE\";s:10:\"mainslider\";s:25:\"INCLUDE_IBLOCK_INTO_CHAIN\";s:1:\"N\";s:19:\"INCLUDE_SUBSECTIONS\";s:1:\"Y\";s:11:\"MESSAGE_404\";s:0:\"\";s:10:\"NEWS_COUNT\";s:2:\"20\";s:22:\"PAGER_BASE_LINK_ENABLE\";s:1:\"N\";s:20:\"PAGER_DESC_NUMBERING\";s:1:\"N\";s:31:\"PAGER_DESC_NUMBERING_CACHE_TIME\";s:5:\"36000\";s:14:\"PAGER_SHOW_ALL\";s:1:\"N\";s:17:\"PAGER_SHOW_ALWAYS\";s:1:\"N\";s:14:\"PAGER_TEMPLATE\";s:8:\".default\";s:11:\"PAGER_TITLE\";s:14:\"Новости\";s:14:\"PARENT_SECTION\";s:0:\"\";s:19:\"PARENT_SECTION_CODE\";s:0:\"\";s:20:\"PREVIEW_TRUNCATE_LEN\";s:0:\"\";s:13:\"PROPERTY_CODE\";a:4:{i:0;s:9:\"some_link\";i:1;s:5:\"price\";i:2;s:11:\"SLIDER_LINK\";i:3;s:0:\"\";}s:17:\"SET_BROWSER_TITLE\";s:1:\"N\";s:17:\"SET_LAST_MODIFIED\";s:1:\"N\";s:20:\"SET_META_DESCRIPTION\";s:1:\"N\";s:17:\"SET_META_KEYWORDS\";s:1:\"N\";s:14:\"SET_STATUS_404\";s:1:\"N\";s:9:\"SET_TITLE\";s:1:\"N\";s:8:\"SHOW_404\";s:1:\"N\";s:8:\"SORT_BY1\";s:4:\"SORT\";s:8:\"SORT_BY2\";s:4:\"SORT\";s:11:\"SORT_ORDER1\";s:4:\"DESC\";s:11:\"SORT_ORDER2\";s:3:\"ASC\";s:20:\"STRICT_SECTION_CHECK\";s:1:\"N\";}'),
(803, 's1', 'service:form', 'add-register', '/local/components/service/register/templates/.default/template.php', 'N', NULL, 32025, 32088, 's:0:\"\";'),
(804, 's1', 'bitrix:news.list', 'regular_tarifs', '/tariffs/tarify-na-regulyarnoe-obsluzhivanie/index.php', 'N', NULL, 835, 3445, 'a:51:{s:18:\"ACTIVE_DATE_FORMAT\";s:5:\"d.m.Y\";s:18:\"ADD_SECTIONS_CHAIN\";s:1:\"N\";s:9:\"AJAX_MODE\";s:1:\"N\";s:22:\"AJAX_OPTION_ADDITIONAL\";s:0:\"\";s:19:\"AJAX_OPTION_HISTORY\";s:1:\"N\";s:16:\"AJAX_OPTION_JUMP\";s:1:\"N\";s:17:\"AJAX_OPTION_STYLE\";s:1:\"Y\";s:12:\"CACHE_FILTER\";s:1:\"N\";s:12:\"CACHE_GROUPS\";s:1:\"Y\";s:10:\"CACHE_TIME\";s:8:\"36000000\";s:10:\"CACHE_TYPE\";s:1:\"A\";s:11:\"CHECK_DATES\";s:1:\"Y\";s:10:\"DETAIL_URL\";s:0:\"\";s:20:\"DISPLAY_BOTTOM_PAGER\";s:1:\"N\";s:12:\"DISPLAY_DATE\";s:1:\"N\";s:12:\"DISPLAY_NAME\";s:1:\"Y\";s:15:\"DISPLAY_PICTURE\";s:1:\"N\";s:20:\"DISPLAY_PREVIEW_TEXT\";s:1:\"N\";s:17:\"DISPLAY_TOP_PAGER\";s:1:\"N\";s:10:\"FIELD_CODE\";a:5:{i:0;s:2:\"ID\";i:1;s:4:\"NAME\";i:2;s:4:\"SORT\";i:3;s:11:\"DETAIL_TEXT\";i:4;s:0:\"\";}s:11:\"FILTER_NAME\";s:0:\"\";s:24:\"HIDE_LINK_WHEN_NO_DETAIL\";s:1:\"N\";s:9:\"IBLOCK_ID\";s:2:\"23\";s:11:\"IBLOCK_TYPE\";s:6:\"prices\";s:25:\"INCLUDE_IBLOCK_INTO_CHAIN\";s:1:\"N\";s:19:\"INCLUDE_SUBSECTIONS\";s:1:\"Y\";s:11:\"MESSAGE_404\";s:0:\"\";s:10:\"NEWS_COUNT\";s:2:\"20\";s:22:\"PAGER_BASE_LINK_ENABLE\";s:1:\"N\";s:20:\"PAGER_DESC_NUMBERING\";s:1:\"N\";s:31:\"PAGER_DESC_NUMBERING_CACHE_TIME\";s:5:\"36000\";s:14:\"PAGER_SHOW_ALL\";s:1:\"N\";s:17:\"PAGER_SHOW_ALWAYS\";s:1:\"N\";s:14:\"PAGER_TEMPLATE\";s:8:\".default\";s:11:\"PAGER_TITLE\";s:14:\"Новости\";s:14:\"PARENT_SECTION\";s:0:\"\";s:19:\"PARENT_SECTION_CODE\";s:0:\"\";s:20:\"PREVIEW_TRUNCATE_LEN\";s:0:\"\";s:13:\"PROPERTY_CODE\";a:3:{i:0;s:5:\"PRICE\";i:1;s:8:\"INCLUDES\";i:2;s:0:\"\";}s:17:\"SET_BROWSER_TITLE\";s:1:\"N\";s:17:\"SET_LAST_MODIFIED\";s:1:\"N\";s:20:\"SET_META_DESCRIPTION\";s:1:\"Y\";s:17:\"SET_META_KEYWORDS\";s:1:\"N\";s:14:\"SET_STATUS_404\";s:1:\"N\";s:9:\"SET_TITLE\";s:1:\"N\";s:8:\"SHOW_404\";s:1:\"N\";s:8:\"SORT_BY1\";s:4:\"SORT\";s:8:\"SORT_BY2\";s:4:\"SORT\";s:11:\"SORT_ORDER1\";s:3:\"ASC\";s:11:\"SORT_ORDER2\";s:3:\"ASC\";s:20:\"STRICT_SECTION_CHECK\";s:1:\"N\";}');
-- -----------------------------------
-- Dumping table b_composite_log
-- -----------------------------------
